{"id":16945,"date":"2024-05-14T09:01:13","date_gmt":"2024-05-14T09:01:13","guid":{"rendered":"https:\/\/nomesvending.com\/web\/?page_id=16945"},"modified":"2024-06-25T07:33:15","modified_gmt":"2024-06-25T07:33:15","slug":"tratamiento-de-agua","status":"publish","type":"page","link":"https:\/\/nomesvending.com\/web\/tratamiento-de-agua\/","title":{"rendered":"Tratamiento de agua"},"content":{"rendered":"\n<div style=\"height:50px\" aria-hidden=\"true\" class=\"wp-block-spacer\"><\/div>\n\n\n\n<div class=\"wp-block-columns alignwide is-layout-flex wp-container-core-columns-is-layout-28f84493 wp-block-columns-is-layout-flex\">\n<div class=\"wp-block-column is-vertically-aligned-stretch is-layout-flow wp-block-column-is-layout-flow\">\n<figure class=\"wp-block-image aligncenter size-full is-resized\"><img fetchpriority=\"high\" decoding=\"async\" width=\"557\" height=\"500\" src=\"https:\/\/nomesvending.com\/web\/wp-content\/uploads\/2024\/05\/Capcal-QL3B.jpg\" alt=\"\" class=\"wp-image-17071\" style=\"width:auto;height:200px\" srcset=\"https:\/\/nomesvending.com\/web\/wp-content\/uploads\/2024\/05\/Capcal-QL3B.jpg 557w, https:\/\/nomesvending.com\/web\/wp-content\/uploads\/2024\/05\/Capcal-QL3B-300x269.jpg 300w\" sizes=\"(max-width: 557px) 100vw, 557px\" \/><\/figure>\n\n\n\n<p class=\"has-text-align-center\">Cabezal<\/p>\n\n\n\n<div class=\"wp-block-file aligncenter\"><a id=\"wp-block-file--media-1ac721ec-c0ca-4702-9b45-ecbe7ecf0570\" href=\"https:\/\/nomesvending.com\/web\/wp-content\/uploads\/2024\/05\/QL3B.pdf\" target=\"_blank\" rel=\"noreferrer noopener\">QL3B<\/a><a href=\"https:\/\/nomesvending.com\/web\/wp-content\/uploads\/2024\/05\/QL3B.pdf\" class=\"wp-block-file__button wp-element-button\" download aria-describedby=\"wp-block-file--media-1ac721ec-c0ca-4702-9b45-ecbe7ecf0570\">Descarga<\/a><\/div>\n\n\n\n<div style=\"height:25px\" aria-hidden=\"true\" class=\"wp-block-spacer\"><\/div>\n<\/div>\n\n\n\n<div class=\"wp-block-column is-vertically-aligned-stretch is-layout-flow wp-block-column-is-layout-flow\">\n<figure class=\"wp-block-image aligncenter size-full is-resized\"><img decoding=\"async\" width=\"138\" height=\"400\" src=\"https:\/\/nomesvending.com\/web\/wp-content\/uploads\/2024\/05\/OCS2.jpg\" alt=\"\" class=\"wp-image-17073\" style=\"width:auto;height:200px\" srcset=\"https:\/\/nomesvending.com\/web\/wp-content\/uploads\/2024\/05\/OCS2.jpg 138w, https:\/\/nomesvending.com\/web\/wp-content\/uploads\/2024\/05\/OCS2-104x300.jpg 104w\" sizes=\"(max-width: 138px) 100vw, 138px\" \/><\/figure>\n\n\n\n<p class=\"has-text-align-center\">Cal Sabor Olor<\/p>\n\n\n\n<div class=\"wp-block-file aligncenter\"><a id=\"wp-block-file--media-f1950369-64ae-442c-aafa-1338728f320c\" href=\"https:\/\/nomesvending.com\/web\/wp-content\/uploads\/2024\/05\/OCS2.pdf\" target=\"_blank\" rel=\"noreferrer noopener\">OCS2<\/a><a href=\"https:\/\/nomesvending.com\/web\/wp-content\/uploads\/2024\/05\/OCS2.pdf\" class=\"wp-block-file__button wp-element-button\" download aria-describedby=\"wp-block-file--media-f1950369-64ae-442c-aafa-1338728f320c\">Descarga<\/a><\/div>\n\n\n\n<div style=\"height:25px\" aria-hidden=\"true\" class=\"wp-block-spacer\"><\/div>\n<\/div>\n\n\n\n<div class=\"wp-block-column is-vertically-aligned-stretch is-layout-flow wp-block-column-is-layout-flow\">\n<figure class=\"wp-block-image aligncenter size-full is-resized\"><img decoding=\"async\" width=\"106\" height=\"338\" src=\"https:\/\/nomesvending.com\/web\/wp-content\/uploads\/2024\/05\/BH2.jpg\" alt=\"\" class=\"wp-image-17075\" style=\"width:auto;height:200px\" srcset=\"https:\/\/nomesvending.com\/web\/wp-content\/uploads\/2024\/05\/BH2.jpg 106w, https:\/\/nomesvending.com\/web\/wp-content\/uploads\/2024\/05\/BH2-94x300.jpg 94w\" sizes=\"(max-width: 106px) 100vw, 106px\" \/><\/figure>\n\n\n\n<p class=\"has-text-align-center\">Cal Sabor Olor<\/p>\n\n\n\n<div class=\"wp-block-file aligncenter\"><a id=\"wp-block-file--media-1592f191-928e-4f06-b4bf-d8d5f2fd1f90\" href=\"https:\/\/nomesvending.com\/web\/wp-content\/uploads\/2024\/05\/BH2.pdf\" target=\"_blank\" rel=\"noreferrer noopener\">BH2<\/a><a href=\"https:\/\/nomesvending.com\/web\/wp-content\/uploads\/2024\/05\/BH2.pdf\" class=\"wp-block-file__button wp-element-button\" download aria-describedby=\"wp-block-file--media-1592f191-928e-4f06-b4bf-d8d5f2fd1f90\">Descarga<\/a><\/div>\n\n\n\n<div style=\"height:25px\" aria-hidden=\"true\" class=\"wp-block-spacer\"><\/div>\n<\/div>\n\n\n\n<div class=\"wp-block-column is-vertically-aligned-stretch is-layout-flow wp-block-column-is-layout-flow\">\n<figure class=\"wp-block-image aligncenter size-full is-resized\"><img loading=\"lazy\" decoding=\"async\" width=\"114\" height=\"425\" src=\"https:\/\/nomesvending.com\/web\/wp-content\/uploads\/2024\/05\/MH2.jpg\" alt=\"\" class=\"wp-image-17077\" style=\"width:auto;height:200px\"\/><\/figure>\n\n\n\n<p class=\"has-text-align-center\">Cal Sabor Olor<\/p>\n\n\n\n<div class=\"wp-block-file aligncenter\"><a id=\"wp-block-file--media-c3f30d42-2090-419a-9d2f-547ebbd7c7a8\" href=\"https:\/\/nomesvending.com\/web\/wp-content\/uploads\/2024\/05\/MH2.pdf\" target=\"_blank\" rel=\"noreferrer noopener\">MH2<\/a><a href=\"https:\/\/nomesvending.com\/web\/wp-content\/uploads\/2024\/05\/MH2.pdf\" class=\"wp-block-file__button wp-element-button\" download aria-describedby=\"wp-block-file--media-c3f30d42-2090-419a-9d2f-547ebbd7c7a8\">Descarga<\/a><\/div>\n\n\n\n<div style=\"height:25px\" aria-hidden=\"true\" class=\"wp-block-spacer\"><\/div>\n<\/div>\n\n\n\n<div class=\"wp-block-column is-vertically-aligned-stretch is-layout-flow wp-block-column-is-layout-flow\">\n<figure class=\"wp-block-image aligncenter size-full is-resized\"><img loading=\"lazy\" decoding=\"async\" width=\"510\" height=\"625\" src=\"https:\/\/nomesvending.com\/web\/wp-content\/uploads\/2024\/05\/Sabor-i-olor-bacteries-terres-MC2.jpg\" alt=\"\" class=\"wp-image-17079\" style=\"width:auto;height:200px\" srcset=\"https:\/\/nomesvending.com\/web\/wp-content\/uploads\/2024\/05\/Sabor-i-olor-bacteries-terres-MC2.jpg 510w, https:\/\/nomesvending.com\/web\/wp-content\/uploads\/2024\/05\/Sabor-i-olor-bacteries-terres-MC2-300x368.jpg 300w, https:\/\/nomesvending.com\/web\/wp-content\/uploads\/2024\/05\/Sabor-i-olor-bacteries-terres-MC2-245x300.jpg 245w\" sizes=\"(max-width: 510px) 100vw, 510px\" \/><\/figure>\n\n\n\n<p class=\"has-text-align-center\">Sabor Olor Bacterias Tierras<\/p>\n\n\n\n<div class=\"wp-block-file aligncenter\"><a id=\"wp-block-file--media-1152593d-d611-4274-8aa5-aff3a8d871d1\" href=\"https:\/\/nomesvending.com\/web\/wp-content\/uploads\/2024\/05\/MC2.pdf\" target=\"_blank\" rel=\"noreferrer noopener\">MC2<\/a><a href=\"https:\/\/nomesvending.com\/web\/wp-content\/uploads\/2024\/05\/MC2.pdf\" class=\"wp-block-file__button wp-element-button\" download aria-describedby=\"wp-block-file--media-1152593d-d611-4274-8aa5-aff3a8d871d1\">Descarga<\/a><\/div>\n\n\n\n<div style=\"height:25px\" aria-hidden=\"true\" class=\"wp-block-spacer\"><\/div>\n<\/div>\n<\/div>\n\n\n\n<div class=\"wp-block-columns alignwide is-layout-flex wp-container-core-columns-is-layout-28f84493 wp-block-columns-is-layout-flex\">\n<div class=\"wp-block-column is-vertically-aligned-stretch is-layout-flow wp-block-column-is-layout-flow\">\n<figure class=\"wp-block-image aligncenter size-full is-resized\"><img loading=\"lazy\" decoding=\"async\" width=\"625\" height=\"625\" src=\"https:\/\/nomesvending.com\/web\/wp-content\/uploads\/2024\/05\/2CB5.jpg\" alt=\"\" class=\"wp-image-17081\" style=\"width:auto;height:200px\" srcset=\"https:\/\/nomesvending.com\/web\/wp-content\/uploads\/2024\/05\/2CB5.jpg 625w, https:\/\/nomesvending.com\/web\/wp-content\/uploads\/2024\/05\/2CB5-300x300.jpg 300w, https:\/\/nomesvending.com\/web\/wp-content\/uploads\/2024\/05\/2CB5-100x100.jpg 100w, https:\/\/nomesvending.com\/web\/wp-content\/uploads\/2024\/05\/2CB5-150x150.jpg 150w\" sizes=\"(max-width: 625px) 100vw, 625px\" \/><\/figure>\n\n\n\n<p class=\"has-text-align-center\">Sabor Olor Tierras<\/p>\n\n\n\n<div class=\"wp-block-file aligncenter\"><a id=\"wp-block-file--media-47a84ee0-1dda-40d3-b66b-58db7886b739\" href=\"https:\/\/nomesvending.com\/web\/wp-content\/uploads\/2024\/05\/2CB5.pdf\" target=\"_blank\" rel=\"noreferrer noopener\">2CB5<\/a><a href=\"https:\/\/nomesvending.com\/web\/wp-content\/uploads\/2024\/05\/2CB5.pdf\" class=\"wp-block-file__button wp-element-button\" download aria-describedby=\"wp-block-file--media-47a84ee0-1dda-40d3-b66b-58db7886b739\">Descarga<\/a><\/div>\n\n\n\n<div style=\"height:25px\" aria-hidden=\"true\" class=\"wp-block-spacer\"><\/div>\n<\/div>\n\n\n\n<div class=\"wp-block-column is-vertically-aligned-stretch is-layout-flow wp-block-column-is-layout-flow\">\n<figure class=\"wp-block-image aligncenter size-full is-resized\"><img loading=\"lazy\" decoding=\"async\" width=\"441\" height=\"400\" src=\"https:\/\/nomesvending.com\/web\/wp-content\/uploads\/2024\/05\/Gamma-ultra2.jpg\" alt=\"\" class=\"wp-image-17083\" style=\"width:auto;height:200px\" srcset=\"https:\/\/nomesvending.com\/web\/wp-content\/uploads\/2024\/05\/Gamma-ultra2.jpg 441w, https:\/\/nomesvending.com\/web\/wp-content\/uploads\/2024\/05\/Gamma-ultra2-300x272.jpg 300w\" sizes=\"(max-width: 441px) 100vw, 441px\" \/><\/figure>\n\n\n\n<p class=\"has-text-align-center\">Gamma ultra<\/p>\n\n\n\n<div class=\"wp-block-file aligncenter\"><a id=\"wp-block-file--media-4d2c24a3-12f7-45c2-b8da-3d405e1f123f\" href=\"https:\/\/nomesvending.com\/web\/wp-content\/uploads\/2024\/05\/gammaultra.pdf\" target=\"_blank\" rel=\"noreferrer noopener\">gammaultra<\/a><a href=\"https:\/\/nomesvending.com\/web\/wp-content\/uploads\/2024\/05\/gammaultra.pdf\" class=\"wp-block-file__button wp-element-button\" download aria-describedby=\"wp-block-file--media-4d2c24a3-12f7-45c2-b8da-3d405e1f123f\">Descarga<\/a><\/div>\n\n\n\n<div style=\"height:25px\" aria-hidden=\"true\" class=\"wp-block-spacer\"><\/div>\n<\/div>\n\n\n\n<div class=\"wp-block-column is-vertically-aligned-stretch is-layout-flow wp-block-column-is-layout-flow\">\n<figure class=\"wp-block-image aligncenter size-full is-resized\"><img loading=\"lazy\" decoding=\"async\" width=\"111\" height=\"485\" src=\"https:\/\/nomesvending.com\/web\/wp-content\/uploads\/2024\/05\/i500.jpg\" alt=\"\" class=\"wp-image-17085\" style=\"width:auto;height:200px\" srcset=\"https:\/\/nomesvending.com\/web\/wp-content\/uploads\/2024\/05\/i500.jpg 111w, https:\/\/nomesvending.com\/web\/wp-content\/uploads\/2024\/05\/i500-69x300.jpg 69w\" sizes=\"(max-width: 111px) 100vw, 111px\" \/><\/figure>\n\n\n\n<p class=\"has-text-align-center\">M\u00e1quinas gel<\/p>\n\n\n\n<div class=\"wp-block-file aligncenter\"><a id=\"wp-block-file--media-c38b7d2b-f36c-4687-83bb-40fd6b9e59a3\" href=\"https:\/\/nomesvending.com\/web\/wp-content\/uploads\/2024\/05\/i5002.pdf\" target=\"_blank\" rel=\"noreferrer noopener\">i5002<\/a><a href=\"https:\/\/nomesvending.com\/web\/wp-content\/uploads\/2024\/05\/i5002.pdf\" class=\"wp-block-file__button wp-element-button\" download aria-describedby=\"wp-block-file--media-c38b7d2b-f36c-4687-83bb-40fd6b9e59a3\">Descarga<\/a><\/div>\n\n\n\n<div style=\"height:25px\" aria-hidden=\"true\" class=\"wp-block-spacer\"><\/div>\n<\/div>\n\n\n\n<div class=\"wp-block-column is-vertically-aligned-stretch is-layout-flow wp-block-column-is-layout-flow\">\n<figure class=\"wp-block-image aligncenter size-full is-resized\"><img loading=\"lazy\" decoding=\"async\" width=\"122\" height=\"625\" src=\"https:\/\/nomesvending.com\/web\/wp-content\/uploads\/2024\/05\/i2000.jpg\" alt=\"\" class=\"wp-image-17087\" style=\"width:auto;height:200px\"\/><\/figure>\n\n\n\n<p class=\"has-text-align-center\">M\u00e1quinas gel<\/p>\n\n\n\n<div class=\"wp-block-file aligncenter\"><a id=\"wp-block-file--media-741586a3-f541-4d44-a528-52389fbb77ae\" href=\"https:\/\/nomesvending.com\/web\/wp-content\/uploads\/2024\/05\/i20002.pdf\" target=\"_blank\" rel=\"noreferrer noopener\">i20002<\/a><a href=\"https:\/\/nomesvending.com\/web\/wp-content\/uploads\/2024\/05\/i20002.pdf\" class=\"wp-block-file__button wp-element-button\" download aria-describedby=\"wp-block-file--media-741586a3-f541-4d44-a528-52389fbb77ae\">Descarga<\/a><\/div>\n\n\n\n<div style=\"height:25px\" aria-hidden=\"true\" class=\"wp-block-spacer\"><\/div>\n<\/div>\n\n\n\n<div class=\"wp-block-column is-vertically-aligned-stretch is-layout-flow wp-block-column-is-layout-flow\">\n<figure class=\"wp-block-image aligncenter size-full is-resized\"><img loading=\"lazy\" decoding=\"async\" width=\"145\" height=\"625\" src=\"https:\/\/nomesvending.com\/web\/wp-content\/uploads\/2024\/05\/i4000.jpg\" alt=\"\" class=\"wp-image-17089\" style=\"width:auto;height:200px\"\/><\/figure>\n\n\n\n<p class=\"has-text-align-center\">M\u00e1quinas gel<\/p>\n\n\n\n<div class=\"wp-block-file aligncenter\"><a id=\"wp-block-file--media-064eaea9-fac0-4dc9-84ff-9744c7653909\" href=\"https:\/\/nomesvending.com\/web\/wp-content\/uploads\/2024\/05\/i40002.pdf\" target=\"_blank\" rel=\"noreferrer noopener\">i40002<\/a><a href=\"https:\/\/nomesvending.com\/web\/wp-content\/uploads\/2024\/05\/i40002.pdf\" class=\"wp-block-file__button wp-element-button\" download aria-describedby=\"wp-block-file--media-064eaea9-fac0-4dc9-84ff-9744c7653909\">Descarga<\/a><\/div>\n\n\n\n<div style=\"height:25px\" aria-hidden=\"true\" class=\"wp-block-spacer\"><\/div>\n<\/div>\n<\/div>\n\n\n\n<div style=\"height:50px\" aria-hidden=\"true\" class=\"wp-block-spacer\"><\/div>\n","protected":false},"excerpt":{"rendered":"<p>Cabezal Cal Sabor Olor Cal Sabor Olor Cal Sabor Olor Sabor Olor Bacterias Tierras Sabor Olor Tierras Gamma ultra M\u00e1quinas gel M\u00e1quinas gel M\u00e1quinas gel<\/p>\n","protected":false},"author":1,"featured_media":18181,"parent":0,"menu_order":0,"comment_status":"closed","ping_status":"closed","template":"","meta":{"footnotes":""},"class_list":["post-16945","page","type-page","status-publish","has-post-thumbnail","hentry"],"yoast_head":"<!-- This site is optimized with the Yoast SEO plugin v27.0 - https:\/\/yoast.com\/product\/yoast-seo-wordpress\/ -->\n<title>Tratamiento de agua - Nomesvending<\/title>\n<meta name=\"robots\" content=\"index, follow, max-snippet:-1, max-image-preview:large, max-video-preview:-1\" \/>\n<link rel=\"canonical\" href=\"https:\/\/nomesvending.com\/web\/tratamiento-de-agua\/\" \/>\n<meta property=\"og:locale\" content=\"es_ES\" \/>\n<meta property=\"og:type\" content=\"article\" \/>\n<meta property=\"og:title\" content=\"Tratamiento de agua - Nomesvending\" \/>\n<meta property=\"og:description\" content=\"Cabezal Cal Sabor Olor Cal Sabor Olor Cal Sabor Olor Sabor Olor Bacterias Tierras Sabor Olor Tierras Gamma ultra M\u00e1quinas gel M\u00e1quinas gel M\u00e1quinas gel\" \/>\n<meta property=\"og:url\" content=\"https:\/\/nomesvending.com\/web\/tratamiento-de-agua\/\" \/>\n<meta property=\"og:site_name\" content=\"Nomesvending\" \/>\n<meta property=\"article:publisher\" content=\"https:\/\/www.facebook.com\/NomesVending\/\" \/>\n<meta property=\"article:modified_time\" content=\"2024-06-25T07:33:15+00:00\" \/>\n<meta property=\"og:image\" content=\"https:\/\/nomesvending.com\/web\/wp-content\/uploads\/2024\/06\/BANNER-AGUA.jpg\" \/>\n\t<meta property=\"og:image:width\" content=\"1920\" \/>\n\t<meta property=\"og:image:height\" content=\"400\" \/>\n\t<meta property=\"og:image:type\" content=\"image\/jpeg\" \/>\n<meta name=\"twitter:card\" content=\"summary_large_image\" \/>\n<script type=\"application\/ld+json\" class=\"yoast-schema-graph\">{\"@context\":\"https:\/\/schema.org\",\"@graph\":[{\"@type\":\"WebPage\",\"@id\":\"https:\/\/nomesvending.com\/web\/tratamiento-de-agua\/\",\"url\":\"https:\/\/nomesvending.com\/web\/tratamiento-de-agua\/\",\"name\":\"Tratamiento de agua - Nomesvending\",\"isPartOf\":{\"@id\":\"https:\/\/nomesvending.com\/web\/#website\"},\"primaryImageOfPage\":{\"@id\":\"https:\/\/nomesvending.com\/web\/tratamiento-de-agua\/#primaryimage\"},\"image\":{\"@id\":\"https:\/\/nomesvending.com\/web\/tratamiento-de-agua\/#primaryimage\"},\"thumbnailUrl\":\"https:\/\/nomesvending.com\/web\/wp-content\/uploads\/2024\/06\/BANNER-AGUA.jpg\",\"datePublished\":\"2024-05-14T09:01:13+00:00\",\"dateModified\":\"2024-06-25T07:33:15+00:00\",\"breadcrumb\":{\"@id\":\"https:\/\/nomesvending.com\/web\/tratamiento-de-agua\/#breadcrumb\"},\"inLanguage\":\"es\",\"potentialAction\":[{\"@type\":\"ReadAction\",\"target\":[\"https:\/\/nomesvending.com\/web\/tratamiento-de-agua\/\"]}]},{\"@type\":\"ImageObject\",\"inLanguage\":\"es\",\"@id\":\"https:\/\/nomesvending.com\/web\/tratamiento-de-agua\/#primaryimage\",\"url\":\"https:\/\/nomesvending.com\/web\/wp-content\/uploads\/2024\/06\/BANNER-AGUA.jpg\",\"contentUrl\":\"https:\/\/nomesvending.com\/web\/wp-content\/uploads\/2024\/06\/BANNER-AGUA.jpg\",\"width\":1920,\"height\":400},{\"@type\":\"BreadcrumbList\",\"@id\":\"https:\/\/nomesvending.com\/web\/tratamiento-de-agua\/#breadcrumb\",\"itemListElement\":[{\"@type\":\"ListItem\",\"position\":1,\"name\":\"Portada\",\"item\":\"https:\/\/nomesvending.com\/web\/\"},{\"@type\":\"ListItem\",\"position\":2,\"name\":\"Tratamiento de agua\"}]},{\"@type\":\"WebSite\",\"@id\":\"https:\/\/nomesvending.com\/web\/#website\",\"url\":\"https:\/\/nomesvending.com\/web\/\",\"name\":\"Nom\u00e9sVending\",\"description\":\"M\u00e1quinas, filtros, recambios, monederos, consumibles y todo lo que necesitas para el mundo del vending. Calidad y tecnolog\u00eda para tu negocio. \u00a1Descubre nuestras soluciones!\",\"publisher\":{\"@id\":\"https:\/\/nomesvending.com\/web\/#organization\"},\"potentialAction\":[{\"@type\":\"SearchAction\",\"target\":{\"@type\":\"EntryPoint\",\"urlTemplate\":\"https:\/\/nomesvending.com\/web\/?s={search_term_string}\"},\"query-input\":{\"@type\":\"PropertyValueSpecification\",\"valueRequired\":true,\"valueName\":\"search_term_string\"}}],\"inLanguage\":\"es\"},{\"@type\":\"Organization\",\"@id\":\"https:\/\/nomesvending.com\/web\/#organization\",\"name\":\"Nom\u00e9sVending\",\"url\":\"https:\/\/nomesvending.com\/web\/\",\"logo\":{\"@type\":\"ImageObject\",\"inLanguage\":\"es\",\"@id\":\"https:\/\/nomesvending.com\/web\/#\/schema\/logo\/image\/\",\"url\":\"https:\/\/nomesvending.com\/web\/wp-content\/uploads\/2026\/03\/Red-and-White-Modern-Vending-Machine-Services-Instagram-Post.png\",\"contentUrl\":\"https:\/\/nomesvending.com\/web\/wp-content\/uploads\/2026\/03\/Red-and-White-Modern-Vending-Machine-Services-Instagram-Post.png\",\"width\":1080,\"height\":1080,\"caption\":\"Nom\u00e9sVending\"},\"image\":{\"@id\":\"https:\/\/nomesvending.com\/web\/#\/schema\/logo\/image\/\"},\"sameAs\":[\"https:\/\/www.facebook.com\/NomesVending\/\",\"https:\/\/www.instagram.com\/nomesvending\/\"]}]}<\/script>\n<!-- \/ Yoast SEO plugin. -->","yoast_head_json":{"title":"Tratamiento de agua - Nomesvending","robots":{"index":"index","follow":"follow","max-snippet":"max-snippet:-1","max-image-preview":"max-image-preview:large","max-video-preview":"max-video-preview:-1"},"canonical":"https:\/\/nomesvending.com\/web\/tratamiento-de-agua\/","og_locale":"es_ES","og_type":"article","og_title":"Tratamiento de agua - Nomesvending","og_description":"Cabezal Cal Sabor Olor Cal Sabor Olor Cal Sabor Olor Sabor Olor Bacterias Tierras Sabor Olor Tierras Gamma ultra M\u00e1quinas gel M\u00e1quinas gel M\u00e1quinas gel","og_url":"https:\/\/nomesvending.com\/web\/tratamiento-de-agua\/","og_site_name":"Nomesvending","article_publisher":"https:\/\/www.facebook.com\/NomesVending\/","article_modified_time":"2024-06-25T07:33:15+00:00","og_image":[{"width":1920,"height":400,"url":"https:\/\/nomesvending.com\/web\/wp-content\/uploads\/2024\/06\/BANNER-AGUA.jpg","type":"image\/jpeg"}],"twitter_card":"summary_large_image","schema":{"@context":"https:\/\/schema.org","@graph":[{"@type":"WebPage","@id":"https:\/\/nomesvending.com\/web\/tratamiento-de-agua\/","url":"https:\/\/nomesvending.com\/web\/tratamiento-de-agua\/","name":"Tratamiento de agua - Nomesvending","isPartOf":{"@id":"https:\/\/nomesvending.com\/web\/#website"},"primaryImageOfPage":{"@id":"https:\/\/nomesvending.com\/web\/tratamiento-de-agua\/#primaryimage"},"image":{"@id":"https:\/\/nomesvending.com\/web\/tratamiento-de-agua\/#primaryimage"},"thumbnailUrl":"https:\/\/nomesvending.com\/web\/wp-content\/uploads\/2024\/06\/BANNER-AGUA.jpg","datePublished":"2024-05-14T09:01:13+00:00","dateModified":"2024-06-25T07:33:15+00:00","breadcrumb":{"@id":"https:\/\/nomesvending.com\/web\/tratamiento-de-agua\/#breadcrumb"},"inLanguage":"es","potentialAction":[{"@type":"ReadAction","target":["https:\/\/nomesvending.com\/web\/tratamiento-de-agua\/"]}]},{"@type":"ImageObject","inLanguage":"es","@id":"https:\/\/nomesvending.com\/web\/tratamiento-de-agua\/#primaryimage","url":"https:\/\/nomesvending.com\/web\/wp-content\/uploads\/2024\/06\/BANNER-AGUA.jpg","contentUrl":"https:\/\/nomesvending.com\/web\/wp-content\/uploads\/2024\/06\/BANNER-AGUA.jpg","width":1920,"height":400},{"@type":"BreadcrumbList","@id":"https:\/\/nomesvending.com\/web\/tratamiento-de-agua\/#breadcrumb","itemListElement":[{"@type":"ListItem","position":1,"name":"Portada","item":"https:\/\/nomesvending.com\/web\/"},{"@type":"ListItem","position":2,"name":"Tratamiento de agua"}]},{"@type":"WebSite","@id":"https:\/\/nomesvending.com\/web\/#website","url":"https:\/\/nomesvending.com\/web\/","name":"Nom\u00e9sVending","description":"M\u00e1quinas, filtros, recambios, monederos, consumibles y todo lo que necesitas para el mundo del vending. Calidad y tecnolog\u00eda para tu negocio. \u00a1Descubre nuestras soluciones!","publisher":{"@id":"https:\/\/nomesvending.com\/web\/#organization"},"potentialAction":[{"@type":"SearchAction","target":{"@type":"EntryPoint","urlTemplate":"https:\/\/nomesvending.com\/web\/?s={search_term_string}"},"query-input":{"@type":"PropertyValueSpecification","valueRequired":true,"valueName":"search_term_string"}}],"inLanguage":"es"},{"@type":"Organization","@id":"https:\/\/nomesvending.com\/web\/#organization","name":"Nom\u00e9sVending","url":"https:\/\/nomesvending.com\/web\/","logo":{"@type":"ImageObject","inLanguage":"es","@id":"https:\/\/nomesvending.com\/web\/#\/schema\/logo\/image\/","url":"https:\/\/nomesvending.com\/web\/wp-content\/uploads\/2026\/03\/Red-and-White-Modern-Vending-Machine-Services-Instagram-Post.png","contentUrl":"https:\/\/nomesvending.com\/web\/wp-content\/uploads\/2026\/03\/Red-and-White-Modern-Vending-Machine-Services-Instagram-Post.png","width":1080,"height":1080,"caption":"Nom\u00e9sVending"},"image":{"@id":"https:\/\/nomesvending.com\/web\/#\/schema\/logo\/image\/"},"sameAs":["https:\/\/www.facebook.com\/NomesVending\/","https:\/\/www.instagram.com\/nomesvending\/"]}]}},"_links":{"self":[{"href":"https:\/\/nomesvending.com\/web\/wp-json\/wp\/v2\/pages\/16945","targetHints":{"allow":["GET"]}}],"collection":[{"href":"https:\/\/nomesvending.com\/web\/wp-json\/wp\/v2\/pages"}],"about":[{"href":"https:\/\/nomesvending.com\/web\/wp-json\/wp\/v2\/types\/page"}],"author":[{"embeddable":true,"href":"https:\/\/nomesvending.com\/web\/wp-json\/wp\/v2\/users\/1"}],"replies":[{"embeddable":true,"href":"https:\/\/nomesvending.com\/web\/wp-json\/wp\/v2\/comments?post=16945"}],"version-history":[{"count":4,"href":"https:\/\/nomesvending.com\/web\/wp-json\/wp\/v2\/pages\/16945\/revisions"}],"predecessor-version":[{"id":17094,"href":"https:\/\/nomesvending.com\/web\/wp-json\/wp\/v2\/pages\/16945\/revisions\/17094"}],"wp:featuredmedia":[{"embeddable":true,"href":"https:\/\/nomesvending.com\/web\/wp-json\/wp\/v2\/media\/18181"}],"wp:attachment":[{"href":"https:\/\/nomesvending.com\/web\/wp-json\/wp\/v2\/media?parent=16945"}],"curies":[{"name":"wp","href":"https:\/\/api.w.org\/{rel}","templated":true}]}}