{"id":394,"date":"2024-05-02T15:08:14","date_gmt":"2024-05-02T15:08:14","guid":{"rendered":"https:\/\/nomesvending.com\/web\/?page_id=394"},"modified":"2025-01-20T14:44:43","modified_gmt":"2025-01-20T14:44:43","slug":"maquinas-vending","status":"publish","type":"page","link":"https:\/\/nomesvending.com\/web\/maquinas-vending\/","title":{"rendered":"M\u00e1quinas Vending"},"content":{"rendered":"\n<div style=\"height:50px\" aria-hidden=\"true\" class=\"wp-block-spacer\"><\/div>\n\n\n\n<div class=\"wp-block-columns alignwide is-layout-flex wp-container-core-columns-is-layout-28f84493 wp-block-columns-is-layout-flex\">\n<div class=\"wp-block-column is-vertically-aligned-stretch is-layout-flow wp-block-column-is-layout-flow\">\n<figure class=\"wp-block-image aligncenter size-full is-resized\"><img fetchpriority=\"high\" decoding=\"async\" width=\"1028\" height=\"1192\" src=\"https:\/\/nomesvending.com\/web\/wp-content\/uploads\/2024\/05\/Orchestra-Hero.png\" alt=\"\" class=\"wp-image-17186\" style=\"width:auto;height:200px\" srcset=\"https:\/\/nomesvending.com\/web\/wp-content\/uploads\/2024\/05\/Orchestra-Hero.png 1028w, https:\/\/nomesvending.com\/web\/wp-content\/uploads\/2024\/05\/Orchestra-Hero-300x348.png 300w, https:\/\/nomesvending.com\/web\/wp-content\/uploads\/2024\/05\/Orchestra-Hero-259x300.png 259w, https:\/\/nomesvending.com\/web\/wp-content\/uploads\/2024\/05\/Orchestra-Hero-883x1024.png 883w, https:\/\/nomesvending.com\/web\/wp-content\/uploads\/2024\/05\/Orchestra-Hero-768x891.png 768w\" sizes=\"(max-width: 1028px) 100vw, 1028px\" \/><\/figure>\n\n\n\n<div class=\"wp-block-file aligncenter\"><a id=\"wp-block-file--media-62d9508e-0021-48ff-8589-d6be0631410f\" href=\"https:\/\/nomesvending.com\/web\/wp-content\/uploads\/2024\/05\/ORCHESTA.pdf\" target=\"_blank\" rel=\"noreferrer noopener\">ORCHESTA<\/a><a href=\"https:\/\/nomesvending.com\/web\/wp-content\/uploads\/2024\/05\/ORCHESTA.pdf\" class=\"wp-block-file__button wp-element-button\" download aria-describedby=\"wp-block-file--media-62d9508e-0021-48ff-8589-d6be0631410f\">Descarga<\/a><\/div>\n\n\n\n<div style=\"height:25px\" aria-hidden=\"true\" class=\"wp-block-spacer\"><\/div>\n<\/div>\n\n\n\n<div class=\"wp-block-column is-vertically-aligned-stretch is-layout-flow wp-block-column-is-layout-flow\">\n<figure class=\"wp-block-image aligncenter size-full is-resized\"><img decoding=\"async\" width=\"1071\" height=\"1197\" src=\"https:\/\/nomesvending.com\/web\/wp-content\/uploads\/2024\/05\/Soprano-Hero-def.png\" alt=\"\" class=\"wp-image-17187\" style=\"width:auto;height:200px\" srcset=\"https:\/\/nomesvending.com\/web\/wp-content\/uploads\/2024\/05\/Soprano-Hero-def.png 1071w, https:\/\/nomesvending.com\/web\/wp-content\/uploads\/2024\/05\/Soprano-Hero-def-300x335.png 300w, https:\/\/nomesvending.com\/web\/wp-content\/uploads\/2024\/05\/Soprano-Hero-def-268x300.png 268w, https:\/\/nomesvending.com\/web\/wp-content\/uploads\/2024\/05\/Soprano-Hero-def-916x1024.png 916w, https:\/\/nomesvending.com\/web\/wp-content\/uploads\/2024\/05\/Soprano-Hero-def-768x858.png 768w\" sizes=\"(max-width: 1071px) 100vw, 1071px\" \/><\/figure>\n\n\n\n<div class=\"wp-block-file aligncenter\"><a id=\"wp-block-file--media-67c00fd3-35a4-486c-8aa9-a545f37cb16c\" href=\"https:\/\/nomesvending.com\/web\/wp-content\/uploads\/2024\/05\/SOPRANO.pdf\" target=\"_blank\" rel=\"noreferrer noopener\">SOPRANO<\/a><a href=\"https:\/\/nomesvending.com\/web\/wp-content\/uploads\/2024\/05\/SOPRANO.pdf\" class=\"wp-block-file__button wp-element-button\" download aria-describedby=\"wp-block-file--media-67c00fd3-35a4-486c-8aa9-a545f37cb16c\">Descarga<\/a><\/div>\n\n\n\n<div style=\"height:25px\" aria-hidden=\"true\" class=\"wp-block-spacer\"><\/div>\n<\/div>\n\n\n\n<div class=\"wp-block-column is-vertically-aligned-stretch is-layout-flow wp-block-column-is-layout-flow\">\n<figure class=\"wp-block-image aligncenter size-full is-resized\"><img decoding=\"async\" width=\"1029\" height=\"1192\" src=\"https:\/\/nomesvending.com\/web\/wp-content\/uploads\/2024\/05\/Swing-Header.png\" alt=\"\" class=\"wp-image-17188\" style=\"width:auto;height:200px\" srcset=\"https:\/\/nomesvending.com\/web\/wp-content\/uploads\/2024\/05\/Swing-Header.png 1029w, https:\/\/nomesvending.com\/web\/wp-content\/uploads\/2024\/05\/Swing-Header-300x348.png 300w, https:\/\/nomesvending.com\/web\/wp-content\/uploads\/2024\/05\/Swing-Header-259x300.png 259w, https:\/\/nomesvending.com\/web\/wp-content\/uploads\/2024\/05\/Swing-Header-884x1024.png 884w, https:\/\/nomesvending.com\/web\/wp-content\/uploads\/2024\/05\/Swing-Header-768x890.png 768w\" sizes=\"(max-width: 1029px) 100vw, 1029px\" \/><\/figure>\n\n\n\n<div class=\"wp-block-file aligncenter\"><a id=\"wp-block-file--media-96d07b27-bcb6-4ddc-b1ff-abf0815ece78\" href=\"https:\/\/nomesvending.com\/web\/wp-content\/uploads\/2024\/05\/SWING.pdf\" target=\"_blank\" rel=\"noreferrer noopener\">SWING<\/a><a href=\"https:\/\/nomesvending.com\/web\/wp-content\/uploads\/2024\/05\/SWING.pdf\" class=\"wp-block-file__button wp-element-button\" download aria-describedby=\"wp-block-file--media-96d07b27-bcb6-4ddc-b1ff-abf0815ece78\">Descarga<\/a><\/div>\n\n\n\n<div style=\"height:25px\" aria-hidden=\"true\" class=\"wp-block-spacer\"><\/div>\n<\/div>\n\n\n\n<div class=\"wp-block-column is-vertically-aligned-stretch is-layout-flow wp-block-column-is-layout-flow\">\n<figure class=\"wp-block-image aligncenter size-full is-resized\"><img loading=\"lazy\" decoding=\"async\" width=\"1024\" height=\"1192\" src=\"https:\/\/nomesvending.com\/web\/wp-content\/uploads\/2024\/05\/vivace-header.png\" alt=\"\" class=\"wp-image-17189\" style=\"width:auto;height:200px\" srcset=\"https:\/\/nomesvending.com\/web\/wp-content\/uploads\/2024\/05\/vivace-header.png 1024w, https:\/\/nomesvending.com\/web\/wp-content\/uploads\/2024\/05\/vivace-header-300x349.png 300w, https:\/\/nomesvending.com\/web\/wp-content\/uploads\/2024\/05\/vivace-header-258x300.png 258w, https:\/\/nomesvending.com\/web\/wp-content\/uploads\/2024\/05\/vivace-header-880x1024.png 880w, https:\/\/nomesvending.com\/web\/wp-content\/uploads\/2024\/05\/vivace-header-768x894.png 768w\" sizes=\"(max-width: 1024px) 100vw, 1024px\" \/><\/figure>\n\n\n\n<div class=\"wp-block-file aligncenter\"><a id=\"wp-block-file--media-fda0ee54-6a6d-4b64-9b15-1a103b0d84b0\" href=\"https:\/\/nomesvending.com\/web\/wp-content\/uploads\/2024\/05\/VIVACE.pdf\" target=\"_blank\" rel=\"noreferrer noopener\">VIVACE<\/a><a href=\"https:\/\/nomesvending.com\/web\/wp-content\/uploads\/2024\/05\/VIVACE.pdf\" class=\"wp-block-file__button wp-element-button\" download aria-describedby=\"wp-block-file--media-fda0ee54-6a6d-4b64-9b15-1a103b0d84b0\">Descarga<\/a><\/div>\n\n\n\n<div style=\"height:25px\" aria-hidden=\"true\" class=\"wp-block-spacer\"><\/div>\n<\/div>\n\n\n\n<div class=\"wp-block-column is-vertically-aligned-stretch is-layout-flow wp-block-column-is-layout-flow\">\n<figure class=\"wp-block-image aligncenter size-full is-resized\"><img loading=\"lazy\" decoding=\"async\" width=\"1027\" height=\"1192\" src=\"https:\/\/nomesvending.com\/web\/wp-content\/uploads\/2024\/05\/Hero-Brio-Touch-Shapes.png\" alt=\"\" class=\"wp-image-17190\" style=\"width:auto;height:200px\" srcset=\"https:\/\/nomesvending.com\/web\/wp-content\/uploads\/2024\/05\/Hero-Brio-Touch-Shapes.png 1027w, https:\/\/nomesvending.com\/web\/wp-content\/uploads\/2024\/05\/Hero-Brio-Touch-Shapes-300x348.png 300w, https:\/\/nomesvending.com\/web\/wp-content\/uploads\/2024\/05\/Hero-Brio-Touch-Shapes-258x300.png 258w, https:\/\/nomesvending.com\/web\/wp-content\/uploads\/2024\/05\/Hero-Brio-Touch-Shapes-882x1024.png 882w, https:\/\/nomesvending.com\/web\/wp-content\/uploads\/2024\/05\/Hero-Brio-Touch-Shapes-768x891.png 768w\" sizes=\"(max-width: 1027px) 100vw, 1027px\" \/><\/figure>\n\n\n\n<div class=\"wp-block-file aligncenter\"><a id=\"wp-block-file--media-434f6b95-d230-49e7-aefe-08d17703ea4f\" href=\"https:\/\/nomesvending.com\/web\/wp-content\/uploads\/2024\/05\/BRIO-TOUCH.pdf\" target=\"_blank\" rel=\"noreferrer noopener\">BRIO-TOUCH<\/a><a href=\"https:\/\/nomesvending.com\/web\/wp-content\/uploads\/2024\/05\/BRIO-TOUCH.pdf\" class=\"wp-block-file__button wp-element-button\" download aria-describedby=\"wp-block-file--media-434f6b95-d230-49e7-aefe-08d17703ea4f\">Descarga<\/a><\/div>\n\n\n\n<div style=\"height:25px\" aria-hidden=\"true\" class=\"wp-block-spacer\"><\/div>\n<\/div>\n<\/div>\n\n\n\n<div class=\"wp-block-columns alignwide is-layout-flex wp-container-core-columns-is-layout-28f84493 wp-block-columns-is-layout-flex\">\n<div class=\"wp-block-column is-vertically-aligned-stretch is-layout-flow wp-block-column-is-layout-flow\">\n<figure class=\"wp-block-image aligncenter size-full is-resized\"><img loading=\"lazy\" decoding=\"async\" width=\"1028\" height=\"1192\" src=\"https:\/\/nomesvending.com\/web\/wp-content\/uploads\/2024\/05\/Hero-Concerto-Touch-Shapes_0.png\" alt=\"\" class=\"wp-image-17191\" style=\"width:auto;height:200px\" srcset=\"https:\/\/nomesvending.com\/web\/wp-content\/uploads\/2024\/05\/Hero-Concerto-Touch-Shapes_0.png 1028w, https:\/\/nomesvending.com\/web\/wp-content\/uploads\/2024\/05\/Hero-Concerto-Touch-Shapes_0-300x348.png 300w, https:\/\/nomesvending.com\/web\/wp-content\/uploads\/2024\/05\/Hero-Concerto-Touch-Shapes_0-259x300.png 259w, https:\/\/nomesvending.com\/web\/wp-content\/uploads\/2024\/05\/Hero-Concerto-Touch-Shapes_0-883x1024.png 883w, https:\/\/nomesvending.com\/web\/wp-content\/uploads\/2024\/05\/Hero-Concerto-Touch-Shapes_0-768x891.png 768w\" sizes=\"(max-width: 1028px) 100vw, 1028px\" \/><\/figure>\n\n\n\n<div class=\"wp-block-file aligncenter\"><a id=\"wp-block-file--media-27252f78-0017-47f8-b3d9-da26dacb5dd0\" href=\"https:\/\/nomesvending.com\/web\/wp-content\/uploads\/2024\/05\/CONCERTO-TOUCH.pdf\" target=\"_blank\" rel=\"noreferrer noopener\">CONCERTO-TOUCH<\/a><a href=\"https:\/\/nomesvending.com\/web\/wp-content\/uploads\/2024\/05\/CONCERTO-TOUCH.pdf\" class=\"wp-block-file__button wp-element-button\" download aria-describedby=\"wp-block-file--media-27252f78-0017-47f8-b3d9-da26dacb5dd0\">Descarga<\/a><\/div>\n\n\n\n<div style=\"height:25px\" aria-hidden=\"true\" class=\"wp-block-spacer\"><\/div>\n<\/div>\n\n\n\n<div class=\"wp-block-column is-vertically-aligned-stretch is-layout-flow wp-block-column-is-layout-flow\">\n<figure class=\"wp-block-image aligncenter size-full is-resized\"><img loading=\"lazy\" decoding=\"async\" width=\"1028\" height=\"1192\" src=\"https:\/\/nomesvending.com\/web\/wp-content\/uploads\/2024\/05\/Hero-Maestro-Shapes.png\" alt=\"\" class=\"wp-image-17192\" style=\"width:auto;height:200px\" srcset=\"https:\/\/nomesvending.com\/web\/wp-content\/uploads\/2024\/05\/Hero-Maestro-Shapes.png 1028w, https:\/\/nomesvending.com\/web\/wp-content\/uploads\/2024\/05\/Hero-Maestro-Shapes-300x348.png 300w, https:\/\/nomesvending.com\/web\/wp-content\/uploads\/2024\/05\/Hero-Maestro-Shapes-259x300.png 259w, https:\/\/nomesvending.com\/web\/wp-content\/uploads\/2024\/05\/Hero-Maestro-Shapes-883x1024.png 883w, https:\/\/nomesvending.com\/web\/wp-content\/uploads\/2024\/05\/Hero-Maestro-Shapes-768x891.png 768w\" sizes=\"(max-width: 1028px) 100vw, 1028px\" \/><\/figure>\n\n\n\n<div class=\"wp-block-file aligncenter\"><a id=\"wp-block-file--media-837f6af3-a480-46a1-80ce-88d60243d7ac\" href=\"https:\/\/nomesvending.com\/web\/wp-content\/uploads\/2024\/05\/MAESTRO.pdf\" target=\"_blank\" rel=\"noreferrer noopener\">MAESTRO<\/a><a href=\"https:\/\/nomesvending.com\/web\/wp-content\/uploads\/2024\/05\/MAESTRO.pdf\" class=\"wp-block-file__button wp-element-button\" download aria-describedby=\"wp-block-file--media-837f6af3-a480-46a1-80ce-88d60243d7ac\">Descarga<\/a><\/div>\n\n\n\n<div style=\"height:25px\" aria-hidden=\"true\" class=\"wp-block-spacer\"><\/div>\n<\/div>\n\n\n\n<div class=\"wp-block-column is-vertically-aligned-stretch is-layout-flow wp-block-column-is-layout-flow\">\n<figure class=\"wp-block-image aligncenter size-full is-resized\"><img loading=\"lazy\" decoding=\"async\" width=\"1025\" height=\"1192\" src=\"https:\/\/nomesvending.com\/web\/wp-content\/uploads\/2024\/05\/Hero-Opera-Touch-Shapes.png\" alt=\"\" class=\"wp-image-17193\" style=\"width:auto;height:200px\" srcset=\"https:\/\/nomesvending.com\/web\/wp-content\/uploads\/2024\/05\/Hero-Opera-Touch-Shapes.png 1025w, https:\/\/nomesvending.com\/web\/wp-content\/uploads\/2024\/05\/Hero-Opera-Touch-Shapes-300x349.png 300w, https:\/\/nomesvending.com\/web\/wp-content\/uploads\/2024\/05\/Hero-Opera-Touch-Shapes-258x300.png 258w, https:\/\/nomesvending.com\/web\/wp-content\/uploads\/2024\/05\/Hero-Opera-Touch-Shapes-881x1024.png 881w, https:\/\/nomesvending.com\/web\/wp-content\/uploads\/2024\/05\/Hero-Opera-Touch-Shapes-768x893.png 768w\" sizes=\"(max-width: 1025px) 100vw, 1025px\" \/><\/figure>\n\n\n\n<div class=\"wp-block-file aligncenter\"><a id=\"wp-block-file--media-c161d4ac-2d7d-433d-b12c-0eed6132c9ce\" href=\"https:\/\/nomesvending.com\/web\/wp-content\/uploads\/2024\/05\/OPERA-TOUCH-.pdf\" target=\"_blank\" rel=\"noreferrer noopener\">OPERA-TOUCH-<\/a><a href=\"https:\/\/nomesvending.com\/web\/wp-content\/uploads\/2024\/05\/OPERA-TOUCH-.pdf\" class=\"wp-block-file__button wp-element-button\" download aria-describedby=\"wp-block-file--media-c161d4ac-2d7d-433d-b12c-0eed6132c9ce\">Descarga<\/a><\/div>\n\n\n\n<div style=\"height:25px\" aria-hidden=\"true\" class=\"wp-block-spacer\"><\/div>\n<\/div>\n\n\n\n<div class=\"wp-block-column is-vertically-aligned-stretch is-layout-flow wp-block-column-is-layout-flow\">\n<figure class=\"wp-block-image aligncenter size-full is-resized\"><img loading=\"lazy\" decoding=\"async\" width=\"1028\" height=\"1192\" src=\"https:\/\/nomesvending.com\/web\/wp-content\/uploads\/2024\/05\/Hero-Solista-Shapes.png\" alt=\"\" class=\"wp-image-17184\" style=\"width:auto;height:200px\" srcset=\"https:\/\/nomesvending.com\/web\/wp-content\/uploads\/2024\/05\/Hero-Solista-Shapes.png 1028w, https:\/\/nomesvending.com\/web\/wp-content\/uploads\/2024\/05\/Hero-Solista-Shapes-300x348.png 300w, https:\/\/nomesvending.com\/web\/wp-content\/uploads\/2024\/05\/Hero-Solista-Shapes-259x300.png 259w, https:\/\/nomesvending.com\/web\/wp-content\/uploads\/2024\/05\/Hero-Solista-Shapes-883x1024.png 883w, https:\/\/nomesvending.com\/web\/wp-content\/uploads\/2024\/05\/Hero-Solista-Shapes-768x891.png 768w\" sizes=\"(max-width: 1028px) 100vw, 1028px\" \/><\/figure>\n\n\n\n<div class=\"wp-block-file aligncenter\"><a id=\"wp-block-file--media-c946c447-67df-4ec5-be1f-126a179dd23b\" href=\"https:\/\/nomesvending.com\/web\/wp-content\/uploads\/2024\/05\/SOLISTA.pdf\" target=\"_blank\" rel=\"noreferrer noopener\">SOLISTA<\/a><a href=\"https:\/\/nomesvending.com\/web\/wp-content\/uploads\/2024\/05\/SOLISTA.pdf\" class=\"wp-block-file__button wp-element-button\" download aria-describedby=\"wp-block-file--media-c946c447-67df-4ec5-be1f-126a179dd23b\">Descarga<\/a><\/div>\n\n\n\n<div style=\"height:25px\" aria-hidden=\"true\" class=\"wp-block-spacer\"><\/div>\n<\/div>\n\n\n\n<div class=\"wp-block-column is-vertically-aligned-stretch is-layout-flow wp-block-column-is-layout-flow\">\n<div style=\"height:25px\" aria-hidden=\"true\" class=\"wp-block-spacer\"><\/div>\n<\/div>\n<\/div>\n","protected":false},"excerpt":{"rendered":"","protected":false},"author":1,"featured_media":18193,"parent":0,"menu_order":0,"comment_status":"closed","ping_status":"closed","template":"","meta":{"footnotes":""},"class_list":["post-394","page","type-page","status-publish","has-post-thumbnail","hentry"],"yoast_head":"<!-- This site is optimized with the Yoast SEO plugin v27.0 - https:\/\/yoast.com\/product\/yoast-seo-wordpress\/ -->\n<title>M\u00e1quinas Vending - Nomesvending<\/title>\n<meta name=\"robots\" content=\"index, follow, max-snippet:-1, max-image-preview:large, max-video-preview:-1\" \/>\n<link rel=\"canonical\" href=\"https:\/\/nomesvending.com\/web\/maquinas-vending\/\" \/>\n<meta property=\"og:locale\" content=\"es_ES\" \/>\n<meta property=\"og:type\" content=\"article\" \/>\n<meta property=\"og:title\" content=\"M\u00e1quinas Vending - Nomesvending\" \/>\n<meta property=\"og:url\" content=\"https:\/\/nomesvending.com\/web\/maquinas-vending\/\" \/>\n<meta property=\"og:site_name\" content=\"Nomesvending\" \/>\n<meta property=\"article:publisher\" content=\"https:\/\/www.facebook.com\/NomesVending\/\" \/>\n<meta property=\"article:modified_time\" content=\"2025-01-20T14:44:43+00:00\" \/>\n<meta property=\"og:image\" content=\"https:\/\/nomesvending.com\/web\/wp-content\/uploads\/2024\/06\/maquinas-de-vending-5.jpg\" \/>\n\t<meta property=\"og:image:width\" content=\"1920\" \/>\n\t<meta property=\"og:image:height\" content=\"400\" \/>\n\t<meta property=\"og:image:type\" content=\"image\/jpeg\" \/>\n<meta name=\"twitter:card\" content=\"summary_large_image\" \/>\n<meta name=\"twitter:label1\" content=\"Tiempo de lectura\" \/>\n\t<meta name=\"twitter:data1\" content=\"3 minutos\" \/>\n<script type=\"application\/ld+json\" class=\"yoast-schema-graph\">{\"@context\":\"https:\/\/schema.org\",\"@graph\":[{\"@type\":\"WebPage\",\"@id\":\"https:\/\/nomesvending.com\/web\/maquinas-vending\/\",\"url\":\"https:\/\/nomesvending.com\/web\/maquinas-vending\/\",\"name\":\"M\u00e1quinas Vending - Nomesvending\",\"isPartOf\":{\"@id\":\"https:\/\/nomesvending.com\/web\/#website\"},\"primaryImageOfPage\":{\"@id\":\"https:\/\/nomesvending.com\/web\/maquinas-vending\/#primaryimage\"},\"image\":{\"@id\":\"https:\/\/nomesvending.com\/web\/maquinas-vending\/#primaryimage\"},\"thumbnailUrl\":\"https:\/\/nomesvending.com\/web\/wp-content\/uploads\/2024\/06\/maquinas-de-vending-5.jpg\",\"datePublished\":\"2024-05-02T15:08:14+00:00\",\"dateModified\":\"2025-01-20T14:44:43+00:00\",\"breadcrumb\":{\"@id\":\"https:\/\/nomesvending.com\/web\/maquinas-vending\/#breadcrumb\"},\"inLanguage\":\"es\",\"potentialAction\":[{\"@type\":\"ReadAction\",\"target\":[\"https:\/\/nomesvending.com\/web\/maquinas-vending\/\"]}]},{\"@type\":\"ImageObject\",\"inLanguage\":\"es\",\"@id\":\"https:\/\/nomesvending.com\/web\/maquinas-vending\/#primaryimage\",\"url\":\"https:\/\/nomesvending.com\/web\/wp-content\/uploads\/2024\/06\/maquinas-de-vending-5.jpg\",\"contentUrl\":\"https:\/\/nomesvending.com\/web\/wp-content\/uploads\/2024\/06\/maquinas-de-vending-5.jpg\",\"width\":1920,\"height\":400},{\"@type\":\"BreadcrumbList\",\"@id\":\"https:\/\/nomesvending.com\/web\/maquinas-vending\/#breadcrumb\",\"itemListElement\":[{\"@type\":\"ListItem\",\"position\":1,\"name\":\"Portada\",\"item\":\"https:\/\/nomesvending.com\/web\/\"},{\"@type\":\"ListItem\",\"position\":2,\"name\":\"M\u00e1quinas Vending\"}]},{\"@type\":\"WebSite\",\"@id\":\"https:\/\/nomesvending.com\/web\/#website\",\"url\":\"https:\/\/nomesvending.com\/web\/\",\"name\":\"Nom\u00e9sVending\",\"description\":\"M\u00e1quinas, filtros, recambios, monederos, consumibles y todo lo que necesitas para el mundo del vending. Calidad y tecnolog\u00eda para tu negocio. \u00a1Descubre nuestras soluciones!\",\"publisher\":{\"@id\":\"https:\/\/nomesvending.com\/web\/#organization\"},\"potentialAction\":[{\"@type\":\"SearchAction\",\"target\":{\"@type\":\"EntryPoint\",\"urlTemplate\":\"https:\/\/nomesvending.com\/web\/?s={search_term_string}\"},\"query-input\":{\"@type\":\"PropertyValueSpecification\",\"valueRequired\":true,\"valueName\":\"search_term_string\"}}],\"inLanguage\":\"es\"},{\"@type\":\"Organization\",\"@id\":\"https:\/\/nomesvending.com\/web\/#organization\",\"name\":\"Nom\u00e9sVending\",\"url\":\"https:\/\/nomesvending.com\/web\/\",\"logo\":{\"@type\":\"ImageObject\",\"inLanguage\":\"es\",\"@id\":\"https:\/\/nomesvending.com\/web\/#\/schema\/logo\/image\/\",\"url\":\"https:\/\/nomesvending.com\/web\/wp-content\/uploads\/2026\/03\/Red-and-White-Modern-Vending-Machine-Services-Instagram-Post.png\",\"contentUrl\":\"https:\/\/nomesvending.com\/web\/wp-content\/uploads\/2026\/03\/Red-and-White-Modern-Vending-Machine-Services-Instagram-Post.png\",\"width\":1080,\"height\":1080,\"caption\":\"Nom\u00e9sVending\"},\"image\":{\"@id\":\"https:\/\/nomesvending.com\/web\/#\/schema\/logo\/image\/\"},\"sameAs\":[\"https:\/\/www.facebook.com\/NomesVending\/\",\"https:\/\/www.instagram.com\/nomesvending\/\"]}]}<\/script>\n<!-- \/ Yoast SEO plugin. -->","yoast_head_json":{"title":"M\u00e1quinas Vending - Nomesvending","robots":{"index":"index","follow":"follow","max-snippet":"max-snippet:-1","max-image-preview":"max-image-preview:large","max-video-preview":"max-video-preview:-1"},"canonical":"https:\/\/nomesvending.com\/web\/maquinas-vending\/","og_locale":"es_ES","og_type":"article","og_title":"M\u00e1quinas Vending - Nomesvending","og_url":"https:\/\/nomesvending.com\/web\/maquinas-vending\/","og_site_name":"Nomesvending","article_publisher":"https:\/\/www.facebook.com\/NomesVending\/","article_modified_time":"2025-01-20T14:44:43+00:00","og_image":[{"width":1920,"height":400,"url":"https:\/\/nomesvending.com\/web\/wp-content\/uploads\/2024\/06\/maquinas-de-vending-5.jpg","type":"image\/jpeg"}],"twitter_card":"summary_large_image","twitter_misc":{"Tiempo de lectura":"3 minutos"},"schema":{"@context":"https:\/\/schema.org","@graph":[{"@type":"WebPage","@id":"https:\/\/nomesvending.com\/web\/maquinas-vending\/","url":"https:\/\/nomesvending.com\/web\/maquinas-vending\/","name":"M\u00e1quinas Vending - Nomesvending","isPartOf":{"@id":"https:\/\/nomesvending.com\/web\/#website"},"primaryImageOfPage":{"@id":"https:\/\/nomesvending.com\/web\/maquinas-vending\/#primaryimage"},"image":{"@id":"https:\/\/nomesvending.com\/web\/maquinas-vending\/#primaryimage"},"thumbnailUrl":"https:\/\/nomesvending.com\/web\/wp-content\/uploads\/2024\/06\/maquinas-de-vending-5.jpg","datePublished":"2024-05-02T15:08:14+00:00","dateModified":"2025-01-20T14:44:43+00:00","breadcrumb":{"@id":"https:\/\/nomesvending.com\/web\/maquinas-vending\/#breadcrumb"},"inLanguage":"es","potentialAction":[{"@type":"ReadAction","target":["https:\/\/nomesvending.com\/web\/maquinas-vending\/"]}]},{"@type":"ImageObject","inLanguage":"es","@id":"https:\/\/nomesvending.com\/web\/maquinas-vending\/#primaryimage","url":"https:\/\/nomesvending.com\/web\/wp-content\/uploads\/2024\/06\/maquinas-de-vending-5.jpg","contentUrl":"https:\/\/nomesvending.com\/web\/wp-content\/uploads\/2024\/06\/maquinas-de-vending-5.jpg","width":1920,"height":400},{"@type":"BreadcrumbList","@id":"https:\/\/nomesvending.com\/web\/maquinas-vending\/#breadcrumb","itemListElement":[{"@type":"ListItem","position":1,"name":"Portada","item":"https:\/\/nomesvending.com\/web\/"},{"@type":"ListItem","position":2,"name":"M\u00e1quinas Vending"}]},{"@type":"WebSite","@id":"https:\/\/nomesvending.com\/web\/#website","url":"https:\/\/nomesvending.com\/web\/","name":"Nom\u00e9sVending","description":"M\u00e1quinas, filtros, recambios, monederos, consumibles y todo lo que necesitas para el mundo del vending. Calidad y tecnolog\u00eda para tu negocio. \u00a1Descubre nuestras soluciones!","publisher":{"@id":"https:\/\/nomesvending.com\/web\/#organization"},"potentialAction":[{"@type":"SearchAction","target":{"@type":"EntryPoint","urlTemplate":"https:\/\/nomesvending.com\/web\/?s={search_term_string}"},"query-input":{"@type":"PropertyValueSpecification","valueRequired":true,"valueName":"search_term_string"}}],"inLanguage":"es"},{"@type":"Organization","@id":"https:\/\/nomesvending.com\/web\/#organization","name":"Nom\u00e9sVending","url":"https:\/\/nomesvending.com\/web\/","logo":{"@type":"ImageObject","inLanguage":"es","@id":"https:\/\/nomesvending.com\/web\/#\/schema\/logo\/image\/","url":"https:\/\/nomesvending.com\/web\/wp-content\/uploads\/2026\/03\/Red-and-White-Modern-Vending-Machine-Services-Instagram-Post.png","contentUrl":"https:\/\/nomesvending.com\/web\/wp-content\/uploads\/2026\/03\/Red-and-White-Modern-Vending-Machine-Services-Instagram-Post.png","width":1080,"height":1080,"caption":"Nom\u00e9sVending"},"image":{"@id":"https:\/\/nomesvending.com\/web\/#\/schema\/logo\/image\/"},"sameAs":["https:\/\/www.facebook.com\/NomesVending\/","https:\/\/www.instagram.com\/nomesvending\/"]}]}},"_links":{"self":[{"href":"https:\/\/nomesvending.com\/web\/wp-json\/wp\/v2\/pages\/394","targetHints":{"allow":["GET"]}}],"collection":[{"href":"https:\/\/nomesvending.com\/web\/wp-json\/wp\/v2\/pages"}],"about":[{"href":"https:\/\/nomesvending.com\/web\/wp-json\/wp\/v2\/types\/page"}],"author":[{"embeddable":true,"href":"https:\/\/nomesvending.com\/web\/wp-json\/wp\/v2\/users\/1"}],"replies":[{"embeddable":true,"href":"https:\/\/nomesvending.com\/web\/wp-json\/wp\/v2\/comments?post=394"}],"version-history":[{"count":6,"href":"https:\/\/nomesvending.com\/web\/wp-json\/wp\/v2\/pages\/394\/revisions"}],"predecessor-version":[{"id":22779,"href":"https:\/\/nomesvending.com\/web\/wp-json\/wp\/v2\/pages\/394\/revisions\/22779"}],"wp:featuredmedia":[{"embeddable":true,"href":"https:\/\/nomesvending.com\/web\/wp-json\/wp\/v2\/media\/18193"}],"wp:attachment":[{"href":"https:\/\/nomesvending.com\/web\/wp-json\/wp\/v2\/media?parent=394"}],"curies":[{"name":"wp","href":"https:\/\/api.w.org\/{rel}","templated":true}]}}