{"id":17249,"date":"2024-05-22T09:15:33","date_gmt":"2024-05-22T09:15:33","guid":{"rendered":"https:\/\/nomesvending.com\/web\/?product=vaso-de-carton-9-oz"},"modified":"2025-05-16T09:23:15","modified_gmt":"2025-05-16T09:23:15","slug":"vaso-de-carton-9-oz","status":"publish","type":"product","link":"https:\/\/nomesvending.com\/web\/tienda\/productos\/vasos\/vasos-vasos\/vaso-de-carton-9-oz\/","title":{"rendered":"Vaso de cart\u00f3n 9 Oz"},"content":{"rendered":"<h3 class=\"\" data-start=\"78\" data-end=\"105\"><strong data-start=\"82\" data-end=\"105\">Vaso de cart\u00f3n 9 Oz<\/strong><\/h3>\n<p class=\"\" data-start=\"219\" data-end=\"676\">El <strong data-start=\"222\" data-end=\"245\">Vaso de cart\u00f3n 9 Oz<\/strong> es la <strong data-start=\"252\" data-end=\"273\">soluci\u00f3n perfecta<\/strong> para aquellos que buscan comodidad, calidad y <strong data-start=\"320\" data-end=\"349\">responsabilidad ecol\u00f3gica<\/strong> en el servicio de bebidas. Con una <strong data-start=\"385\" data-end=\"415\">capacidad de 9 Oz (270 ml)<\/strong>, este vaso es ideal para <strong data-start=\"441\" data-end=\"450\">caf\u00e9s<\/strong>, <strong data-start=\"452\" data-end=\"459\">t\u00e9s<\/strong>, <strong data-start=\"461\" data-end=\"485\">chocolates calientes<\/strong> y otras bebidas tanto <strong data-start=\"508\" data-end=\"521\">calientes<\/strong> como <strong data-start=\"527\" data-end=\"536\">fr\u00edas<\/strong>, convirti\u00e9ndolo en la opci\u00f3n perfecta para <strong data-start=\"580\" data-end=\"594\">cafeter\u00edas<\/strong>, <strong data-start=\"596\" data-end=\"612\">restaurantes<\/strong>, <strong data-start=\"614\" data-end=\"626\">oficinas<\/strong>, <strong data-start=\"628\" data-end=\"639\">eventos<\/strong> y <strong data-start=\"642\" data-end=\"675\">lugares de comida para llevar<\/strong>.<\/p>\n<p class=\"\" data-start=\"678\" data-end=\"1133\"><strong data-start=\"678\" data-end=\"715\">Dise\u00f1ado con un enfoque ecol\u00f3gico<\/strong>, este vaso est\u00e1 fabricado con <strong data-start=\"746\" data-end=\"767\">cart\u00f3n resistente<\/strong> de <strong data-start=\"771\" data-end=\"787\">alta calidad<\/strong>, capaz de soportar tanto temperaturas <strong data-start=\"826\" data-end=\"835\">altas<\/strong> como <strong data-start=\"841\" data-end=\"850\">bajas<\/strong>, sin deformarse ni filtrarse, lo que asegura una <strong data-start=\"900\" data-end=\"922\">experiencia c\u00f3moda<\/strong> y <strong data-start=\"925\" data-end=\"937\">pr\u00e1ctica<\/strong> para los usuarios. Adem\u00e1s, su <strong data-start=\"968\" data-end=\"991\">material reciclable<\/strong> lo convierte en una alternativa <strong data-start=\"1024\" data-end=\"1038\">sostenible<\/strong> frente a otros productos desechables de pl\u00e1stico, lo que ayuda a reducir el impacto ambiental.<\/p>\n<h3 class=\"\" data-start=\"1135\" data-end=\"1170\"><strong data-start=\"1139\" data-end=\"1170\">Caracter\u00edsticas destacadas:<\/strong><\/h3>\n<ul data-start=\"1172\" data-end=\"2030\">\n<li class=\"\" data-start=\"1172\" data-end=\"1300\">\n<p class=\"\" data-start=\"1174\" data-end=\"1300\"><strong data-start=\"1174\" data-end=\"1211\">Capacidad ideal de 9 Oz (270 ml):<\/strong> Perfecta para ofrecer una amplia gama de bebidas, desde caf\u00e9s y t\u00e9s hasta bebidas fr\u00edas.<\/p>\n<\/li>\n<li class=\"\" data-start=\"1301\" data-end=\"1449\">\n<p class=\"\" data-start=\"1303\" data-end=\"1449\"><strong data-start=\"1303\" data-end=\"1324\">Alta resistencia:<\/strong> Fabricado con cart\u00f3n de alta calidad que <strong data-start=\"1366\" data-end=\"1377\">resiste<\/strong> temperaturas altas y bajas, <strong data-start=\"1406\" data-end=\"1424\">sin deformarse<\/strong> ni perder su integridad.<\/p>\n<\/li>\n<li class=\"\" data-start=\"1450\" data-end=\"1619\">\n<p class=\"\" data-start=\"1452\" data-end=\"1619\"><strong data-start=\"1452\" data-end=\"1479\">Ecol\u00f3gico y reciclable:<\/strong> Ayuda a reducir el uso de pl\u00e1sticos, fabricado con materiales 100% reciclables, ideal para empresas que buscan alternativas m\u00e1s ecol\u00f3gicas.<\/p>\n<\/li>\n<li class=\"\" data-start=\"1620\" data-end=\"1816\">\n<p class=\"\" data-start=\"1622\" data-end=\"1816\"><strong data-start=\"1622\" data-end=\"1653\">Versatilidad y practicidad:<\/strong> Ideal para su uso en <strong data-start=\"1675\" data-end=\"1689\">cafeter\u00edas<\/strong>, <strong data-start=\"1691\" data-end=\"1702\">eventos<\/strong>, <strong data-start=\"1704\" data-end=\"1716\">oficinas<\/strong>, y <strong data-start=\"1720\" data-end=\"1743\">comidas para llevar<\/strong>. Perfecto para ofrecer comodidad y funcionalidad sin sacrificar calidad.<\/p>\n<\/li>\n<li class=\"\" data-start=\"1817\" data-end=\"2030\">\n<p class=\"\" data-start=\"1819\" data-end=\"2030\"><strong data-start=\"1819\" data-end=\"1849\">Dise\u00f1o elegante y moderno:<\/strong> Disponible en <strong data-start=\"1864\" data-end=\"1883\">colores neutros<\/strong> y dise\u00f1os sencillos, lo que lo hace adecuado para diferentes tipos de ambientes, desde entornos profesionales hasta eventos informales o sociales.<\/p>\n<\/li>\n<\/ul>\n<p class=\"\" data-start=\"2032\" data-end=\"2488\">Este <strong data-start=\"2037\" data-end=\"2060\">Vaso de cart\u00f3n 9 Oz<\/strong> es la opci\u00f3n ideal para <strong data-start=\"2085\" data-end=\"2105\">establecimientos<\/strong>, <strong data-start=\"2107\" data-end=\"2118\">eventos<\/strong> o <strong data-start=\"2121\" data-end=\"2133\">oficinas<\/strong> que buscan soluciones <strong data-start=\"2156\" data-end=\"2169\">pr\u00e1cticas<\/strong> y <strong data-start=\"2172\" data-end=\"2187\">sostenibles<\/strong> para el servicio de bebidas. No solo es resistente y vers\u00e1til, sino tambi\u00e9n <strong data-start=\"2264\" data-end=\"2277\">ecol\u00f3gico<\/strong>, contribuyendo al cuidado del medio ambiente al ser reciclable. Con su capacidad adecuada y su dise\u00f1o funcional, es el complemento perfecto para ofrecer una experiencia satisfactoria a tus clientes o empleados.<\/p>\n<p class=\"\" data-start=\"2490\" data-end=\"2726\"><strong data-start=\"2490\" data-end=\"2604\">\u00a1Haz que tu negocio o evento sea m\u00e1s ecol\u00f3gico, funcional y de alta calidad con nuestros vasos de cart\u00f3n 9 Oz!<\/strong> Su <strong data-start=\"2608\" data-end=\"2623\">practicidad<\/strong> y <strong data-start=\"2626\" data-end=\"2641\">resistencia<\/strong> lo convierten en una de las mejores opciones en el mercado de productos desechables.<\/p>\n","protected":false},"excerpt":{"rendered":"<p>*VENTA POR CAJA<\/p>\n<p><strong data-start=\"107\" data-end=\"121\">Capacidad:<\/strong> 9 Oz (aproximadamente 270 ml)<br data-start=\"151\" data-end=\"154\" \/><strong data-start=\"154\" data-end=\"163\">Caja:<\/strong> 1000 unidades<br data-start=\"177\" data-end=\"180\" \/><strong data-start=\"180\" data-end=\"190\">Palet:<\/strong> 20 cajas \/ 20,000 unidades<\/p>\n","protected":false},"featured_media":21519,"comment_status":"open","ping_status":"closed","template":"","meta":[],"product_brand":[226],"product_cat":[51,105,94],"product_tag":[54],"class_list":{"0":"post-17249","1":"product","2":"type-product","3":"status-publish","4":"has-post-thumbnail","6":"product_brand-profesional","7":"product_cat-productos","8":"product_cat-vasos-vasos","9":"product_cat-vasos","10":"product_tag-profesional","12":"first","13":"instock","14":"taxable","15":"shipping-taxable","16":"purchasable","17":"product-type-simple"},"yoast_head":"<!-- This site is optimized with the Yoast SEO plugin v27.5 - https:\/\/yoast.com\/product\/yoast-seo-wordpress\/ -->\n<title>Vaso de cart\u00f3n 9 Oz - Nomesvending<\/title>\n<meta name=\"description\" content=\"Vaso de cart\u00f3n 9 Oz, ideal para bebidas calientes y fr\u00edas. Ecol\u00f3gico, resistente y pr\u00e1ctico, perfecto para cafeter\u00edas, oficinas y eventos.\" \/>\n<meta name=\"robots\" content=\"index, follow, max-snippet:-1, max-image-preview:large, max-video-preview:-1\" \/>\n<link rel=\"canonical\" href=\"https:\/\/nomesvending.com\/web\/tienda\/productos\/vasos\/vasos-vasos\/vaso-de-carton-9-oz\/\" \/>\n<meta property=\"og:locale\" content=\"es_ES\" \/>\n<meta property=\"og:type\" content=\"article\" \/>\n<meta property=\"og:title\" content=\"Vaso de cart\u00f3n 9 Oz - Nomesvending\" \/>\n<meta property=\"og:description\" content=\"Vaso de cart\u00f3n 9 Oz, ideal para bebidas calientes y fr\u00edas. Ecol\u00f3gico, resistente y pr\u00e1ctico, perfecto para cafeter\u00edas, oficinas y eventos.\" \/>\n<meta property=\"og:url\" content=\"https:\/\/nomesvending.com\/web\/tienda\/productos\/vasos\/vasos-vasos\/vaso-de-carton-9-oz\/\" \/>\n<meta property=\"og:site_name\" content=\"Nomesvending\" \/>\n<meta property=\"article:publisher\" content=\"https:\/\/www.facebook.com\/NomesVending\/\" \/>\n<meta property=\"article:modified_time\" content=\"2025-05-16T09:23:15+00:00\" \/>\n<meta property=\"og:image\" content=\"https:\/\/nomesvending.com\/web\/wp-content\/uploads\/2024\/05\/VASOC9BT.png\" \/>\n\t<meta property=\"og:image:width\" content=\"500\" \/>\n\t<meta property=\"og:image:height\" content=\"500\" \/>\n\t<meta property=\"og:image:type\" content=\"image\/png\" \/>\n<meta name=\"twitter:card\" content=\"summary_large_image\" \/>\n<meta name=\"twitter:label1\" content=\"Tiempo de lectura\" \/>\n\t<meta name=\"twitter:data1\" content=\"2 minutos\" \/>\n<script type=\"application\/ld+json\" class=\"yoast-schema-graph\">{\"@context\":\"https:\\\/\\\/schema.org\",\"@graph\":[{\"@type\":\"WebPage\",\"@id\":\"https:\\\/\\\/nomesvending.com\\\/web\\\/tienda\\\/productos\\\/vasos\\\/vasos-vasos\\\/vaso-de-carton-9-oz\\\/\",\"url\":\"https:\\\/\\\/nomesvending.com\\\/web\\\/tienda\\\/productos\\\/vasos\\\/vasos-vasos\\\/vaso-de-carton-9-oz\\\/\",\"name\":\"Vaso de cart\u00f3n 9 Oz - Nomesvending\",\"isPartOf\":{\"@id\":\"https:\\\/\\\/nomesvending.com\\\/web\\\/#website\"},\"primaryImageOfPage\":{\"@id\":\"https:\\\/\\\/nomesvending.com\\\/web\\\/tienda\\\/productos\\\/vasos\\\/vasos-vasos\\\/vaso-de-carton-9-oz\\\/#primaryimage\"},\"image\":{\"@id\":\"https:\\\/\\\/nomesvending.com\\\/web\\\/tienda\\\/productos\\\/vasos\\\/vasos-vasos\\\/vaso-de-carton-9-oz\\\/#primaryimage\"},\"thumbnailUrl\":\"https:\\\/\\\/nomesvending.com\\\/web\\\/wp-content\\\/uploads\\\/2024\\\/05\\\/VASOC9BT.png\",\"datePublished\":\"2024-05-22T09:15:33+00:00\",\"dateModified\":\"2025-05-16T09:23:15+00:00\",\"description\":\"Vaso de cart\u00f3n 9 Oz, ideal para bebidas calientes y fr\u00edas. Ecol\u00f3gico, resistente y pr\u00e1ctico, perfecto para cafeter\u00edas, oficinas y eventos.\",\"breadcrumb\":{\"@id\":\"https:\\\/\\\/nomesvending.com\\\/web\\\/tienda\\\/productos\\\/vasos\\\/vasos-vasos\\\/vaso-de-carton-9-oz\\\/#breadcrumb\"},\"inLanguage\":\"es\",\"potentialAction\":[{\"@type\":\"ReadAction\",\"target\":[\"https:\\\/\\\/nomesvending.com\\\/web\\\/tienda\\\/productos\\\/vasos\\\/vasos-vasos\\\/vaso-de-carton-9-oz\\\/\"]}]},{\"@type\":\"ImageObject\",\"inLanguage\":\"es\",\"@id\":\"https:\\\/\\\/nomesvending.com\\\/web\\\/tienda\\\/productos\\\/vasos\\\/vasos-vasos\\\/vaso-de-carton-9-oz\\\/#primaryimage\",\"url\":\"https:\\\/\\\/nomesvending.com\\\/web\\\/wp-content\\\/uploads\\\/2024\\\/05\\\/VASOC9BT.png\",\"contentUrl\":\"https:\\\/\\\/nomesvending.com\\\/web\\\/wp-content\\\/uploads\\\/2024\\\/05\\\/VASOC9BT.png\",\"width\":500,\"height\":500,\"caption\":\"Vaso de cart\u00f3n 9 Oz\"},{\"@type\":\"BreadcrumbList\",\"@id\":\"https:\\\/\\\/nomesvending.com\\\/web\\\/tienda\\\/productos\\\/vasos\\\/vasos-vasos\\\/vaso-de-carton-9-oz\\\/#breadcrumb\",\"itemListElement\":[{\"@type\":\"ListItem\",\"position\":1,\"name\":\"Portada\",\"item\":\"https:\\\/\\\/nomesvending.com\\\/web\\\/\"},{\"@type\":\"ListItem\",\"position\":2,\"name\":\"Tienda\",\"item\":\"https:\\\/\\\/nomesvending.com\\\/web\\\/tienda\\\/\"},{\"@type\":\"ListItem\",\"position\":3,\"name\":\"Vaso de cart\u00f3n 9 Oz\"}]},{\"@type\":\"WebSite\",\"@id\":\"https:\\\/\\\/nomesvending.com\\\/web\\\/#website\",\"url\":\"https:\\\/\\\/nomesvending.com\\\/web\\\/\",\"name\":\"Nom\u00e9sVending\",\"description\":\"M\u00e1quinas, filtros, recambios, monederos, consumibles y todo lo que necesitas para el mundo del vending. Calidad y tecnolog\u00eda para tu negocio. \u00a1Descubre nuestras soluciones!\",\"publisher\":{\"@id\":\"https:\\\/\\\/nomesvending.com\\\/web\\\/#organization\"},\"potentialAction\":[{\"@type\":\"SearchAction\",\"target\":{\"@type\":\"EntryPoint\",\"urlTemplate\":\"https:\\\/\\\/nomesvending.com\\\/web\\\/?s={search_term_string}\"},\"query-input\":{\"@type\":\"PropertyValueSpecification\",\"valueRequired\":true,\"valueName\":\"search_term_string\"}}],\"inLanguage\":\"es\"},{\"@type\":\"Organization\",\"@id\":\"https:\\\/\\\/nomesvending.com\\\/web\\\/#organization\",\"name\":\"Nom\u00e9sVending\",\"url\":\"https:\\\/\\\/nomesvending.com\\\/web\\\/\",\"logo\":{\"@type\":\"ImageObject\",\"inLanguage\":\"es\",\"@id\":\"https:\\\/\\\/nomesvending.com\\\/web\\\/#\\\/schema\\\/logo\\\/image\\\/\",\"url\":\"https:\\\/\\\/nomesvending.com\\\/web\\\/wp-content\\\/uploads\\\/2026\\\/03\\\/Red-and-White-Modern-Vending-Machine-Services-Instagram-Post.png\",\"contentUrl\":\"https:\\\/\\\/nomesvending.com\\\/web\\\/wp-content\\\/uploads\\\/2026\\\/03\\\/Red-and-White-Modern-Vending-Machine-Services-Instagram-Post.png\",\"width\":1080,\"height\":1080,\"caption\":\"Nom\u00e9sVending\"},\"image\":{\"@id\":\"https:\\\/\\\/nomesvending.com\\\/web\\\/#\\\/schema\\\/logo\\\/image\\\/\"},\"sameAs\":[\"https:\\\/\\\/www.facebook.com\\\/NomesVending\\\/\",\"https:\\\/\\\/www.instagram.com\\\/nomesvending\\\/\"]}]}<\/script>\n<!-- \/ Yoast SEO plugin. -->","yoast_head_json":{"title":"Vaso de cart\u00f3n 9 Oz - Nomesvending","description":"Vaso de cart\u00f3n 9 Oz, ideal para bebidas calientes y fr\u00edas. Ecol\u00f3gico, resistente y pr\u00e1ctico, perfecto para cafeter\u00edas, oficinas y eventos.","robots":{"index":"index","follow":"follow","max-snippet":"max-snippet:-1","max-image-preview":"max-image-preview:large","max-video-preview":"max-video-preview:-1"},"canonical":"https:\/\/nomesvending.com\/web\/tienda\/productos\/vasos\/vasos-vasos\/vaso-de-carton-9-oz\/","og_locale":"es_ES","og_type":"article","og_title":"Vaso de cart\u00f3n 9 Oz - Nomesvending","og_description":"Vaso de cart\u00f3n 9 Oz, ideal para bebidas calientes y fr\u00edas. Ecol\u00f3gico, resistente y pr\u00e1ctico, perfecto para cafeter\u00edas, oficinas y eventos.","og_url":"https:\/\/nomesvending.com\/web\/tienda\/productos\/vasos\/vasos-vasos\/vaso-de-carton-9-oz\/","og_site_name":"Nomesvending","article_publisher":"https:\/\/www.facebook.com\/NomesVending\/","article_modified_time":"2025-05-16T09:23:15+00:00","og_image":[{"width":500,"height":500,"url":"https:\/\/nomesvending.com\/web\/wp-content\/uploads\/2024\/05\/VASOC9BT.png","type":"image\/png"}],"twitter_card":"summary_large_image","twitter_misc":{"Tiempo de lectura":"2 minutos"},"schema":{"@context":"https:\/\/schema.org","@graph":[{"@type":"WebPage","@id":"https:\/\/nomesvending.com\/web\/tienda\/productos\/vasos\/vasos-vasos\/vaso-de-carton-9-oz\/","url":"https:\/\/nomesvending.com\/web\/tienda\/productos\/vasos\/vasos-vasos\/vaso-de-carton-9-oz\/","name":"Vaso de cart\u00f3n 9 Oz - Nomesvending","isPartOf":{"@id":"https:\/\/nomesvending.com\/web\/#website"},"primaryImageOfPage":{"@id":"https:\/\/nomesvending.com\/web\/tienda\/productos\/vasos\/vasos-vasos\/vaso-de-carton-9-oz\/#primaryimage"},"image":{"@id":"https:\/\/nomesvending.com\/web\/tienda\/productos\/vasos\/vasos-vasos\/vaso-de-carton-9-oz\/#primaryimage"},"thumbnailUrl":"https:\/\/nomesvending.com\/web\/wp-content\/uploads\/2024\/05\/VASOC9BT.png","datePublished":"2024-05-22T09:15:33+00:00","dateModified":"2025-05-16T09:23:15+00:00","description":"Vaso de cart\u00f3n 9 Oz, ideal para bebidas calientes y fr\u00edas. Ecol\u00f3gico, resistente y pr\u00e1ctico, perfecto para cafeter\u00edas, oficinas y eventos.","breadcrumb":{"@id":"https:\/\/nomesvending.com\/web\/tienda\/productos\/vasos\/vasos-vasos\/vaso-de-carton-9-oz\/#breadcrumb"},"inLanguage":"es","potentialAction":[{"@type":"ReadAction","target":["https:\/\/nomesvending.com\/web\/tienda\/productos\/vasos\/vasos-vasos\/vaso-de-carton-9-oz\/"]}]},{"@type":"ImageObject","inLanguage":"es","@id":"https:\/\/nomesvending.com\/web\/tienda\/productos\/vasos\/vasos-vasos\/vaso-de-carton-9-oz\/#primaryimage","url":"https:\/\/nomesvending.com\/web\/wp-content\/uploads\/2024\/05\/VASOC9BT.png","contentUrl":"https:\/\/nomesvending.com\/web\/wp-content\/uploads\/2024\/05\/VASOC9BT.png","width":500,"height":500,"caption":"Vaso de cart\u00f3n 9 Oz"},{"@type":"BreadcrumbList","@id":"https:\/\/nomesvending.com\/web\/tienda\/productos\/vasos\/vasos-vasos\/vaso-de-carton-9-oz\/#breadcrumb","itemListElement":[{"@type":"ListItem","position":1,"name":"Portada","item":"https:\/\/nomesvending.com\/web\/"},{"@type":"ListItem","position":2,"name":"Tienda","item":"https:\/\/nomesvending.com\/web\/tienda\/"},{"@type":"ListItem","position":3,"name":"Vaso de cart\u00f3n 9 Oz"}]},{"@type":"WebSite","@id":"https:\/\/nomesvending.com\/web\/#website","url":"https:\/\/nomesvending.com\/web\/","name":"Nom\u00e9sVending","description":"M\u00e1quinas, filtros, recambios, monederos, consumibles y todo lo que necesitas para el mundo del vending. Calidad y tecnolog\u00eda para tu negocio. \u00a1Descubre nuestras soluciones!","publisher":{"@id":"https:\/\/nomesvending.com\/web\/#organization"},"potentialAction":[{"@type":"SearchAction","target":{"@type":"EntryPoint","urlTemplate":"https:\/\/nomesvending.com\/web\/?s={search_term_string}"},"query-input":{"@type":"PropertyValueSpecification","valueRequired":true,"valueName":"search_term_string"}}],"inLanguage":"es"},{"@type":"Organization","@id":"https:\/\/nomesvending.com\/web\/#organization","name":"Nom\u00e9sVending","url":"https:\/\/nomesvending.com\/web\/","logo":{"@type":"ImageObject","inLanguage":"es","@id":"https:\/\/nomesvending.com\/web\/#\/schema\/logo\/image\/","url":"https:\/\/nomesvending.com\/web\/wp-content\/uploads\/2026\/03\/Red-and-White-Modern-Vending-Machine-Services-Instagram-Post.png","contentUrl":"https:\/\/nomesvending.com\/web\/wp-content\/uploads\/2026\/03\/Red-and-White-Modern-Vending-Machine-Services-Instagram-Post.png","width":1080,"height":1080,"caption":"Nom\u00e9sVending"},"image":{"@id":"https:\/\/nomesvending.com\/web\/#\/schema\/logo\/image\/"},"sameAs":["https:\/\/www.facebook.com\/NomesVending\/","https:\/\/www.instagram.com\/nomesvending\/"]}]}},"_links":{"self":[{"href":"https:\/\/nomesvending.com\/web\/wp-json\/wp\/v2\/product\/17249","targetHints":{"allow":["GET"]}}],"collection":[{"href":"https:\/\/nomesvending.com\/web\/wp-json\/wp\/v2\/product"}],"about":[{"href":"https:\/\/nomesvending.com\/web\/wp-json\/wp\/v2\/types\/product"}],"replies":[{"embeddable":true,"href":"https:\/\/nomesvending.com\/web\/wp-json\/wp\/v2\/comments?post=17249"}],"wp:featuredmedia":[{"embeddable":true,"href":"https:\/\/nomesvending.com\/web\/wp-json\/wp\/v2\/media\/21519"}],"wp:attachment":[{"href":"https:\/\/nomesvending.com\/web\/wp-json\/wp\/v2\/media?parent=17249"}],"wp:term":[{"taxonomy":"product_brand","embeddable":true,"href":"https:\/\/nomesvending.com\/web\/wp-json\/wp\/v2\/product_brand?post=17249"},{"taxonomy":"product_cat","embeddable":true,"href":"https:\/\/nomesvending.com\/web\/wp-json\/wp\/v2\/product_cat?post=17249"},{"taxonomy":"product_tag","embeddable":true,"href":"https:\/\/nomesvending.com\/web\/wp-json\/wp\/v2\/product_tag?post=17249"}],"curies":[{"name":"wp","href":"https:\/\/api.w.org\/{rel}","templated":true}]}}