{"id":17251,"date":"2024-05-22T09:15:33","date_gmt":"2024-05-22T09:15:33","guid":{"rendered":"https:\/\/nomesvending.com\/web\/?product=plastic-6-oz"},"modified":"2025-05-16T09:23:15","modified_gmt":"2025-05-16T09:23:15","slug":"plastic-sin-plastico-6oz","status":"publish","type":"product","link":"https:\/\/nomesvending.com\/web\/tienda\/productos\/vasos\/vasos-vasos\/plastic-sin-plastico-6oz\/","title":{"rendered":"Vaso S\u00edn Pl\u00e1stico 6Oz"},"content":{"rendered":"<p class=\"\" data-start=\"0\" data-end=\"67\"><strong data-start=\"0\" data-end=\"67\">Vaso Sin Pl\u00e1stico 6oz \u2013 Sostenible, Ecol\u00f3gico y de Alta Calidad<\/strong><\/p>\n<p class=\"\" data-start=\"69\" data-end=\"584\">Descubre el <strong data-start=\"81\" data-end=\"106\">Vaso Sin Pl\u00e1stico 6oz<\/strong>, la opci\u00f3n ideal para reducir el impacto ambiental sin comprometer la calidad. Este vaso ecol\u00f3gico es perfecto para <strong data-start=\"223\" data-end=\"237\">cafeter\u00edas<\/strong>, <strong data-start=\"239\" data-end=\"250\">eventos<\/strong>, <strong data-start=\"252\" data-end=\"264\">oficinas<\/strong> y cualquier establecimiento que desee ofrecer una alternativa <strong data-start=\"327\" data-end=\"341\">desechable<\/strong> y <strong data-start=\"344\" data-end=\"359\">responsable<\/strong> con el medio ambiente. Con una capacidad adecuada para diversas bebidas, este vaso es <strong data-start=\"446\" data-end=\"465\">100% reciclable<\/strong> y <strong data-start=\"468\" data-end=\"483\">compostable<\/strong>, lo que lo convierte en una opci\u00f3n ecol\u00f3gica y pr\u00e1ctica que contribuye a la protecci\u00f3n del planeta.<\/p>\n<h3 class=\"\" data-start=\"586\" data-end=\"628\"><strong data-start=\"590\" data-end=\"628\">Composici\u00f3n del Vaso Sin Pl\u00e1stico:<\/strong><\/h3>\n<ul data-start=\"630\" data-end=\"741\">\n<li class=\"\" data-start=\"630\" data-end=\"683\">\n<p class=\"\" data-start=\"632\" data-end=\"683\"><strong data-start=\"632\" data-end=\"650\">Pared lateral:<\/strong> 210 gr de papel + 8 gr de WBBC<\/p>\n<\/li>\n<li class=\"\" data-start=\"684\" data-end=\"741\">\n<p class=\"\" data-start=\"686\" data-end=\"741\"><strong data-start=\"686\" data-end=\"695\">Base:<\/strong> 8 gr de WBBC + 230 gr de papel + 8 gr de WBBC<\/p>\n<\/li>\n<\/ul>\n<h3 class=\"\" data-start=\"743\" data-end=\"780\"><strong data-start=\"747\" data-end=\"780\">Tama\u00f1o del Vaso Sin Pl\u00e1stico:<\/strong><\/h3>\n<ul data-start=\"782\" data-end=\"866\">\n<li class=\"\" data-start=\"782\" data-end=\"812\">\n<p class=\"\" data-start=\"784\" data-end=\"812\"><strong data-start=\"784\" data-end=\"802\">Base superior:<\/strong> 69,8 mm<\/p>\n<\/li>\n<li class=\"\" data-start=\"813\" data-end=\"844\">\n<p class=\"\" data-start=\"815\" data-end=\"844\"><strong data-start=\"815\" data-end=\"833\">Base inferior:<\/strong> 48,75 mm<\/p>\n<\/li>\n<li class=\"\" data-start=\"845\" data-end=\"866\">\n<p class=\"\" data-start=\"847\" data-end=\"866\"><strong data-start=\"847\" data-end=\"858\">Altura:<\/strong> 80 mm<\/p>\n<\/li>\n<\/ul>\n<h3 class=\"\" data-start=\"868\" data-end=\"906\"><strong data-start=\"872\" data-end=\"906\">Especificaciones del Producto:<\/strong><\/h3>\n<ul data-start=\"908\" data-end=\"1149\">\n<li class=\"\" data-start=\"908\" data-end=\"1037\">\n<p class=\"\" data-start=\"910\" data-end=\"1037\"><strong data-start=\"910\" data-end=\"938\">Temperatura de servicio:<\/strong> Ideal para l\u00edquidos entre 0\u00b0C y +95\u00b0C, adecuado para una amplia gama de bebidas calientes y fr\u00edas.<\/p>\n<\/li>\n<li class=\"\" data-start=\"1038\" data-end=\"1078\">\n<p class=\"\" data-start=\"1040\" data-end=\"1078\"><strong data-start=\"1040\" data-end=\"1058\">Peso por vaso:<\/strong> 4,3 gr (+\/- 0,2 gr)<\/p>\n<\/li>\n<li class=\"\" data-start=\"1079\" data-end=\"1113\">\n<p class=\"\" data-start=\"1081\" data-end=\"1113\"><strong data-start=\"1081\" data-end=\"1106\">Peso neto de la caja:<\/strong> 8,6 kg<\/p>\n<\/li>\n<li class=\"\" data-start=\"1114\" data-end=\"1149\">\n<p class=\"\" data-start=\"1116\" data-end=\"1149\"><strong data-start=\"1116\" data-end=\"1142\">Peso bruto de la caja:<\/strong> 9,4 kg<\/p>\n<\/li>\n<\/ul>\n<h3 class=\"\" data-start=\"1151\" data-end=\"1178\"><strong data-start=\"1155\" data-end=\"1178\">Control de Calidad:<\/strong><\/h3>\n<p class=\"\" data-start=\"1180\" data-end=\"1657\">Nos aseguramos de ofrecer productos de la mejor calidad posible. Cada caja de <strong data-start=\"1258\" data-end=\"1284\">Vasos Sin Pl\u00e1stico 6oz<\/strong> est\u00e1 equipada con un <strong data-start=\"1306\" data-end=\"1324\">n\u00famero de lote<\/strong> y un <strong data-start=\"1330\" data-end=\"1343\">c\u00f3digo QR<\/strong>, lo que permite un <strong data-start=\"1363\" data-end=\"1388\">seguimiento detallado<\/strong> del producto. Esto garantiza un control riguroso de la <strong data-start=\"1444\" data-end=\"1468\">fecha de fabricaci\u00f3n<\/strong>, la <strong data-start=\"1473\" data-end=\"1494\">m\u00e1quina utilizada<\/strong>, el <strong data-start=\"1499\" data-end=\"1511\">operario<\/strong>, las <strong data-start=\"1517\" data-end=\"1536\">materias primas<\/strong>, y las <strong data-start=\"1544\" data-end=\"1554\">tintas<\/strong> utilizadas en la producci\u00f3n, asegurando que cada vaso cumpla con nuestros altos est\u00e1ndares de calidad.<\/p>\n<h3 class=\"\" data-start=\"1659\" data-end=\"1696\"><strong data-start=\"1663\" data-end=\"1696\">Certificaciones del Producto:<\/strong><\/h3>\n<ul data-start=\"1698\" data-end=\"2120\">\n<li class=\"\" data-start=\"1698\" data-end=\"1835\">\n<p class=\"\" data-start=\"1700\" data-end=\"1835\"><strong data-start=\"1700\" data-end=\"1708\">FSC:<\/strong> Certificaci\u00f3n de manejo forestal responsable, asegurando que el producto proviene de fuentes gestionadas de manera sostenible.<\/p>\n<\/li>\n<li class=\"\" data-start=\"1836\" data-end=\"1988\">\n<p class=\"\" data-start=\"1838\" data-end=\"1988\"><strong data-start=\"1838\" data-end=\"1854\">Compostable:<\/strong> Certificaci\u00f3n <strong data-start=\"1869\" data-end=\"1879\">7P1154<\/strong> que garantiza que el vaso es compostable y apto para ser desechado de manera amigable con el medio ambiente.<\/p>\n<\/li>\n<li class=\"\" data-start=\"1989\" data-end=\"2120\">\n<p class=\"\" data-start=\"1991\" data-end=\"2120\"><strong data-start=\"1991\" data-end=\"2011\">100% Reciclable:<\/strong> Certificaci\u00f3n que avala la reciclabilidad total del producto, ayudando a reducir el impacto de los desechos.<\/p>\n<\/li>\n<\/ul>\n<h3 class=\"\" data-start=\"2122\" data-end=\"2152\"><strong data-start=\"2126\" data-end=\"2152\">Ideal para Tu Negocio:<\/strong><\/h3>\n<p class=\"\" data-start=\"2154\" data-end=\"2601\">Este vaso sin pl\u00e1stico es la soluci\u00f3n ideal para <strong data-start=\"2203\" data-end=\"2226\">negocios de vending<\/strong>, <strong data-start=\"2228\" data-end=\"2242\">cafeter\u00edas<\/strong>, <strong data-start=\"2244\" data-end=\"2260\">restaurantes<\/strong>, <strong data-start=\"2262\" data-end=\"2273\">eventos<\/strong> y cualquier establecimiento que busque una opci\u00f3n <strong data-start=\"2324\" data-end=\"2338\">sostenible<\/strong> y <strong data-start=\"2341\" data-end=\"2356\">responsable<\/strong> sin sacrificar calidad. <strong data-start=\"2381\" data-end=\"2427\">Ofrece a tus clientes una opci\u00f3n ecol\u00f3gica<\/strong> y de alta calidad con nuestros <strong data-start=\"2459\" data-end=\"2472\">vasos 6oz<\/strong>. Adem\u00e1s, puedes estar tranquilo sabiendo que est\u00e1s contribuyendo a un futuro m\u00e1s limpio y a la reducci\u00f3n de residuos pl\u00e1sticos.<\/p>\n<p class=\"\" data-start=\"2603\" data-end=\"2763\"><strong data-start=\"2603\" data-end=\"2646\">Visita nuestra web para m\u00e1s informaci\u00f3n<\/strong> y realiza tu pedido hoy mismo. <strong data-start=\"2678\" data-end=\"2763\" data-is-last-node=\"\">\u00a1\u00danete al movimiento ecol\u00f3gico con Nomesvending y ofrece lo mejor a tus clientes!<\/strong><\/p>\n","protected":false},"excerpt":{"rendered":"<p>*VENTA POR CAJA<\/p>\n","protected":false},"featured_media":21522,"comment_status":"open","ping_status":"closed","template":"","meta":[],"product_brand":[226],"product_cat":[51,105,94],"product_tag":[56],"class_list":{"0":"post-17251","1":"product","2":"type-product","3":"status-publish","4":"has-post-thumbnail","6":"product_brand-profesional","7":"product_cat-productos","8":"product_cat-vasos-vasos","9":"product_cat-vasos","10":"product_tag-donosac","12":"first","13":"instock","14":"taxable","15":"shipping-taxable","16":"purchasable","17":"product-type-simple"},"yoast_head":"<!-- This site is optimized with the Yoast SEO plugin v27.5 - https:\/\/yoast.com\/product\/yoast-seo-wordpress\/ -->\n<title>Vaso S\u00edn Pl\u00e1stico 6Oz - Nomesvending<\/title>\n<meta name=\"description\" content=\"Vaso sin pl\u00e1stico 6oz libre de pl\u00e1stico, 100% reciclable y compostable. Ideal para negocios de vending, hosteler\u00eda y eventos. Sostenible, de alta calidad...\" \/>\n<meta name=\"robots\" content=\"index, follow, max-snippet:-1, max-image-preview:large, max-video-preview:-1\" \/>\n<link rel=\"canonical\" href=\"https:\/\/nomesvending.com\/web\/tienda\/productos\/vasos\/vasos-vasos\/plastic-sin-plastico-6oz\/\" \/>\n<meta property=\"og:locale\" content=\"es_ES\" \/>\n<meta property=\"og:type\" content=\"article\" \/>\n<meta property=\"og:title\" content=\"Vaso S\u00edn Pl\u00e1stico 6Oz - Nomesvending\" \/>\n<meta property=\"og:description\" content=\"Vaso sin pl\u00e1stico 6oz libre de pl\u00e1stico, 100% reciclable y compostable. Ideal para negocios de vending, hosteler\u00eda y eventos. Sostenible, de alta calidad...\" \/>\n<meta property=\"og:url\" content=\"https:\/\/nomesvending.com\/web\/tienda\/productos\/vasos\/vasos-vasos\/plastic-sin-plastico-6oz\/\" \/>\n<meta property=\"og:site_name\" content=\"Nomesvending\" \/>\n<meta property=\"article:publisher\" content=\"https:\/\/www.facebook.com\/NomesVending\/\" \/>\n<meta property=\"article:modified_time\" content=\"2025-05-16T09:23:15+00:00\" \/>\n<meta property=\"og:image\" content=\"https:\/\/nomesvending.com\/web\/wp-content\/uploads\/2024\/05\/VASOCW6ES5030.png\" \/>\n\t<meta property=\"og:image:width\" content=\"500\" \/>\n\t<meta property=\"og:image:height\" content=\"500\" \/>\n\t<meta property=\"og:image:type\" content=\"image\/png\" \/>\n<meta name=\"twitter:card\" content=\"summary_large_image\" \/>\n<meta name=\"twitter:label1\" content=\"Tiempo de lectura\" \/>\n\t<meta name=\"twitter:data1\" content=\"3 minutos\" \/>\n<script type=\"application\/ld+json\" class=\"yoast-schema-graph\">{\"@context\":\"https:\\\/\\\/schema.org\",\"@graph\":[{\"@type\":\"WebPage\",\"@id\":\"https:\\\/\\\/nomesvending.com\\\/web\\\/tienda\\\/productos\\\/vasos\\\/vasos-vasos\\\/plastic-sin-plastico-6oz\\\/\",\"url\":\"https:\\\/\\\/nomesvending.com\\\/web\\\/tienda\\\/productos\\\/vasos\\\/vasos-vasos\\\/plastic-sin-plastico-6oz\\\/\",\"name\":\"Vaso S\u00edn Pl\u00e1stico 6Oz - Nomesvending\",\"isPartOf\":{\"@id\":\"https:\\\/\\\/nomesvending.com\\\/web\\\/#website\"},\"primaryImageOfPage\":{\"@id\":\"https:\\\/\\\/nomesvending.com\\\/web\\\/tienda\\\/productos\\\/vasos\\\/vasos-vasos\\\/plastic-sin-plastico-6oz\\\/#primaryimage\"},\"image\":{\"@id\":\"https:\\\/\\\/nomesvending.com\\\/web\\\/tienda\\\/productos\\\/vasos\\\/vasos-vasos\\\/plastic-sin-plastico-6oz\\\/#primaryimage\"},\"thumbnailUrl\":\"https:\\\/\\\/nomesvending.com\\\/web\\\/wp-content\\\/uploads\\\/2024\\\/05\\\/VASOCW6ES5030.png\",\"datePublished\":\"2024-05-22T09:15:33+00:00\",\"dateModified\":\"2025-05-16T09:23:15+00:00\",\"description\":\"Vaso sin pl\u00e1stico 6oz libre de pl\u00e1stico, 100% reciclable y compostable. Ideal para negocios de vending, hosteler\u00eda y eventos. Sostenible, de alta calidad...\",\"breadcrumb\":{\"@id\":\"https:\\\/\\\/nomesvending.com\\\/web\\\/tienda\\\/productos\\\/vasos\\\/vasos-vasos\\\/plastic-sin-plastico-6oz\\\/#breadcrumb\"},\"inLanguage\":\"es\",\"potentialAction\":[{\"@type\":\"ReadAction\",\"target\":[\"https:\\\/\\\/nomesvending.com\\\/web\\\/tienda\\\/productos\\\/vasos\\\/vasos-vasos\\\/plastic-sin-plastico-6oz\\\/\"]}]},{\"@type\":\"ImageObject\",\"inLanguage\":\"es\",\"@id\":\"https:\\\/\\\/nomesvending.com\\\/web\\\/tienda\\\/productos\\\/vasos\\\/vasos-vasos\\\/plastic-sin-plastico-6oz\\\/#primaryimage\",\"url\":\"https:\\\/\\\/nomesvending.com\\\/web\\\/wp-content\\\/uploads\\\/2024\\\/05\\\/VASOCW6ES5030.png\",\"contentUrl\":\"https:\\\/\\\/nomesvending.com\\\/web\\\/wp-content\\\/uploads\\\/2024\\\/05\\\/VASOCW6ES5030.png\",\"width\":500,\"height\":500,\"caption\":\"Vaso S\u00edn Plastico 6Oz\"},{\"@type\":\"BreadcrumbList\",\"@id\":\"https:\\\/\\\/nomesvending.com\\\/web\\\/tienda\\\/productos\\\/vasos\\\/vasos-vasos\\\/plastic-sin-plastico-6oz\\\/#breadcrumb\",\"itemListElement\":[{\"@type\":\"ListItem\",\"position\":1,\"name\":\"Portada\",\"item\":\"https:\\\/\\\/nomesvending.com\\\/web\\\/\"},{\"@type\":\"ListItem\",\"position\":2,\"name\":\"Tienda\",\"item\":\"https:\\\/\\\/nomesvending.com\\\/web\\\/tienda\\\/\"},{\"@type\":\"ListItem\",\"position\":3,\"name\":\"Vaso S\u00edn Pl\u00e1stico 6Oz\"}]},{\"@type\":\"WebSite\",\"@id\":\"https:\\\/\\\/nomesvending.com\\\/web\\\/#website\",\"url\":\"https:\\\/\\\/nomesvending.com\\\/web\\\/\",\"name\":\"Nom\u00e9sVending\",\"description\":\"M\u00e1quinas, filtros, recambios, monederos, consumibles y todo lo que necesitas para el mundo del vending. Calidad y tecnolog\u00eda para tu negocio. \u00a1Descubre nuestras soluciones!\",\"publisher\":{\"@id\":\"https:\\\/\\\/nomesvending.com\\\/web\\\/#organization\"},\"potentialAction\":[{\"@type\":\"SearchAction\",\"target\":{\"@type\":\"EntryPoint\",\"urlTemplate\":\"https:\\\/\\\/nomesvending.com\\\/web\\\/?s={search_term_string}\"},\"query-input\":{\"@type\":\"PropertyValueSpecification\",\"valueRequired\":true,\"valueName\":\"search_term_string\"}}],\"inLanguage\":\"es\"},{\"@type\":\"Organization\",\"@id\":\"https:\\\/\\\/nomesvending.com\\\/web\\\/#organization\",\"name\":\"Nom\u00e9sVending\",\"url\":\"https:\\\/\\\/nomesvending.com\\\/web\\\/\",\"logo\":{\"@type\":\"ImageObject\",\"inLanguage\":\"es\",\"@id\":\"https:\\\/\\\/nomesvending.com\\\/web\\\/#\\\/schema\\\/logo\\\/image\\\/\",\"url\":\"https:\\\/\\\/nomesvending.com\\\/web\\\/wp-content\\\/uploads\\\/2026\\\/03\\\/Red-and-White-Modern-Vending-Machine-Services-Instagram-Post.png\",\"contentUrl\":\"https:\\\/\\\/nomesvending.com\\\/web\\\/wp-content\\\/uploads\\\/2026\\\/03\\\/Red-and-White-Modern-Vending-Machine-Services-Instagram-Post.png\",\"width\":1080,\"height\":1080,\"caption\":\"Nom\u00e9sVending\"},\"image\":{\"@id\":\"https:\\\/\\\/nomesvending.com\\\/web\\\/#\\\/schema\\\/logo\\\/image\\\/\"},\"sameAs\":[\"https:\\\/\\\/www.facebook.com\\\/NomesVending\\\/\",\"https:\\\/\\\/www.instagram.com\\\/nomesvending\\\/\"]}]}<\/script>\n<!-- \/ Yoast SEO plugin. -->","yoast_head_json":{"title":"Vaso S\u00edn Pl\u00e1stico 6Oz - Nomesvending","description":"Vaso sin pl\u00e1stico 6oz libre de pl\u00e1stico, 100% reciclable y compostable. Ideal para negocios de vending, hosteler\u00eda y eventos. Sostenible, de alta calidad...","robots":{"index":"index","follow":"follow","max-snippet":"max-snippet:-1","max-image-preview":"max-image-preview:large","max-video-preview":"max-video-preview:-1"},"canonical":"https:\/\/nomesvending.com\/web\/tienda\/productos\/vasos\/vasos-vasos\/plastic-sin-plastico-6oz\/","og_locale":"es_ES","og_type":"article","og_title":"Vaso S\u00edn Pl\u00e1stico 6Oz - Nomesvending","og_description":"Vaso sin pl\u00e1stico 6oz libre de pl\u00e1stico, 100% reciclable y compostable. Ideal para negocios de vending, hosteler\u00eda y eventos. Sostenible, de alta calidad...","og_url":"https:\/\/nomesvending.com\/web\/tienda\/productos\/vasos\/vasos-vasos\/plastic-sin-plastico-6oz\/","og_site_name":"Nomesvending","article_publisher":"https:\/\/www.facebook.com\/NomesVending\/","article_modified_time":"2025-05-16T09:23:15+00:00","og_image":[{"width":500,"height":500,"url":"https:\/\/nomesvending.com\/web\/wp-content\/uploads\/2024\/05\/VASOCW6ES5030.png","type":"image\/png"}],"twitter_card":"summary_large_image","twitter_misc":{"Tiempo de lectura":"3 minutos"},"schema":{"@context":"https:\/\/schema.org","@graph":[{"@type":"WebPage","@id":"https:\/\/nomesvending.com\/web\/tienda\/productos\/vasos\/vasos-vasos\/plastic-sin-plastico-6oz\/","url":"https:\/\/nomesvending.com\/web\/tienda\/productos\/vasos\/vasos-vasos\/plastic-sin-plastico-6oz\/","name":"Vaso S\u00edn Pl\u00e1stico 6Oz - Nomesvending","isPartOf":{"@id":"https:\/\/nomesvending.com\/web\/#website"},"primaryImageOfPage":{"@id":"https:\/\/nomesvending.com\/web\/tienda\/productos\/vasos\/vasos-vasos\/plastic-sin-plastico-6oz\/#primaryimage"},"image":{"@id":"https:\/\/nomesvending.com\/web\/tienda\/productos\/vasos\/vasos-vasos\/plastic-sin-plastico-6oz\/#primaryimage"},"thumbnailUrl":"https:\/\/nomesvending.com\/web\/wp-content\/uploads\/2024\/05\/VASOCW6ES5030.png","datePublished":"2024-05-22T09:15:33+00:00","dateModified":"2025-05-16T09:23:15+00:00","description":"Vaso sin pl\u00e1stico 6oz libre de pl\u00e1stico, 100% reciclable y compostable. Ideal para negocios de vending, hosteler\u00eda y eventos. Sostenible, de alta calidad...","breadcrumb":{"@id":"https:\/\/nomesvending.com\/web\/tienda\/productos\/vasos\/vasos-vasos\/plastic-sin-plastico-6oz\/#breadcrumb"},"inLanguage":"es","potentialAction":[{"@type":"ReadAction","target":["https:\/\/nomesvending.com\/web\/tienda\/productos\/vasos\/vasos-vasos\/plastic-sin-plastico-6oz\/"]}]},{"@type":"ImageObject","inLanguage":"es","@id":"https:\/\/nomesvending.com\/web\/tienda\/productos\/vasos\/vasos-vasos\/plastic-sin-plastico-6oz\/#primaryimage","url":"https:\/\/nomesvending.com\/web\/wp-content\/uploads\/2024\/05\/VASOCW6ES5030.png","contentUrl":"https:\/\/nomesvending.com\/web\/wp-content\/uploads\/2024\/05\/VASOCW6ES5030.png","width":500,"height":500,"caption":"Vaso S\u00edn Plastico 6Oz"},{"@type":"BreadcrumbList","@id":"https:\/\/nomesvending.com\/web\/tienda\/productos\/vasos\/vasos-vasos\/plastic-sin-plastico-6oz\/#breadcrumb","itemListElement":[{"@type":"ListItem","position":1,"name":"Portada","item":"https:\/\/nomesvending.com\/web\/"},{"@type":"ListItem","position":2,"name":"Tienda","item":"https:\/\/nomesvending.com\/web\/tienda\/"},{"@type":"ListItem","position":3,"name":"Vaso S\u00edn Pl\u00e1stico 6Oz"}]},{"@type":"WebSite","@id":"https:\/\/nomesvending.com\/web\/#website","url":"https:\/\/nomesvending.com\/web\/","name":"Nom\u00e9sVending","description":"M\u00e1quinas, filtros, recambios, monederos, consumibles y todo lo que necesitas para el mundo del vending. Calidad y tecnolog\u00eda para tu negocio. \u00a1Descubre nuestras soluciones!","publisher":{"@id":"https:\/\/nomesvending.com\/web\/#organization"},"potentialAction":[{"@type":"SearchAction","target":{"@type":"EntryPoint","urlTemplate":"https:\/\/nomesvending.com\/web\/?s={search_term_string}"},"query-input":{"@type":"PropertyValueSpecification","valueRequired":true,"valueName":"search_term_string"}}],"inLanguage":"es"},{"@type":"Organization","@id":"https:\/\/nomesvending.com\/web\/#organization","name":"Nom\u00e9sVending","url":"https:\/\/nomesvending.com\/web\/","logo":{"@type":"ImageObject","inLanguage":"es","@id":"https:\/\/nomesvending.com\/web\/#\/schema\/logo\/image\/","url":"https:\/\/nomesvending.com\/web\/wp-content\/uploads\/2026\/03\/Red-and-White-Modern-Vending-Machine-Services-Instagram-Post.png","contentUrl":"https:\/\/nomesvending.com\/web\/wp-content\/uploads\/2026\/03\/Red-and-White-Modern-Vending-Machine-Services-Instagram-Post.png","width":1080,"height":1080,"caption":"Nom\u00e9sVending"},"image":{"@id":"https:\/\/nomesvending.com\/web\/#\/schema\/logo\/image\/"},"sameAs":["https:\/\/www.facebook.com\/NomesVending\/","https:\/\/www.instagram.com\/nomesvending\/"]}]}},"_links":{"self":[{"href":"https:\/\/nomesvending.com\/web\/wp-json\/wp\/v2\/product\/17251","targetHints":{"allow":["GET"]}}],"collection":[{"href":"https:\/\/nomesvending.com\/web\/wp-json\/wp\/v2\/product"}],"about":[{"href":"https:\/\/nomesvending.com\/web\/wp-json\/wp\/v2\/types\/product"}],"replies":[{"embeddable":true,"href":"https:\/\/nomesvending.com\/web\/wp-json\/wp\/v2\/comments?post=17251"}],"wp:featuredmedia":[{"embeddable":true,"href":"https:\/\/nomesvending.com\/web\/wp-json\/wp\/v2\/media\/21522"}],"wp:attachment":[{"href":"https:\/\/nomesvending.com\/web\/wp-json\/wp\/v2\/media?parent=17251"}],"wp:term":[{"taxonomy":"product_brand","embeddable":true,"href":"https:\/\/nomesvending.com\/web\/wp-json\/wp\/v2\/product_brand?post=17251"},{"taxonomy":"product_cat","embeddable":true,"href":"https:\/\/nomesvending.com\/web\/wp-json\/wp\/v2\/product_cat?post=17251"},{"taxonomy":"product_tag","embeddable":true,"href":"https:\/\/nomesvending.com\/web\/wp-json\/wp\/v2\/product_tag?post=17251"}],"curies":[{"name":"wp","href":"https:\/\/api.w.org\/{rel}","templated":true}]}}