{"id":17303,"date":"2024-05-22T09:15:56","date_gmt":"2024-05-22T09:15:56","guid":{"rendered":"https:\/\/nomesvending.com\/web\/?product=14-1kg"},"modified":"2025-05-14T08:07:13","modified_gmt":"2025-05-14T08:07:13","slug":"chocolate-fantasy-milk-smooth","status":"publish","type":"product","link":"https:\/\/nomesvending.com\/web\/tienda\/productos\/consumibles\/preparados-cacao\/chocolate-fantasy-milk-smooth\/","title":{"rendered":"Chocolate Fantasy Milk Smooth &#038; Cream 14% \u2013 1kg (JDE)"},"content":{"rendered":"<h3 class=\"\" data-start=\"135\" data-end=\"196\"><strong data-start=\"139\" data-end=\"196\">Chocolate Fantasy Milk Smooth &amp; Cream 14% \u2013 1kg (JDE)<\/strong><\/h3>\n<p class=\"\" data-start=\"258\" data-end=\"655\">D\u00e9jate llevar por el <strong data-start=\"279\" data-end=\"289\">placer<\/strong> y la <strong data-start=\"295\" data-end=\"309\">cremosidad<\/strong> de la bebida que estabas esperando con el <strong data-start=\"352\" data-end=\"397\">Chocolate Fantasy Milk Smooth &amp; Cream 14%<\/strong> de <strong data-start=\"401\" data-end=\"408\">JDE<\/strong>. Este <strong data-start=\"415\" data-end=\"445\">preparado de cacao premium<\/strong> est\u00e1 dise\u00f1ado para ofrecerte una experiencia \u00fanica en cada taza. Con un equilibrio perfecto entre el <strong data-start=\"547\" data-end=\"578\">sabor intenso del chocolate<\/strong> y la suavidad de la <strong data-start=\"599\" data-end=\"608\">leche<\/strong>, ideal para momentos de indulgencia y relax.<\/p>\n<p class=\"\" data-start=\"657\" data-end=\"1060\">Con un <strong data-start=\"664\" data-end=\"680\">14% de cacao<\/strong>, este delicioso chocolate en polvo proporciona una <strong data-start=\"732\" data-end=\"758\">textura sedosa y suave<\/strong>, perfecta para quienes disfrutan de una bebida <strong data-start=\"806\" data-end=\"838\">chocolateada y reconfortante<\/strong>. Ya sea que lo prepares en <strong data-start=\"866\" data-end=\"886\">m\u00e1quinas vending<\/strong>, <strong data-start=\"888\" data-end=\"913\">cafeteras autom\u00e1ticas<\/strong> o <strong data-start=\"916\" data-end=\"926\">manual<\/strong>, su <strong data-start=\"931\" data-end=\"964\">f\u00e1cil preparaci\u00f3n instant\u00e1nea<\/strong> permite disfrutar de una bebida deliciosa en minutos, solo agregando <strong data-start=\"1034\" data-end=\"1059\">agua caliente o leche<\/strong>.<\/p>\n<h3 class=\"\" data-start=\"1062\" data-end=\"1097\"><strong data-start=\"1066\" data-end=\"1097\">Caracter\u00edsticas destacadas:<\/strong><\/h3>\n<ul data-start=\"1099\" data-end=\"1744\">\n<li class=\"\" data-start=\"1099\" data-end=\"1208\">\n<p class=\"\" data-start=\"1101\" data-end=\"1208\"><strong data-start=\"1101\" data-end=\"1126\">Cacao de alta calidad<\/strong>: 14% de cacao que ofrece un <strong data-start=\"1155\" data-end=\"1172\">sabor intenso<\/strong> y una <strong data-start=\"1179\" data-end=\"1207\">cremosidad inconfundible<\/strong>.<\/p>\n<\/li>\n<li class=\"\" data-start=\"1209\" data-end=\"1331\">\n<p class=\"\" data-start=\"1211\" data-end=\"1331\"><strong data-start=\"1211\" data-end=\"1228\">Textura suave<\/strong>: Perfecta para quienes buscan una bebida rica y <strong data-start=\"1277\" data-end=\"1287\">sedosa<\/strong>, ideal para disfrutar en cualquier momento.<\/p>\n<\/li>\n<li class=\"\" data-start=\"1332\" data-end=\"1456\">\n<p class=\"\" data-start=\"1334\" data-end=\"1456\"><strong data-start=\"1334\" data-end=\"1355\">F\u00e1cil preparaci\u00f3n<\/strong>: Mezcla instant\u00e1nea, compatible con <strong data-start=\"1392\" data-end=\"1412\">m\u00e1quinas vending<\/strong> o preparaci\u00f3n manual, r\u00e1pida y conveniente.<\/p>\n<\/li>\n<li class=\"\" data-start=\"1457\" data-end=\"1610\">\n<p class=\"\" data-start=\"1459\" data-end=\"1610\"><strong data-start=\"1459\" data-end=\"1475\">Uso vers\u00e1til<\/strong>: Ideal tanto para <strong data-start=\"1494\" data-end=\"1508\">cafeter\u00edas<\/strong>, <strong data-start=\"1510\" data-end=\"1535\">m\u00e1quinas expendedoras<\/strong> o para disfrutar en casa, brindando una experiencia premium en cada sorbo.<\/p>\n<\/li>\n<li class=\"\" data-start=\"1611\" data-end=\"1744\">\n<p class=\"\" data-start=\"1613\" data-end=\"1744\"><strong data-start=\"1613\" data-end=\"1634\">Sabor equilibrado<\/strong>: Una combinaci\u00f3n perfecta de <strong data-start=\"1664\" data-end=\"1685\">chocolate y leche<\/strong>, creando una bebida deliciosa y <strong data-start=\"1718\" data-end=\"1743\">equilibrada en dulzor<\/strong>.<\/p>\n<\/li>\n<\/ul>\n<p class=\"\" data-start=\"1746\" data-end=\"2051\"><strong data-start=\"1746\" data-end=\"1787\">Chocolate Fantasy Milk Smooth &amp; Cream<\/strong> de <strong data-start=\"1791\" data-end=\"1798\">JDE<\/strong> es la opci\u00f3n perfecta para los <strong data-start=\"1830\" data-end=\"1865\">amantes del chocolate con leche<\/strong>, proporcionando una bebida de <strong data-start=\"1896\" data-end=\"1912\">alta calidad<\/strong>, deliciosa y reconfortante para cualquier momento del d\u00eda. <strong data-start=\"1972\" data-end=\"2051\">\u00a1Haz que cada pausa sea indulgente y placentera con este chocolate premium!<\/strong><\/p>\n","protected":false},"excerpt":{"rendered":"<p>*VENTA POR UNIDAD<\/p>\n<p><strong data-start=\"198\" data-end=\"219\">Caja: 10 unidades<\/strong><br data-start=\"219\" data-end=\"222\" \/><strong data-start=\"222\" data-end=\"256\">Palet: 72 cajas \/ 720 unidades<\/strong><\/p>\n","protected":false},"featured_media":21477,"comment_status":"open","ping_status":"closed","template":"","meta":[],"product_brand":[],"product_cat":[99,114,51],"product_tag":[85,194],"class_list":{"0":"post-17303","1":"product","2":"type-product","3":"status-publish","4":"has-post-thumbnail","6":"product_cat-consumibles","7":"product_cat-preparados-cacao","8":"product_cat-productos","9":"product_tag-jde","10":"product_tag-venta-por-unidad","12":"first","13":"instock","14":"taxable","15":"shipping-taxable","16":"purchasable","17":"product-type-simple"},"yoast_head":"<!-- This site is optimized with the Yoast SEO plugin v27.0 - https:\/\/yoast.com\/product\/yoast-seo-wordpress\/ -->\n<title>Chocolate Fantasy Milk Smooth &amp; Cream 14% \u2013 1kg (JDE) - Nomesvending<\/title>\n<meta name=\"description\" content=\"Disfruta de una bebida cremosa y suave con Chocolate Fantasy Milk Smooth &amp; Cream 14% de JDE. Un preparado premium de cacao ideal para cafeter\u00edas....\" \/>\n<meta name=\"robots\" content=\"index, follow, max-snippet:-1, max-image-preview:large, max-video-preview:-1\" \/>\n<link rel=\"canonical\" href=\"https:\/\/nomesvending.com\/web\/tienda\/productos\/consumibles\/preparados-cacao\/chocolate-fantasy-milk-smooth\/\" \/>\n<meta property=\"og:locale\" content=\"es_ES\" \/>\n<meta property=\"og:type\" content=\"article\" \/>\n<meta property=\"og:title\" content=\"Chocolate Fantasy Milk Smooth &amp; Cream 14% \u2013 1kg (JDE) - Nomesvending\" \/>\n<meta property=\"og:description\" content=\"Disfruta de una bebida cremosa y suave con Chocolate Fantasy Milk Smooth &amp; Cream 14% de JDE. Un preparado premium de cacao ideal para cafeter\u00edas....\" \/>\n<meta property=\"og:url\" content=\"https:\/\/nomesvending.com\/web\/tienda\/productos\/consumibles\/preparados-cacao\/chocolate-fantasy-milk-smooth\/\" \/>\n<meta property=\"og:site_name\" content=\"Nomesvending\" \/>\n<meta property=\"article:publisher\" content=\"https:\/\/www.facebook.com\/NomesVending\/\" \/>\n<meta property=\"article:modified_time\" content=\"2025-05-14T08:07:13+00:00\" \/>\n<meta property=\"og:image\" content=\"https:\/\/nomesvending.com\/web\/wp-content\/uploads\/2024\/05\/4061039.png\" \/>\n\t<meta property=\"og:image:width\" content=\"500\" \/>\n\t<meta property=\"og:image:height\" content=\"500\" \/>\n\t<meta property=\"og:image:type\" content=\"image\/png\" \/>\n<meta name=\"twitter:card\" content=\"summary_large_image\" \/>\n<meta name=\"twitter:label1\" content=\"Tiempo de lectura\" \/>\n\t<meta name=\"twitter:data1\" content=\"2 minutos\" \/>\n<script type=\"application\/ld+json\" class=\"yoast-schema-graph\">{\"@context\":\"https:\/\/schema.org\",\"@graph\":[{\"@type\":\"WebPage\",\"@id\":\"https:\/\/nomesvending.com\/web\/tienda\/productos\/consumibles\/preparados-cacao\/chocolate-fantasy-milk-smooth\/\",\"url\":\"https:\/\/nomesvending.com\/web\/tienda\/productos\/consumibles\/preparados-cacao\/chocolate-fantasy-milk-smooth\/\",\"name\":\"Chocolate Fantasy Milk Smooth & Cream 14% \u2013 1kg (JDE) - Nomesvending\",\"isPartOf\":{\"@id\":\"https:\/\/nomesvending.com\/web\/#website\"},\"primaryImageOfPage\":{\"@id\":\"https:\/\/nomesvending.com\/web\/tienda\/productos\/consumibles\/preparados-cacao\/chocolate-fantasy-milk-smooth\/#primaryimage\"},\"image\":{\"@id\":\"https:\/\/nomesvending.com\/web\/tienda\/productos\/consumibles\/preparados-cacao\/chocolate-fantasy-milk-smooth\/#primaryimage\"},\"thumbnailUrl\":\"https:\/\/nomesvending.com\/web\/wp-content\/uploads\/2024\/05\/4061039.png\",\"datePublished\":\"2024-05-22T09:15:56+00:00\",\"dateModified\":\"2025-05-14T08:07:13+00:00\",\"description\":\"Disfruta de una bebida cremosa y suave con Chocolate Fantasy Milk Smooth & Cream 14% de JDE. Un preparado premium de cacao ideal para cafeter\u00edas....\",\"breadcrumb\":{\"@id\":\"https:\/\/nomesvending.com\/web\/tienda\/productos\/consumibles\/preparados-cacao\/chocolate-fantasy-milk-smooth\/#breadcrumb\"},\"inLanguage\":\"es\",\"potentialAction\":[{\"@type\":\"ReadAction\",\"target\":[\"https:\/\/nomesvending.com\/web\/tienda\/productos\/consumibles\/preparados-cacao\/chocolate-fantasy-milk-smooth\/\"]}]},{\"@type\":\"ImageObject\",\"inLanguage\":\"es\",\"@id\":\"https:\/\/nomesvending.com\/web\/tienda\/productos\/consumibles\/preparados-cacao\/chocolate-fantasy-milk-smooth\/#primaryimage\",\"url\":\"https:\/\/nomesvending.com\/web\/wp-content\/uploads\/2024\/05\/4061039.png\",\"contentUrl\":\"https:\/\/nomesvending.com\/web\/wp-content\/uploads\/2024\/05\/4061039.png\",\"width\":500,\"height\":500,\"caption\":\"Chocolate Fantasy Milk Smoothh & Cream 14% \u2013 1kg (JDE)\"},{\"@type\":\"BreadcrumbList\",\"@id\":\"https:\/\/nomesvending.com\/web\/tienda\/productos\/consumibles\/preparados-cacao\/chocolate-fantasy-milk-smooth\/#breadcrumb\",\"itemListElement\":[{\"@type\":\"ListItem\",\"position\":1,\"name\":\"Portada\",\"item\":\"https:\/\/nomesvending.com\/web\/\"},{\"@type\":\"ListItem\",\"position\":2,\"name\":\"Tienda\",\"item\":\"https:\/\/nomesvending.com\/web\/tienda\/\"},{\"@type\":\"ListItem\",\"position\":3,\"name\":\"Chocolate Fantasy Milk Smooth &#038; Cream 14% \u2013 1kg (JDE)\"}]},{\"@type\":\"WebSite\",\"@id\":\"https:\/\/nomesvending.com\/web\/#website\",\"url\":\"https:\/\/nomesvending.com\/web\/\",\"name\":\"Nom\u00e9sVending\",\"description\":\"M\u00e1quinas, filtros, recambios, monederos, consumibles y todo lo que necesitas para el mundo del vending. Calidad y tecnolog\u00eda para tu negocio. \u00a1Descubre nuestras soluciones!\",\"publisher\":{\"@id\":\"https:\/\/nomesvending.com\/web\/#organization\"},\"potentialAction\":[{\"@type\":\"SearchAction\",\"target\":{\"@type\":\"EntryPoint\",\"urlTemplate\":\"https:\/\/nomesvending.com\/web\/?s={search_term_string}\"},\"query-input\":{\"@type\":\"PropertyValueSpecification\",\"valueRequired\":true,\"valueName\":\"search_term_string\"}}],\"inLanguage\":\"es\"},{\"@type\":\"Organization\",\"@id\":\"https:\/\/nomesvending.com\/web\/#organization\",\"name\":\"Nom\u00e9sVending\",\"url\":\"https:\/\/nomesvending.com\/web\/\",\"logo\":{\"@type\":\"ImageObject\",\"inLanguage\":\"es\",\"@id\":\"https:\/\/nomesvending.com\/web\/#\/schema\/logo\/image\/\",\"url\":\"https:\/\/nomesvending.com\/web\/wp-content\/uploads\/2026\/03\/Red-and-White-Modern-Vending-Machine-Services-Instagram-Post.png\",\"contentUrl\":\"https:\/\/nomesvending.com\/web\/wp-content\/uploads\/2026\/03\/Red-and-White-Modern-Vending-Machine-Services-Instagram-Post.png\",\"width\":1080,\"height\":1080,\"caption\":\"Nom\u00e9sVending\"},\"image\":{\"@id\":\"https:\/\/nomesvending.com\/web\/#\/schema\/logo\/image\/\"},\"sameAs\":[\"https:\/\/www.facebook.com\/NomesVending\/\",\"https:\/\/www.instagram.com\/nomesvending\/\"]}]}<\/script>\n<!-- \/ Yoast SEO plugin. -->","yoast_head_json":{"title":"Chocolate Fantasy Milk Smooth & Cream 14% \u2013 1kg (JDE) - Nomesvending","description":"Disfruta de una bebida cremosa y suave con Chocolate Fantasy Milk Smooth & Cream 14% de JDE. Un preparado premium de cacao ideal para cafeter\u00edas....","robots":{"index":"index","follow":"follow","max-snippet":"max-snippet:-1","max-image-preview":"max-image-preview:large","max-video-preview":"max-video-preview:-1"},"canonical":"https:\/\/nomesvending.com\/web\/tienda\/productos\/consumibles\/preparados-cacao\/chocolate-fantasy-milk-smooth\/","og_locale":"es_ES","og_type":"article","og_title":"Chocolate Fantasy Milk Smooth & Cream 14% \u2013 1kg (JDE) - Nomesvending","og_description":"Disfruta de una bebida cremosa y suave con Chocolate Fantasy Milk Smooth & Cream 14% de JDE. Un preparado premium de cacao ideal para cafeter\u00edas....","og_url":"https:\/\/nomesvending.com\/web\/tienda\/productos\/consumibles\/preparados-cacao\/chocolate-fantasy-milk-smooth\/","og_site_name":"Nomesvending","article_publisher":"https:\/\/www.facebook.com\/NomesVending\/","article_modified_time":"2025-05-14T08:07:13+00:00","og_image":[{"width":500,"height":500,"url":"https:\/\/nomesvending.com\/web\/wp-content\/uploads\/2024\/05\/4061039.png","type":"image\/png"}],"twitter_card":"summary_large_image","twitter_misc":{"Tiempo de lectura":"2 minutos"},"schema":{"@context":"https:\/\/schema.org","@graph":[{"@type":"WebPage","@id":"https:\/\/nomesvending.com\/web\/tienda\/productos\/consumibles\/preparados-cacao\/chocolate-fantasy-milk-smooth\/","url":"https:\/\/nomesvending.com\/web\/tienda\/productos\/consumibles\/preparados-cacao\/chocolate-fantasy-milk-smooth\/","name":"Chocolate Fantasy Milk Smooth & Cream 14% \u2013 1kg (JDE) - Nomesvending","isPartOf":{"@id":"https:\/\/nomesvending.com\/web\/#website"},"primaryImageOfPage":{"@id":"https:\/\/nomesvending.com\/web\/tienda\/productos\/consumibles\/preparados-cacao\/chocolate-fantasy-milk-smooth\/#primaryimage"},"image":{"@id":"https:\/\/nomesvending.com\/web\/tienda\/productos\/consumibles\/preparados-cacao\/chocolate-fantasy-milk-smooth\/#primaryimage"},"thumbnailUrl":"https:\/\/nomesvending.com\/web\/wp-content\/uploads\/2024\/05\/4061039.png","datePublished":"2024-05-22T09:15:56+00:00","dateModified":"2025-05-14T08:07:13+00:00","description":"Disfruta de una bebida cremosa y suave con Chocolate Fantasy Milk Smooth & Cream 14% de JDE. Un preparado premium de cacao ideal para cafeter\u00edas....","breadcrumb":{"@id":"https:\/\/nomesvending.com\/web\/tienda\/productos\/consumibles\/preparados-cacao\/chocolate-fantasy-milk-smooth\/#breadcrumb"},"inLanguage":"es","potentialAction":[{"@type":"ReadAction","target":["https:\/\/nomesvending.com\/web\/tienda\/productos\/consumibles\/preparados-cacao\/chocolate-fantasy-milk-smooth\/"]}]},{"@type":"ImageObject","inLanguage":"es","@id":"https:\/\/nomesvending.com\/web\/tienda\/productos\/consumibles\/preparados-cacao\/chocolate-fantasy-milk-smooth\/#primaryimage","url":"https:\/\/nomesvending.com\/web\/wp-content\/uploads\/2024\/05\/4061039.png","contentUrl":"https:\/\/nomesvending.com\/web\/wp-content\/uploads\/2024\/05\/4061039.png","width":500,"height":500,"caption":"Chocolate Fantasy Milk Smoothh & Cream 14% \u2013 1kg (JDE)"},{"@type":"BreadcrumbList","@id":"https:\/\/nomesvending.com\/web\/tienda\/productos\/consumibles\/preparados-cacao\/chocolate-fantasy-milk-smooth\/#breadcrumb","itemListElement":[{"@type":"ListItem","position":1,"name":"Portada","item":"https:\/\/nomesvending.com\/web\/"},{"@type":"ListItem","position":2,"name":"Tienda","item":"https:\/\/nomesvending.com\/web\/tienda\/"},{"@type":"ListItem","position":3,"name":"Chocolate Fantasy Milk Smooth &#038; Cream 14% \u2013 1kg (JDE)"}]},{"@type":"WebSite","@id":"https:\/\/nomesvending.com\/web\/#website","url":"https:\/\/nomesvending.com\/web\/","name":"Nom\u00e9sVending","description":"M\u00e1quinas, filtros, recambios, monederos, consumibles y todo lo que necesitas para el mundo del vending. Calidad y tecnolog\u00eda para tu negocio. \u00a1Descubre nuestras soluciones!","publisher":{"@id":"https:\/\/nomesvending.com\/web\/#organization"},"potentialAction":[{"@type":"SearchAction","target":{"@type":"EntryPoint","urlTemplate":"https:\/\/nomesvending.com\/web\/?s={search_term_string}"},"query-input":{"@type":"PropertyValueSpecification","valueRequired":true,"valueName":"search_term_string"}}],"inLanguage":"es"},{"@type":"Organization","@id":"https:\/\/nomesvending.com\/web\/#organization","name":"Nom\u00e9sVending","url":"https:\/\/nomesvending.com\/web\/","logo":{"@type":"ImageObject","inLanguage":"es","@id":"https:\/\/nomesvending.com\/web\/#\/schema\/logo\/image\/","url":"https:\/\/nomesvending.com\/web\/wp-content\/uploads\/2026\/03\/Red-and-White-Modern-Vending-Machine-Services-Instagram-Post.png","contentUrl":"https:\/\/nomesvending.com\/web\/wp-content\/uploads\/2026\/03\/Red-and-White-Modern-Vending-Machine-Services-Instagram-Post.png","width":1080,"height":1080,"caption":"Nom\u00e9sVending"},"image":{"@id":"https:\/\/nomesvending.com\/web\/#\/schema\/logo\/image\/"},"sameAs":["https:\/\/www.facebook.com\/NomesVending\/","https:\/\/www.instagram.com\/nomesvending\/"]}]}},"_links":{"self":[{"href":"https:\/\/nomesvending.com\/web\/wp-json\/wp\/v2\/product\/17303","targetHints":{"allow":["GET"]}}],"collection":[{"href":"https:\/\/nomesvending.com\/web\/wp-json\/wp\/v2\/product"}],"about":[{"href":"https:\/\/nomesvending.com\/web\/wp-json\/wp\/v2\/types\/product"}],"replies":[{"embeddable":true,"href":"https:\/\/nomesvending.com\/web\/wp-json\/wp\/v2\/comments?post=17303"}],"wp:featuredmedia":[{"embeddable":true,"href":"https:\/\/nomesvending.com\/web\/wp-json\/wp\/v2\/media\/21477"}],"wp:attachment":[{"href":"https:\/\/nomesvending.com\/web\/wp-json\/wp\/v2\/media?parent=17303"}],"wp:term":[{"taxonomy":"product_brand","embeddable":true,"href":"https:\/\/nomesvending.com\/web\/wp-json\/wp\/v2\/product_brand?post=17303"},{"taxonomy":"product_cat","embeddable":true,"href":"https:\/\/nomesvending.com\/web\/wp-json\/wp\/v2\/product_cat?post=17303"},{"taxonomy":"product_tag","embeddable":true,"href":"https:\/\/nomesvending.com\/web\/wp-json\/wp\/v2\/product_tag?post=17303"}],"curies":[{"name":"wp","href":"https:\/\/api.w.org\/{rel}","templated":true}]}}