{"id":17304,"date":"2024-05-22T09:15:57","date_gmt":"2024-05-22T09:15:57","guid":{"rendered":"https:\/\/nomesvending.com\/web\/?product=noisette-avellana-1kg"},"modified":"2025-08-07T07:48:09","modified_gmt":"2025-08-07T07:48:09","slug":"cappuccino-avellana-caprimo","status":"publish","type":"product","link":"https:\/\/nomesvending.com\/web\/tienda\/ofertas\/productos-ofertas\/cappuccino-avellana-caprimo\/","title":{"rendered":"Cappuccino Avellana CAPRIMO 1Kg (CAPRIMO)"},"content":{"rendered":"<h2 class=\"\" data-start=\"324\" data-end=\"399\"><strong data-start=\"327\" data-end=\"399\">Cappuccino Avellana CAPRIMO \u2013 Sabor Delicado con un Toque M\u00e1s Ligero<\/strong><\/h2>\n<p class=\"\" data-start=\"401\" data-end=\"751\">Disfruta de la suavidad y el encanto del <strong data-start=\"442\" data-end=\"473\">Cappuccino Avellana CAPRIMO<\/strong>, una deliciosa bebida tipo caf\u00e9 con leche que combina. Una espuma cremosa con un sabor a avellana delicado y envolvente. Esta nueva versi\u00f3n, con un 30% menos de az\u00facar, ha sido dise\u00f1ada pensando en quienes buscan un equilibrio entre placer y bienestar, sin comprometer el sabor.<\/p>\n<p class=\"\" data-start=\"753\" data-end=\"986\">Su perfil gustativo sutil y agradable lo convierte en una opci\u00f3n ideal para momentos de pausa, ya sea en entornos laborales, m\u00e1quinas expendedoras o espacios de consumo diario. La mezcla perfecta entre suavidad, aroma y conveniencia.<\/p>\n<h3 class=\"\" data-start=\"993\" data-end=\"1029\"><strong data-start=\"997\" data-end=\"1029\">Caracter\u00edsticas del producto del Cappuccino Avellana CAPRIMO<\/strong><\/h3>\n<p class=\"\" data-start=\"1031\" data-end=\"1189\"><strong data-start=\"1031\" data-end=\"1059\">Perfil de sabor refinado<\/strong><br data-start=\"1059\" data-end=\"1062\" \/>Una combinaci\u00f3n armoniosa de caf\u00e9 con leche y un toque sutil de avellana que deja una impresi\u00f3n suave y elegante en el paladar.<\/p>\n<p class=\"\" data-start=\"1191\" data-end=\"1359\"><strong data-start=\"1191\" data-end=\"1214\">Reducci\u00f3n de az\u00facar<\/strong><br data-start=\"1214\" data-end=\"1217\" \/>Con un 30% menos de az\u00facar, esta bebida es ideal para quienes buscan alternativas m\u00e1s saludables sin perder el disfrute de un sabor aut\u00e9ntico.<\/p>\n<p class=\"\" data-start=\"1361\" data-end=\"1527\"><strong data-start=\"1361\" data-end=\"1394\">Preparaci\u00f3n r\u00e1pida y sencilla<\/strong><br data-start=\"1394\" data-end=\"1397\" \/>Formulado especialmente para m\u00e1quinas de vending autom\u00e1ticas, garantiza una preparaci\u00f3n eficiente, sin complicaciones ni residuos.<\/p>\n<p class=\"\" data-start=\"1529\" data-end=\"1669\"><strong data-start=\"1529\" data-end=\"1559\">Textura espumosa y cremosa<\/strong><br data-start=\"1559\" data-end=\"1562\" \/>Cada taza ofrece una capa espumosa bien definida, aportando una experiencia sensorial completa y agradable.<\/p>\n<h3 class=\"\" data-start=\"1676\" data-end=\"1706\"><strong data-start=\"1680\" data-end=\"1706\">Presentaci\u00f3n y formato<\/strong><\/h3>\n<ul data-start=\"1708\" data-end=\"1857\">\n<li class=\"\" data-start=\"1708\" data-end=\"1787\">\n<p class=\"\" data-start=\"1710\" data-end=\"1787\"><strong data-start=\"1710\" data-end=\"1733\">Formato por unidad:<\/strong> 1 kg de preparado soluble sabor Avellana (Noisette)<\/p>\n<\/li>\n<li class=\"\" data-start=\"1788\" data-end=\"1813\">\n<p class=\"\" data-start=\"1790\" data-end=\"1813\"><strong data-start=\"1790\" data-end=\"1799\">Caja:<\/strong> 10 unidades<\/p>\n<\/li>\n<li class=\"\" data-start=\"1814\" data-end=\"1857\">\n<p class=\"\" data-start=\"1816\" data-end=\"1857\"><strong data-start=\"1816\" data-end=\"1826\">Palet:<\/strong> 72 cajas (total: 720 unidades)<\/p>\n<\/li>\n<\/ul>\n<h3 class=\"\" data-start=\"1864\" data-end=\"1892\"><strong data-start=\"1868\" data-end=\"1892\">Aplicaciones ideales<\/strong><\/h3>\n<p class=\"\" data-start=\"1894\" data-end=\"2181\">El <strong data-start=\"1897\" data-end=\"1928\">Cappuccino Avellana CAPRIMO<\/strong> es perfecto para el sector profesional: oficinas, salas de descanso, estaciones de servicio, m\u00e1quinas vending y m\u00e1s. Su f\u00f3rmula equilibrada y su facilidad de uso lo convierten en una opci\u00f3n eficiente y de gran aceptaci\u00f3n para todo tipo de consumidores.<\/p>\n<p class=\"\" data-start=\"2183\" data-end=\"2345\">Con <strong data-start=\"2187\" data-end=\"2198\">CAPRIMO<\/strong>, cada taza de cappuccino con sabor a avellana se transforma en un momento especial, ligero y delicioso, ideal para disfrutar en cualquier ocasi\u00f3n.<\/p>\n","protected":false},"excerpt":{"rendered":"<p>*VENTA POR UNIDAD<\/p>\n","protected":false},"featured_media":21480,"comment_status":"open","ping_status":"closed","template":"","meta":[],"product_brand":[224],"product_cat":[115,99,201,202,51],"product_tag":[75,86,194],"class_list":{"0":"post-17304","1":"product","2":"type-product","3":"status-publish","4":"has-post-thumbnail","6":"product_brand-caprimo","7":"product_cat-cappuccinos","8":"product_cat-consumibles","9":"product_cat-ofertas","10":"product_cat-productos-ofertas","11":"product_cat-productos","12":"product_tag-caprimo","13":"product_tag-caprimo-noisette","14":"product_tag-venta-por-unidad","16":"first","17":"instock","18":"sale","19":"taxable","20":"shipping-taxable","21":"purchasable","22":"product-type-simple"},"yoast_head":"<!-- This site is optimized with the Yoast SEO plugin v27.0 - https:\/\/yoast.com\/product\/yoast-seo-wordpress\/ -->\n<title>Cappuccino Avellana CAPRIMO 1Kg (CAPRIMO) - Nomesvending<\/title>\n<meta name=\"description\" content=\"Cappuccino Avellana CAPRIMO con 30% menos de az\u00facar. Sabor suave, espumoso y delicado, ideal para vending y consumo profesional.\" \/>\n<meta name=\"robots\" content=\"index, follow, max-snippet:-1, max-image-preview:large, max-video-preview:-1\" \/>\n<link rel=\"canonical\" href=\"https:\/\/nomesvending.com\/web\/tienda\/ofertas\/productos-ofertas\/cappuccino-avellana-caprimo\/\" \/>\n<meta property=\"og:locale\" content=\"es_ES\" \/>\n<meta property=\"og:type\" content=\"article\" \/>\n<meta property=\"og:title\" content=\"Cappuccino Avellana CAPRIMO 1Kg (CAPRIMO) - Nomesvending\" \/>\n<meta property=\"og:description\" content=\"Cappuccino Avellana CAPRIMO con 30% menos de az\u00facar. Sabor suave, espumoso y delicado, ideal para vending y consumo profesional.\" \/>\n<meta property=\"og:url\" content=\"https:\/\/nomesvending.com\/web\/tienda\/ofertas\/productos-ofertas\/cappuccino-avellana-caprimo\/\" \/>\n<meta property=\"og:site_name\" content=\"Nomesvending\" \/>\n<meta property=\"article:publisher\" content=\"https:\/\/www.facebook.com\/NomesVending\/\" \/>\n<meta property=\"article:modified_time\" content=\"2025-08-07T07:48:09+00:00\" \/>\n<meta property=\"og:image\" content=\"https:\/\/nomesvending.com\/web\/wp-content\/uploads\/2024\/05\/40023.png\" \/>\n\t<meta property=\"og:image:width\" content=\"500\" \/>\n\t<meta property=\"og:image:height\" content=\"500\" \/>\n\t<meta property=\"og:image:type\" content=\"image\/png\" \/>\n<meta name=\"twitter:card\" content=\"summary_large_image\" \/>\n<meta name=\"twitter:label1\" content=\"Tiempo de lectura\" \/>\n\t<meta name=\"twitter:data1\" content=\"2 minutos\" \/>\n<script type=\"application\/ld+json\" class=\"yoast-schema-graph\">{\"@context\":\"https:\/\/schema.org\",\"@graph\":[{\"@type\":\"WebPage\",\"@id\":\"https:\/\/nomesvending.com\/web\/tienda\/ofertas\/productos-ofertas\/cappuccino-avellana-caprimo\/\",\"url\":\"https:\/\/nomesvending.com\/web\/tienda\/ofertas\/productos-ofertas\/cappuccino-avellana-caprimo\/\",\"name\":\"Cappuccino Avellana CAPRIMO 1Kg (CAPRIMO) - Nomesvending\",\"isPartOf\":{\"@id\":\"https:\/\/nomesvending.com\/web\/#website\"},\"primaryImageOfPage\":{\"@id\":\"https:\/\/nomesvending.com\/web\/tienda\/ofertas\/productos-ofertas\/cappuccino-avellana-caprimo\/#primaryimage\"},\"image\":{\"@id\":\"https:\/\/nomesvending.com\/web\/tienda\/ofertas\/productos-ofertas\/cappuccino-avellana-caprimo\/#primaryimage\"},\"thumbnailUrl\":\"https:\/\/nomesvending.com\/web\/wp-content\/uploads\/2024\/05\/40023.png\",\"datePublished\":\"2024-05-22T09:15:57+00:00\",\"dateModified\":\"2025-08-07T07:48:09+00:00\",\"description\":\"Cappuccino Avellana CAPRIMO con 30% menos de az\u00facar. Sabor suave, espumoso y delicado, ideal para vending y consumo profesional.\",\"breadcrumb\":{\"@id\":\"https:\/\/nomesvending.com\/web\/tienda\/ofertas\/productos-ofertas\/cappuccino-avellana-caprimo\/#breadcrumb\"},\"inLanguage\":\"es\",\"potentialAction\":[{\"@type\":\"ReadAction\",\"target\":[\"https:\/\/nomesvending.com\/web\/tienda\/ofertas\/productos-ofertas\/cappuccino-avellana-caprimo\/\"]}]},{\"@type\":\"ImageObject\",\"inLanguage\":\"es\",\"@id\":\"https:\/\/nomesvending.com\/web\/tienda\/ofertas\/productos-ofertas\/cappuccino-avellana-caprimo\/#primaryimage\",\"url\":\"https:\/\/nomesvending.com\/web\/wp-content\/uploads\/2024\/05\/40023.png\",\"contentUrl\":\"https:\/\/nomesvending.com\/web\/wp-content\/uploads\/2024\/05\/40023.png\",\"width\":500,\"height\":500,\"caption\":\"Cappuccino Avellana CAPRIMO\"},{\"@type\":\"BreadcrumbList\",\"@id\":\"https:\/\/nomesvending.com\/web\/tienda\/ofertas\/productos-ofertas\/cappuccino-avellana-caprimo\/#breadcrumb\",\"itemListElement\":[{\"@type\":\"ListItem\",\"position\":1,\"name\":\"Portada\",\"item\":\"https:\/\/nomesvending.com\/web\/\"},{\"@type\":\"ListItem\",\"position\":2,\"name\":\"Tienda\",\"item\":\"https:\/\/nomesvending.com\/web\/tienda\/\"},{\"@type\":\"ListItem\",\"position\":3,\"name\":\"Cappuccino Avellana CAPRIMO 1Kg (CAPRIMO)\"}]},{\"@type\":\"WebSite\",\"@id\":\"https:\/\/nomesvending.com\/web\/#website\",\"url\":\"https:\/\/nomesvending.com\/web\/\",\"name\":\"Nom\u00e9sVending\",\"description\":\"M\u00e1quinas, filtros, recambios, monederos, consumibles y todo lo que necesitas para el mundo del vending. Calidad y tecnolog\u00eda para tu negocio. \u00a1Descubre nuestras soluciones!\",\"publisher\":{\"@id\":\"https:\/\/nomesvending.com\/web\/#organization\"},\"potentialAction\":[{\"@type\":\"SearchAction\",\"target\":{\"@type\":\"EntryPoint\",\"urlTemplate\":\"https:\/\/nomesvending.com\/web\/?s={search_term_string}\"},\"query-input\":{\"@type\":\"PropertyValueSpecification\",\"valueRequired\":true,\"valueName\":\"search_term_string\"}}],\"inLanguage\":\"es\"},{\"@type\":\"Organization\",\"@id\":\"https:\/\/nomesvending.com\/web\/#organization\",\"name\":\"Nom\u00e9sVending\",\"url\":\"https:\/\/nomesvending.com\/web\/\",\"logo\":{\"@type\":\"ImageObject\",\"inLanguage\":\"es\",\"@id\":\"https:\/\/nomesvending.com\/web\/#\/schema\/logo\/image\/\",\"url\":\"https:\/\/nomesvending.com\/web\/wp-content\/uploads\/2026\/03\/Red-and-White-Modern-Vending-Machine-Services-Instagram-Post.png\",\"contentUrl\":\"https:\/\/nomesvending.com\/web\/wp-content\/uploads\/2026\/03\/Red-and-White-Modern-Vending-Machine-Services-Instagram-Post.png\",\"width\":1080,\"height\":1080,\"caption\":\"Nom\u00e9sVending\"},\"image\":{\"@id\":\"https:\/\/nomesvending.com\/web\/#\/schema\/logo\/image\/\"},\"sameAs\":[\"https:\/\/www.facebook.com\/NomesVending\/\",\"https:\/\/www.instagram.com\/nomesvending\/\"]}]}<\/script>\n<!-- \/ Yoast SEO plugin. -->","yoast_head_json":{"title":"Cappuccino Avellana CAPRIMO 1Kg (CAPRIMO) - Nomesvending","description":"Cappuccino Avellana CAPRIMO con 30% menos de az\u00facar. Sabor suave, espumoso y delicado, ideal para vending y consumo profesional.","robots":{"index":"index","follow":"follow","max-snippet":"max-snippet:-1","max-image-preview":"max-image-preview:large","max-video-preview":"max-video-preview:-1"},"canonical":"https:\/\/nomesvending.com\/web\/tienda\/ofertas\/productos-ofertas\/cappuccino-avellana-caprimo\/","og_locale":"es_ES","og_type":"article","og_title":"Cappuccino Avellana CAPRIMO 1Kg (CAPRIMO) - Nomesvending","og_description":"Cappuccino Avellana CAPRIMO con 30% menos de az\u00facar. Sabor suave, espumoso y delicado, ideal para vending y consumo profesional.","og_url":"https:\/\/nomesvending.com\/web\/tienda\/ofertas\/productos-ofertas\/cappuccino-avellana-caprimo\/","og_site_name":"Nomesvending","article_publisher":"https:\/\/www.facebook.com\/NomesVending\/","article_modified_time":"2025-08-07T07:48:09+00:00","og_image":[{"width":500,"height":500,"url":"https:\/\/nomesvending.com\/web\/wp-content\/uploads\/2024\/05\/40023.png","type":"image\/png"}],"twitter_card":"summary_large_image","twitter_misc":{"Tiempo de lectura":"2 minutos"},"schema":{"@context":"https:\/\/schema.org","@graph":[{"@type":"WebPage","@id":"https:\/\/nomesvending.com\/web\/tienda\/ofertas\/productos-ofertas\/cappuccino-avellana-caprimo\/","url":"https:\/\/nomesvending.com\/web\/tienda\/ofertas\/productos-ofertas\/cappuccino-avellana-caprimo\/","name":"Cappuccino Avellana CAPRIMO 1Kg (CAPRIMO) - Nomesvending","isPartOf":{"@id":"https:\/\/nomesvending.com\/web\/#website"},"primaryImageOfPage":{"@id":"https:\/\/nomesvending.com\/web\/tienda\/ofertas\/productos-ofertas\/cappuccino-avellana-caprimo\/#primaryimage"},"image":{"@id":"https:\/\/nomesvending.com\/web\/tienda\/ofertas\/productos-ofertas\/cappuccino-avellana-caprimo\/#primaryimage"},"thumbnailUrl":"https:\/\/nomesvending.com\/web\/wp-content\/uploads\/2024\/05\/40023.png","datePublished":"2024-05-22T09:15:57+00:00","dateModified":"2025-08-07T07:48:09+00:00","description":"Cappuccino Avellana CAPRIMO con 30% menos de az\u00facar. Sabor suave, espumoso y delicado, ideal para vending y consumo profesional.","breadcrumb":{"@id":"https:\/\/nomesvending.com\/web\/tienda\/ofertas\/productos-ofertas\/cappuccino-avellana-caprimo\/#breadcrumb"},"inLanguage":"es","potentialAction":[{"@type":"ReadAction","target":["https:\/\/nomesvending.com\/web\/tienda\/ofertas\/productos-ofertas\/cappuccino-avellana-caprimo\/"]}]},{"@type":"ImageObject","inLanguage":"es","@id":"https:\/\/nomesvending.com\/web\/tienda\/ofertas\/productos-ofertas\/cappuccino-avellana-caprimo\/#primaryimage","url":"https:\/\/nomesvending.com\/web\/wp-content\/uploads\/2024\/05\/40023.png","contentUrl":"https:\/\/nomesvending.com\/web\/wp-content\/uploads\/2024\/05\/40023.png","width":500,"height":500,"caption":"Cappuccino Avellana CAPRIMO"},{"@type":"BreadcrumbList","@id":"https:\/\/nomesvending.com\/web\/tienda\/ofertas\/productos-ofertas\/cappuccino-avellana-caprimo\/#breadcrumb","itemListElement":[{"@type":"ListItem","position":1,"name":"Portada","item":"https:\/\/nomesvending.com\/web\/"},{"@type":"ListItem","position":2,"name":"Tienda","item":"https:\/\/nomesvending.com\/web\/tienda\/"},{"@type":"ListItem","position":3,"name":"Cappuccino Avellana CAPRIMO 1Kg (CAPRIMO)"}]},{"@type":"WebSite","@id":"https:\/\/nomesvending.com\/web\/#website","url":"https:\/\/nomesvending.com\/web\/","name":"Nom\u00e9sVending","description":"M\u00e1quinas, filtros, recambios, monederos, consumibles y todo lo que necesitas para el mundo del vending. Calidad y tecnolog\u00eda para tu negocio. \u00a1Descubre nuestras soluciones!","publisher":{"@id":"https:\/\/nomesvending.com\/web\/#organization"},"potentialAction":[{"@type":"SearchAction","target":{"@type":"EntryPoint","urlTemplate":"https:\/\/nomesvending.com\/web\/?s={search_term_string}"},"query-input":{"@type":"PropertyValueSpecification","valueRequired":true,"valueName":"search_term_string"}}],"inLanguage":"es"},{"@type":"Organization","@id":"https:\/\/nomesvending.com\/web\/#organization","name":"Nom\u00e9sVending","url":"https:\/\/nomesvending.com\/web\/","logo":{"@type":"ImageObject","inLanguage":"es","@id":"https:\/\/nomesvending.com\/web\/#\/schema\/logo\/image\/","url":"https:\/\/nomesvending.com\/web\/wp-content\/uploads\/2026\/03\/Red-and-White-Modern-Vending-Machine-Services-Instagram-Post.png","contentUrl":"https:\/\/nomesvending.com\/web\/wp-content\/uploads\/2026\/03\/Red-and-White-Modern-Vending-Machine-Services-Instagram-Post.png","width":1080,"height":1080,"caption":"Nom\u00e9sVending"},"image":{"@id":"https:\/\/nomesvending.com\/web\/#\/schema\/logo\/image\/"},"sameAs":["https:\/\/www.facebook.com\/NomesVending\/","https:\/\/www.instagram.com\/nomesvending\/"]}]}},"_links":{"self":[{"href":"https:\/\/nomesvending.com\/web\/wp-json\/wp\/v2\/product\/17304","targetHints":{"allow":["GET"]}}],"collection":[{"href":"https:\/\/nomesvending.com\/web\/wp-json\/wp\/v2\/product"}],"about":[{"href":"https:\/\/nomesvending.com\/web\/wp-json\/wp\/v2\/types\/product"}],"replies":[{"embeddable":true,"href":"https:\/\/nomesvending.com\/web\/wp-json\/wp\/v2\/comments?post=17304"}],"wp:featuredmedia":[{"embeddable":true,"href":"https:\/\/nomesvending.com\/web\/wp-json\/wp\/v2\/media\/21480"}],"wp:attachment":[{"href":"https:\/\/nomesvending.com\/web\/wp-json\/wp\/v2\/media?parent=17304"}],"wp:term":[{"taxonomy":"product_brand","embeddable":true,"href":"https:\/\/nomesvending.com\/web\/wp-json\/wp\/v2\/product_brand?post=17304"},{"taxonomy":"product_cat","embeddable":true,"href":"https:\/\/nomesvending.com\/web\/wp-json\/wp\/v2\/product_cat?post=17304"},{"taxonomy":"product_tag","embeddable":true,"href":"https:\/\/nomesvending.com\/web\/wp-json\/wp\/v2\/product_tag?post=17304"}],"curies":[{"name":"wp","href":"https:\/\/api.w.org\/{rel}","templated":true}]}}