{"id":17692,"date":"2024-06-12T06:45:29","date_gmt":"2024-06-12T06:45:29","guid":{"rendered":"https:\/\/nomesvending.com\/web\/?post_type=product&#038;p=17692"},"modified":"2026-02-26T08:24:09","modified_gmt":"2026-02-26T08:24:09","slug":"natwins-coco-yogur-y-chocolate-45gr","status":"publish","type":"product","link":"https:\/\/nomesvending.com\/web\/tienda\/productos\/snacks\/snacks-snacks\/natwins-coco-yogur-y-chocolate-45gr\/","title":{"rendered":"NATWINS Coco yogur y chocolate 21udsx45gr"},"content":{"rendered":"<h3 class=\"\" data-start=\"0\" data-end=\"67\"><strong data-start=\"4\" data-end=\"67\">Galletas NATWINS Coco, yogur y chocolate \u2013 Pack de 21 Estuches<\/strong><\/h3>\n<p class=\"\" data-start=\"69\" data-end=\"526\">Disfruta de unas deliciosas NATWINS Coco, yogur y chocolate 45gr, una combinaci\u00f3n irresistible de <strong data-start=\"172\" data-end=\"191\">chocolate negro<\/strong>, <strong data-start=\"193\" data-end=\"209\">coco rallado<\/strong> y <strong data-start=\"212\" data-end=\"225\">almendras<\/strong>, acompa\u00f1ada de <strong data-start=\"241\" data-end=\"259\">copos de avena<\/strong> y <strong data-start=\"262\" data-end=\"282\">copos de espelta<\/strong>. Estas galletas est\u00e1n elaboradas con <strong data-start=\"320\" data-end=\"339\">harina de trigo<\/strong>, <strong data-start=\"341\" data-end=\"375\">az\u00facar moreno de ca\u00f1a integral<\/strong>, y un toque especial de <strong data-start=\"400\" data-end=\"409\">yogur<\/strong> y <strong data-start=\"412\" data-end=\"440\">leche desnatada en polvo<\/strong>, lo que les otorga una textura suave y un sabor delicioso que cautivar\u00e1 tus sentidos.<\/p>\n<p class=\"\" data-start=\"528\" data-end=\"868\">Cada <strong data-start=\"533\" data-end=\"562\">caja contiene 21 estuches<\/strong>, con <strong data-start=\"568\" data-end=\"594\">5 galletas por estuche<\/strong>, lo que las convierte en el snack perfecto para disfrutar en cualquier momento del d\u00eda o para compartir con amigos y familiares. Adem\u00e1s, el <strong data-start=\"735\" data-end=\"771\">palet completo incluye 225 cajas<\/strong>, ideal para distribuidores o negocios que deseen ofrecer este delicioso producto a sus clientes.<\/p>\n<h3 class=\"\" data-start=\"870\" data-end=\"904\"><strong data-start=\"874\" data-end=\"902\">Ingredientes Principales de NATWINS Coco, yogur y chocolate 45gr<\/strong><\/h3>\n<ul data-start=\"905\" data-end=\"1464\">\n<li class=\"\" data-start=\"905\" data-end=\"928\">\n<p class=\"\" data-start=\"907\" data-end=\"928\"><strong data-start=\"907\" data-end=\"926\">Harina de trigo<\/strong><\/p>\n<\/li>\n<li class=\"\" data-start=\"929\" data-end=\"967\">\n<p class=\"\" data-start=\"931\" data-end=\"967\"><strong data-start=\"931\" data-end=\"965\">Az\u00facar moreno de ca\u00f1a integral<\/strong><\/p>\n<\/li>\n<li class=\"\" data-start=\"968\" data-end=\"993\">\n<p class=\"\" data-start=\"970\" data-end=\"993\"><strong data-start=\"970\" data-end=\"991\">Aceite de girasol<\/strong><\/p>\n<\/li>\n<li class=\"\" data-start=\"994\" data-end=\"1126\">\n<p class=\"\" data-start=\"996\" data-end=\"1126\"><strong data-start=\"996\" data-end=\"1020\">Chocolate negro (9%)<\/strong> (con az\u00facar, pasta de cacao, manteca de cacao, cacao desgrasado en polvo y emulgente: lecitina de soja)<\/p>\n<\/li>\n<li class=\"\" data-start=\"1127\" data-end=\"1156\">\n<p class=\"\" data-start=\"1129\" data-end=\"1156\"><strong data-start=\"1129\" data-end=\"1154\">Copos de avena (7,5%)<\/strong><\/p>\n<\/li>\n<li class=\"\" data-start=\"1157\" data-end=\"1182\">\n<p class=\"\" data-start=\"1159\" data-end=\"1182\"><strong data-start=\"1159\" data-end=\"1180\">Coco rallado (5%)<\/strong><\/p>\n<\/li>\n<li class=\"\" data-start=\"1183\" data-end=\"1205\">\n<p class=\"\" data-start=\"1185\" data-end=\"1205\"><strong data-start=\"1185\" data-end=\"1203\">Huevos frescos<\/strong><\/p>\n<\/li>\n<li class=\"\" data-start=\"1206\" data-end=\"1235\">\n<p class=\"\" data-start=\"1208\" data-end=\"1235\"><strong data-start=\"1208\" data-end=\"1233\">Copos de espelta (3%)<\/strong><\/p>\n<\/li>\n<li class=\"\" data-start=\"1236\" data-end=\"1262\">\n<p class=\"\" data-start=\"1238\" data-end=\"1262\"><strong data-start=\"1238\" data-end=\"1260\">Trozos de almendra<\/strong><\/p>\n<\/li>\n<li class=\"\" data-start=\"1263\" data-end=\"1309\">\n<p class=\"\" data-start=\"1265\" data-end=\"1309\"><strong data-start=\"1265\" data-end=\"1307\">Leche desnatada en polvo, yogur (1,2%)<\/strong><\/p>\n<\/li>\n<li class=\"\" data-start=\"1310\" data-end=\"1345\">\n<p class=\"\" data-start=\"1312\" data-end=\"1345\"><strong data-start=\"1312\" data-end=\"1343\">Sales minerales de la leche<\/strong><\/p>\n<\/li>\n<li class=\"\" data-start=\"1346\" data-end=\"1464\">\n<p class=\"\" data-start=\"1348\" data-end=\"1464\"><strong data-start=\"1348\" data-end=\"1364\">Gasificantes<\/strong> (bicarbonato am\u00f3nico y bicarbonato de sodio), <strong data-start=\"1411\" data-end=\"1418\">sal<\/strong>, <strong data-start=\"1420\" data-end=\"1442\">extracto de romero<\/strong> y <strong data-start=\"1445\" data-end=\"1462\">aroma natural<\/strong><\/p>\n<\/li>\n<\/ul>\n<h3 class=\"\" data-start=\"1466\" data-end=\"1491\"><strong data-start=\"1470\" data-end=\"1489\">Caracter\u00edsticas<\/strong><\/h3>\n<ul data-start=\"1492\" data-end=\"1683\">\n<li class=\"\" data-start=\"1492\" data-end=\"1537\">\n<p class=\"\" data-start=\"1494\" data-end=\"1537\"><strong data-start=\"1494\" data-end=\"1535\">Sabor \u00fanico de coco y chocolate negro<\/strong><\/p>\n<\/li>\n<li class=\"\" data-start=\"1538\" data-end=\"1602\">\n<p class=\"\" data-start=\"1540\" data-end=\"1602\"><strong data-start=\"1540\" data-end=\"1600\">Textura crujiente gracias a los copos de avena y espelta<\/strong><\/p>\n<\/li>\n<li class=\"\" data-start=\"1603\" data-end=\"1642\">\n<p class=\"\" data-start=\"1605\" data-end=\"1642\"><strong data-start=\"1605\" data-end=\"1640\">Puede contener trazas de s\u00e9samo<\/strong><\/p>\n<\/li>\n<li class=\"\" data-start=\"1643\" data-end=\"1683\">\n<p class=\"\" data-start=\"1645\" data-end=\"1683\"><strong data-start=\"1645\" data-end=\"1681\">Aromas naturales y antioxidantes<\/strong><\/p>\n<\/li>\n<\/ul>\n<p class=\"\" data-start=\"1685\" data-end=\"1846\">Estas galletas son ideales para quienes buscan un snack delicioso y saludable, con el perfecto equilibrio entre el sabor a chocolate negro y el frescor del coco.<\/p>\n<h3 class=\"\" data-start=\"1848\" data-end=\"1946\"><strong data-start=\"1852\" data-end=\"1946\">\u00a1Haz tu pedido ahora y disfruta de estas deliciosas galletas con sabor a coco y chocolate!<\/strong><\/h3>\n","protected":false},"excerpt":{"rendered":"<p>*VENTA POR CAJA DE 21 Estuches x 5 Unidades<\/p>\n","protected":false},"featured_media":21531,"comment_status":"open","ping_status":"closed","template":"","meta":[],"product_brand":[231],"product_cat":[51,107,95],"product_tag":[119],"class_list":{"0":"post-17692","1":"product","2":"type-product","3":"status-publish","4":"has-post-thumbnail","6":"product_brand-natwins","7":"product_cat-productos","8":"product_cat-snacks-snacks","9":"product_cat-snacks","10":"product_tag-natwins","12":"first","13":"instock","14":"taxable","15":"shipping-taxable","16":"purchasable","17":"product-type-simple"},"yoast_head":"<!-- This site is optimized with the Yoast SEO plugin v27.5 - https:\/\/yoast.com\/product\/yoast-seo-wordpress\/ -->\n<title>NATWINS Coco yogur y chocolate 21udsx45gr - Nomesvending<\/title>\n<meta name=\"description\" content=\"NATWINS Coco, yogur y chocolate 45gr, con copos de avena, almendras y un toque de yogur. Caja de 21 estuches con 5 galletas cada uno....\" \/>\n<meta name=\"robots\" content=\"index, follow, max-snippet:-1, max-image-preview:large, max-video-preview:-1\" \/>\n<link rel=\"canonical\" href=\"https:\/\/nomesvending.com\/web\/tienda\/productos\/snacks\/snacks-snacks\/natwins-coco-yogur-y-chocolate-45gr\/\" \/>\n<meta property=\"og:locale\" content=\"es_ES\" \/>\n<meta property=\"og:type\" content=\"article\" \/>\n<meta property=\"og:title\" content=\"NATWINS Coco yogur y chocolate 21udsx45gr - Nomesvending\" \/>\n<meta property=\"og:description\" content=\"NATWINS Coco, yogur y chocolate 45gr, con copos de avena, almendras y un toque de yogur. Caja de 21 estuches con 5 galletas cada uno....\" \/>\n<meta property=\"og:url\" content=\"https:\/\/nomesvending.com\/web\/tienda\/productos\/snacks\/snacks-snacks\/natwins-coco-yogur-y-chocolate-45gr\/\" \/>\n<meta property=\"og:site_name\" content=\"Nomesvending\" \/>\n<meta property=\"article:publisher\" content=\"https:\/\/www.facebook.com\/NomesVending\/\" \/>\n<meta property=\"article:modified_time\" content=\"2026-02-26T08:24:09+00:00\" \/>\n<meta property=\"og:image\" content=\"https:\/\/nomesvending.com\/web\/wp-content\/uploads\/2024\/06\/A09968-4.png\" \/>\n\t<meta property=\"og:image:width\" content=\"500\" \/>\n\t<meta property=\"og:image:height\" content=\"500\" \/>\n\t<meta property=\"og:image:type\" content=\"image\/png\" \/>\n<meta name=\"twitter:card\" content=\"summary_large_image\" \/>\n<meta name=\"twitter:label1\" content=\"Tiempo de lectura\" \/>\n\t<meta name=\"twitter:data1\" content=\"2 minutos\" \/>\n<script type=\"application\/ld+json\" class=\"yoast-schema-graph\">{\"@context\":\"https:\\\/\\\/schema.org\",\"@graph\":[{\"@type\":\"WebPage\",\"@id\":\"https:\\\/\\\/nomesvending.com\\\/web\\\/tienda\\\/productos\\\/snacks\\\/snacks-snacks\\\/natwins-coco-yogur-y-chocolate-45gr\\\/\",\"url\":\"https:\\\/\\\/nomesvending.com\\\/web\\\/tienda\\\/productos\\\/snacks\\\/snacks-snacks\\\/natwins-coco-yogur-y-chocolate-45gr\\\/\",\"name\":\"NATWINS Coco yogur y chocolate 21udsx45gr - Nomesvending\",\"isPartOf\":{\"@id\":\"https:\\\/\\\/nomesvending.com\\\/web\\\/#website\"},\"primaryImageOfPage\":{\"@id\":\"https:\\\/\\\/nomesvending.com\\\/web\\\/tienda\\\/productos\\\/snacks\\\/snacks-snacks\\\/natwins-coco-yogur-y-chocolate-45gr\\\/#primaryimage\"},\"image\":{\"@id\":\"https:\\\/\\\/nomesvending.com\\\/web\\\/tienda\\\/productos\\\/snacks\\\/snacks-snacks\\\/natwins-coco-yogur-y-chocolate-45gr\\\/#primaryimage\"},\"thumbnailUrl\":\"https:\\\/\\\/nomesvending.com\\\/web\\\/wp-content\\\/uploads\\\/2024\\\/06\\\/A09968-4.png\",\"datePublished\":\"2024-06-12T06:45:29+00:00\",\"dateModified\":\"2026-02-26T08:24:09+00:00\",\"description\":\"NATWINS Coco, yogur y chocolate 45gr, con copos de avena, almendras y un toque de yogur. Caja de 21 estuches con 5 galletas cada uno....\",\"breadcrumb\":{\"@id\":\"https:\\\/\\\/nomesvending.com\\\/web\\\/tienda\\\/productos\\\/snacks\\\/snacks-snacks\\\/natwins-coco-yogur-y-chocolate-45gr\\\/#breadcrumb\"},\"inLanguage\":\"es\",\"potentialAction\":[{\"@type\":\"ReadAction\",\"target\":[\"https:\\\/\\\/nomesvending.com\\\/web\\\/tienda\\\/productos\\\/snacks\\\/snacks-snacks\\\/natwins-coco-yogur-y-chocolate-45gr\\\/\"]}]},{\"@type\":\"ImageObject\",\"inLanguage\":\"es\",\"@id\":\"https:\\\/\\\/nomesvending.com\\\/web\\\/tienda\\\/productos\\\/snacks\\\/snacks-snacks\\\/natwins-coco-yogur-y-chocolate-45gr\\\/#primaryimage\",\"url\":\"https:\\\/\\\/nomesvending.com\\\/web\\\/wp-content\\\/uploads\\\/2024\\\/06\\\/A09968-4.png\",\"contentUrl\":\"https:\\\/\\\/nomesvending.com\\\/web\\\/wp-content\\\/uploads\\\/2024\\\/06\\\/A09968-4.png\",\"width\":500,\"height\":500,\"caption\":\"NATWINS Coco, yogur y chocolate 45gr\"},{\"@type\":\"BreadcrumbList\",\"@id\":\"https:\\\/\\\/nomesvending.com\\\/web\\\/tienda\\\/productos\\\/snacks\\\/snacks-snacks\\\/natwins-coco-yogur-y-chocolate-45gr\\\/#breadcrumb\",\"itemListElement\":[{\"@type\":\"ListItem\",\"position\":1,\"name\":\"Portada\",\"item\":\"https:\\\/\\\/nomesvending.com\\\/web\\\/\"},{\"@type\":\"ListItem\",\"position\":2,\"name\":\"Tienda\",\"item\":\"https:\\\/\\\/nomesvending.com\\\/web\\\/tienda\\\/\"},{\"@type\":\"ListItem\",\"position\":3,\"name\":\"NATWINS Coco yogur y chocolate 21udsx45gr\"}]},{\"@type\":\"WebSite\",\"@id\":\"https:\\\/\\\/nomesvending.com\\\/web\\\/#website\",\"url\":\"https:\\\/\\\/nomesvending.com\\\/web\\\/\",\"name\":\"Nom\u00e9sVending\",\"description\":\"M\u00e1quinas, filtros, recambios, monederos, consumibles y todo lo que necesitas para el mundo del vending. Calidad y tecnolog\u00eda para tu negocio. \u00a1Descubre nuestras soluciones!\",\"publisher\":{\"@id\":\"https:\\\/\\\/nomesvending.com\\\/web\\\/#organization\"},\"potentialAction\":[{\"@type\":\"SearchAction\",\"target\":{\"@type\":\"EntryPoint\",\"urlTemplate\":\"https:\\\/\\\/nomesvending.com\\\/web\\\/?s={search_term_string}\"},\"query-input\":{\"@type\":\"PropertyValueSpecification\",\"valueRequired\":true,\"valueName\":\"search_term_string\"}}],\"inLanguage\":\"es\"},{\"@type\":\"Organization\",\"@id\":\"https:\\\/\\\/nomesvending.com\\\/web\\\/#organization\",\"name\":\"Nom\u00e9sVending\",\"url\":\"https:\\\/\\\/nomesvending.com\\\/web\\\/\",\"logo\":{\"@type\":\"ImageObject\",\"inLanguage\":\"es\",\"@id\":\"https:\\\/\\\/nomesvending.com\\\/web\\\/#\\\/schema\\\/logo\\\/image\\\/\",\"url\":\"https:\\\/\\\/nomesvending.com\\\/web\\\/wp-content\\\/uploads\\\/2026\\\/03\\\/Red-and-White-Modern-Vending-Machine-Services-Instagram-Post.png\",\"contentUrl\":\"https:\\\/\\\/nomesvending.com\\\/web\\\/wp-content\\\/uploads\\\/2026\\\/03\\\/Red-and-White-Modern-Vending-Machine-Services-Instagram-Post.png\",\"width\":1080,\"height\":1080,\"caption\":\"Nom\u00e9sVending\"},\"image\":{\"@id\":\"https:\\\/\\\/nomesvending.com\\\/web\\\/#\\\/schema\\\/logo\\\/image\\\/\"},\"sameAs\":[\"https:\\\/\\\/www.facebook.com\\\/NomesVending\\\/\",\"https:\\\/\\\/www.instagram.com\\\/nomesvending\\\/\"]}]}<\/script>\n<!-- \/ Yoast SEO plugin. -->","yoast_head_json":{"title":"NATWINS Coco yogur y chocolate 21udsx45gr - Nomesvending","description":"NATWINS Coco, yogur y chocolate 45gr, con copos de avena, almendras y un toque de yogur. Caja de 21 estuches con 5 galletas cada uno....","robots":{"index":"index","follow":"follow","max-snippet":"max-snippet:-1","max-image-preview":"max-image-preview:large","max-video-preview":"max-video-preview:-1"},"canonical":"https:\/\/nomesvending.com\/web\/tienda\/productos\/snacks\/snacks-snacks\/natwins-coco-yogur-y-chocolate-45gr\/","og_locale":"es_ES","og_type":"article","og_title":"NATWINS Coco yogur y chocolate 21udsx45gr - Nomesvending","og_description":"NATWINS Coco, yogur y chocolate 45gr, con copos de avena, almendras y un toque de yogur. Caja de 21 estuches con 5 galletas cada uno....","og_url":"https:\/\/nomesvending.com\/web\/tienda\/productos\/snacks\/snacks-snacks\/natwins-coco-yogur-y-chocolate-45gr\/","og_site_name":"Nomesvending","article_publisher":"https:\/\/www.facebook.com\/NomesVending\/","article_modified_time":"2026-02-26T08:24:09+00:00","og_image":[{"width":500,"height":500,"url":"https:\/\/nomesvending.com\/web\/wp-content\/uploads\/2024\/06\/A09968-4.png","type":"image\/png"}],"twitter_card":"summary_large_image","twitter_misc":{"Tiempo de lectura":"2 minutos"},"schema":{"@context":"https:\/\/schema.org","@graph":[{"@type":"WebPage","@id":"https:\/\/nomesvending.com\/web\/tienda\/productos\/snacks\/snacks-snacks\/natwins-coco-yogur-y-chocolate-45gr\/","url":"https:\/\/nomesvending.com\/web\/tienda\/productos\/snacks\/snacks-snacks\/natwins-coco-yogur-y-chocolate-45gr\/","name":"NATWINS Coco yogur y chocolate 21udsx45gr - Nomesvending","isPartOf":{"@id":"https:\/\/nomesvending.com\/web\/#website"},"primaryImageOfPage":{"@id":"https:\/\/nomesvending.com\/web\/tienda\/productos\/snacks\/snacks-snacks\/natwins-coco-yogur-y-chocolate-45gr\/#primaryimage"},"image":{"@id":"https:\/\/nomesvending.com\/web\/tienda\/productos\/snacks\/snacks-snacks\/natwins-coco-yogur-y-chocolate-45gr\/#primaryimage"},"thumbnailUrl":"https:\/\/nomesvending.com\/web\/wp-content\/uploads\/2024\/06\/A09968-4.png","datePublished":"2024-06-12T06:45:29+00:00","dateModified":"2026-02-26T08:24:09+00:00","description":"NATWINS Coco, yogur y chocolate 45gr, con copos de avena, almendras y un toque de yogur. Caja de 21 estuches con 5 galletas cada uno....","breadcrumb":{"@id":"https:\/\/nomesvending.com\/web\/tienda\/productos\/snacks\/snacks-snacks\/natwins-coco-yogur-y-chocolate-45gr\/#breadcrumb"},"inLanguage":"es","potentialAction":[{"@type":"ReadAction","target":["https:\/\/nomesvending.com\/web\/tienda\/productos\/snacks\/snacks-snacks\/natwins-coco-yogur-y-chocolate-45gr\/"]}]},{"@type":"ImageObject","inLanguage":"es","@id":"https:\/\/nomesvending.com\/web\/tienda\/productos\/snacks\/snacks-snacks\/natwins-coco-yogur-y-chocolate-45gr\/#primaryimage","url":"https:\/\/nomesvending.com\/web\/wp-content\/uploads\/2024\/06\/A09968-4.png","contentUrl":"https:\/\/nomesvending.com\/web\/wp-content\/uploads\/2024\/06\/A09968-4.png","width":500,"height":500,"caption":"NATWINS Coco, yogur y chocolate 45gr"},{"@type":"BreadcrumbList","@id":"https:\/\/nomesvending.com\/web\/tienda\/productos\/snacks\/snacks-snacks\/natwins-coco-yogur-y-chocolate-45gr\/#breadcrumb","itemListElement":[{"@type":"ListItem","position":1,"name":"Portada","item":"https:\/\/nomesvending.com\/web\/"},{"@type":"ListItem","position":2,"name":"Tienda","item":"https:\/\/nomesvending.com\/web\/tienda\/"},{"@type":"ListItem","position":3,"name":"NATWINS Coco yogur y chocolate 21udsx45gr"}]},{"@type":"WebSite","@id":"https:\/\/nomesvending.com\/web\/#website","url":"https:\/\/nomesvending.com\/web\/","name":"Nom\u00e9sVending","description":"M\u00e1quinas, filtros, recambios, monederos, consumibles y todo lo que necesitas para el mundo del vending. Calidad y tecnolog\u00eda para tu negocio. \u00a1Descubre nuestras soluciones!","publisher":{"@id":"https:\/\/nomesvending.com\/web\/#organization"},"potentialAction":[{"@type":"SearchAction","target":{"@type":"EntryPoint","urlTemplate":"https:\/\/nomesvending.com\/web\/?s={search_term_string}"},"query-input":{"@type":"PropertyValueSpecification","valueRequired":true,"valueName":"search_term_string"}}],"inLanguage":"es"},{"@type":"Organization","@id":"https:\/\/nomesvending.com\/web\/#organization","name":"Nom\u00e9sVending","url":"https:\/\/nomesvending.com\/web\/","logo":{"@type":"ImageObject","inLanguage":"es","@id":"https:\/\/nomesvending.com\/web\/#\/schema\/logo\/image\/","url":"https:\/\/nomesvending.com\/web\/wp-content\/uploads\/2026\/03\/Red-and-White-Modern-Vending-Machine-Services-Instagram-Post.png","contentUrl":"https:\/\/nomesvending.com\/web\/wp-content\/uploads\/2026\/03\/Red-and-White-Modern-Vending-Machine-Services-Instagram-Post.png","width":1080,"height":1080,"caption":"Nom\u00e9sVending"},"image":{"@id":"https:\/\/nomesvending.com\/web\/#\/schema\/logo\/image\/"},"sameAs":["https:\/\/www.facebook.com\/NomesVending\/","https:\/\/www.instagram.com\/nomesvending\/"]}]}},"_links":{"self":[{"href":"https:\/\/nomesvending.com\/web\/wp-json\/wp\/v2\/product\/17692","targetHints":{"allow":["GET"]}}],"collection":[{"href":"https:\/\/nomesvending.com\/web\/wp-json\/wp\/v2\/product"}],"about":[{"href":"https:\/\/nomesvending.com\/web\/wp-json\/wp\/v2\/types\/product"}],"replies":[{"embeddable":true,"href":"https:\/\/nomesvending.com\/web\/wp-json\/wp\/v2\/comments?post=17692"}],"wp:featuredmedia":[{"embeddable":true,"href":"https:\/\/nomesvending.com\/web\/wp-json\/wp\/v2\/media\/21531"}],"wp:attachment":[{"href":"https:\/\/nomesvending.com\/web\/wp-json\/wp\/v2\/media?parent=17692"}],"wp:term":[{"taxonomy":"product_brand","embeddable":true,"href":"https:\/\/nomesvending.com\/web\/wp-json\/wp\/v2\/product_brand?post=17692"},{"taxonomy":"product_cat","embeddable":true,"href":"https:\/\/nomesvending.com\/web\/wp-json\/wp\/v2\/product_cat?post=17692"},{"taxonomy":"product_tag","embeddable":true,"href":"https:\/\/nomesvending.com\/web\/wp-json\/wp\/v2\/product_tag?post=17692"}],"curies":[{"name":"wp","href":"https:\/\/api.w.org\/{rel}","templated":true}]}}