{"id":17699,"date":"2024-06-12T06:57:44","date_gmt":"2024-06-12T06:57:44","guid":{"rendered":"https:\/\/nomesvending.com\/web\/?post_type=product&#038;p=17699"},"modified":"2026-03-16T20:10:43","modified_gmt":"2026-03-16T20:10:43","slug":"natwins-almendra-y-chocolate-45gr","status":"publish","type":"product","link":"https:\/\/nomesvending.com\/web\/tienda\/productos\/snacks\/snacks-snacks\/natwins-almendra-y-chocolate-45gr\/","title":{"rendered":"NATWINS Almendra y chocolate 21udsX45gr"},"content":{"rendered":"<h3 class=\"\" data-start=\"0\" data-end=\"64\"><strong data-start=\"4\" data-end=\"62\">Galletas NATWINS Almendra y chocolate \u2013 Pack de 21 Estuches<\/strong><\/h3>\n<p class=\"\" data-start=\"66\" data-end=\"596\">Disfruta del delicioso sabor de estas <strong data-start=\"104\" data-end=\"142\">galletas <\/strong><strong data-start=\"4\" data-end=\"62\">NATWINS Almendra y chocolate<\/strong>, una combinaci\u00f3n perfecta de ingredientes naturales y sabrosos. Cada galleta est\u00e1 elaborada con <strong data-start=\"239\" data-end=\"274\">harina de trigo, copos de avena<\/strong>, y <strong data-start=\"278\" data-end=\"298\">copos de centeno<\/strong>, y est\u00e1 enriquecida con el delicioso sabor del <strong data-start=\"346\" data-end=\"366\">chocolate (7,5%)<\/strong>, <strong data-start=\"368\" data-end=\"397\">trozos de almendra (3,5%)<\/strong>, y un toque de <strong data-start=\"413\" data-end=\"427\">yogur (2%)<\/strong> para una experiencia de sabor \u00fanica. Perfectas para cualquier momento del d\u00eda, estas galletas ofrecen una mezcla de texturas crujientes y suaves que encantar\u00e1n a todos.<\/p>\n<p class=\"\" data-start=\"598\" data-end=\"912\">Cada <strong data-start=\"603\" data-end=\"632\">caja contiene 21 estuches<\/strong>, con <strong data-start=\"638\" data-end=\"664\">5 galletas por estuche<\/strong>, lo que las hace ideales para compartir, disfrutar en casa o llevar a la oficina. Adem\u00e1s, el formato de <strong data-start=\"769\" data-end=\"792\">225 cajas por palet<\/strong> es perfecto para distribuidores, tiendas o grandes consumidores que deseen ofrecer este delicioso snack a sus clientes.<\/p>\n<h3 class=\"\" data-start=\"914\" data-end=\"948\"><strong data-start=\"918\" data-end=\"946\">Ingredientes Principales de NATWINS Almendra y chocolate<\/strong><\/h3>\n<ul data-start=\"949\" data-end=\"1167\">\n<li class=\"\" data-start=\"949\" data-end=\"972\">\n<p class=\"\" data-start=\"951\" data-end=\"972\"><strong data-start=\"951\" data-end=\"970\">Harina de trigo<\/strong><\/p>\n<\/li>\n<li class=\"\" data-start=\"973\" data-end=\"1001\">\n<p class=\"\" data-start=\"975\" data-end=\"1001\"><strong data-start=\"975\" data-end=\"999\">Copos de avena (18%)<\/strong><\/p>\n<\/li>\n<li class=\"\" data-start=\"1002\" data-end=\"1026\">\n<p class=\"\" data-start=\"1004\" data-end=\"1026\"><strong data-start=\"1004\" data-end=\"1024\">Chocolate (7,5%)<\/strong><\/p>\n<\/li>\n<li class=\"\" data-start=\"1027\" data-end=\"1056\">\n<p class=\"\" data-start=\"1029\" data-end=\"1056\"><strong data-start=\"1029\" data-end=\"1054\">Copos de centeno (6%)<\/strong><\/p>\n<\/li>\n<li class=\"\" data-start=\"1057\" data-end=\"1090\">\n<p class=\"\" data-start=\"1059\" data-end=\"1090\"><strong data-start=\"1059\" data-end=\"1088\">Trozos de almendra (3,5%)<\/strong><\/p>\n<\/li>\n<li class=\"\" data-start=\"1091\" data-end=\"1109\">\n<p class=\"\" data-start=\"1093\" data-end=\"1109\"><strong data-start=\"1093\" data-end=\"1107\">Yogur (2%)<\/strong><\/p>\n<\/li>\n<li class=\"\" data-start=\"1110\" data-end=\"1141\">\n<p class=\"\" data-start=\"1112\" data-end=\"1141\"><strong data-start=\"1112\" data-end=\"1139\">Suero de leche en polvo<\/strong><\/p>\n<\/li>\n<li class=\"\" data-start=\"1142\" data-end=\"1167\">\n<p class=\"\" data-start=\"1144\" data-end=\"1167\"><strong data-start=\"1144\" data-end=\"1165\">Aceite de girasol<\/strong><\/p>\n<\/li>\n<\/ul>\n<h3 class=\"\" data-start=\"1169\" data-end=\"1194\"><strong data-start=\"1173\" data-end=\"1192\">Caracter\u00edsticas<\/strong><\/h3>\n<ul data-start=\"1195\" data-end=\"1325\">\n<li class=\"\" data-start=\"1195\" data-end=\"1219\">\n<p class=\"\" data-start=\"1197\" data-end=\"1219\"><strong data-start=\"1197\" data-end=\"1217\">Aromas naturales<\/strong><\/p>\n<\/li>\n<li class=\"\" data-start=\"1220\" data-end=\"1251\">\n<p class=\"\" data-start=\"1222\" data-end=\"1251\"><strong data-start=\"1222\" data-end=\"1249\">Contienen oligofructosa<\/strong><\/p>\n<\/li>\n<li class=\"\" data-start=\"1252\" data-end=\"1287\">\n<p class=\"\" data-start=\"1254\" data-end=\"1287\"><strong data-start=\"1254\" data-end=\"1285\">Sin colorantes artificiales<\/strong><\/p>\n<\/li>\n<li class=\"\" data-start=\"1288\" data-end=\"1325\">\n<p class=\"\" data-start=\"1290\" data-end=\"1325\"><strong data-start=\"1290\" data-end=\"1325\">Puede contener trazas de s\u00e9samo<\/strong><\/p>\n<\/li>\n<\/ul>\n<p class=\"\" data-start=\"1327\" data-end=\"1508\">Con una mezcla perfecta de ingredientes de alta calidad, estas galletas no solo son deliciosas, sino tambi\u00e9n una opci\u00f3n nutritiva para acompa\u00f1ar tu d\u00eda. \u00a1No te quedes sin probarlas!<\/p>\n<h3 class=\"\" data-start=\"1510\" data-end=\"1619\"><strong data-start=\"1514\" data-end=\"1617\">\u00a1Haz tu pedido ahora y disfruta del irresistible sabor de estas galletas con almendras y chocolate!<\/strong><\/h3>\n","protected":false},"excerpt":{"rendered":"<p>*VENTA POR CAJA DE 21 Estuches x 5 Unidades<\/p>\n","protected":false},"featured_media":21533,"comment_status":"open","ping_status":"closed","template":"","meta":[],"product_brand":[231],"product_cat":[51,107,95],"product_tag":[119],"class_list":{"0":"post-17699","1":"product","2":"type-product","3":"status-publish","4":"has-post-thumbnail","6":"product_brand-natwins","7":"product_cat-productos","8":"product_cat-snacks-snacks","9":"product_cat-snacks","10":"product_tag-natwins","12":"first","13":"instock","14":"taxable","15":"shipping-taxable","16":"purchasable","17":"product-type-simple"},"yoast_head":"<!-- This site is optimized with the Yoast SEO plugin v27.0 - https:\/\/yoast.com\/product\/yoast-seo-wordpress\/ -->\n<title>NATWINS Almendra y chocolate 21udsX45gr - Nomesvending<\/title>\n<meta name=\"description\" content=\"Disfruta de las NATWINS Almendra y chocolate con una mezcla perfecta de ingredientes naturales. Caja de 21 estuches con 5 galletas cada uno.\" \/>\n<meta name=\"robots\" content=\"index, follow, max-snippet:-1, max-image-preview:large, max-video-preview:-1\" \/>\n<link rel=\"canonical\" href=\"https:\/\/nomesvending.com\/web\/tienda\/productos\/snacks\/snacks-snacks\/natwins-almendra-y-chocolate-45gr\/\" \/>\n<meta property=\"og:locale\" content=\"es_ES\" \/>\n<meta property=\"og:type\" content=\"article\" \/>\n<meta property=\"og:title\" content=\"NATWINS Almendra y chocolate 21udsX45gr - Nomesvending\" \/>\n<meta property=\"og:description\" content=\"Disfruta de las NATWINS Almendra y chocolate con una mezcla perfecta de ingredientes naturales. Caja de 21 estuches con 5 galletas cada uno.\" \/>\n<meta property=\"og:url\" content=\"https:\/\/nomesvending.com\/web\/tienda\/productos\/snacks\/snacks-snacks\/natwins-almendra-y-chocolate-45gr\/\" \/>\n<meta property=\"og:site_name\" content=\"Nomesvending\" \/>\n<meta property=\"article:publisher\" content=\"https:\/\/www.facebook.com\/NomesVending\/\" \/>\n<meta property=\"article:modified_time\" content=\"2026-03-16T20:10:43+00:00\" \/>\n<meta property=\"og:image\" content=\"https:\/\/nomesvending.com\/web\/wp-content\/uploads\/2024\/06\/A09968-1.png\" \/>\n\t<meta property=\"og:image:width\" content=\"500\" \/>\n\t<meta property=\"og:image:height\" content=\"500\" \/>\n\t<meta property=\"og:image:type\" content=\"image\/png\" \/>\n<meta name=\"twitter:card\" content=\"summary_large_image\" \/>\n<meta name=\"twitter:label1\" content=\"Tiempo de lectura\" \/>\n\t<meta name=\"twitter:data1\" content=\"2 minutos\" \/>\n<script type=\"application\/ld+json\" class=\"yoast-schema-graph\">{\"@context\":\"https:\/\/schema.org\",\"@graph\":[{\"@type\":\"WebPage\",\"@id\":\"https:\/\/nomesvending.com\/web\/tienda\/productos\/snacks\/snacks-snacks\/natwins-almendra-y-chocolate-45gr\/\",\"url\":\"https:\/\/nomesvending.com\/web\/tienda\/productos\/snacks\/snacks-snacks\/natwins-almendra-y-chocolate-45gr\/\",\"name\":\"NATWINS Almendra y chocolate 21udsX45gr - Nomesvending\",\"isPartOf\":{\"@id\":\"https:\/\/nomesvending.com\/web\/#website\"},\"primaryImageOfPage\":{\"@id\":\"https:\/\/nomesvending.com\/web\/tienda\/productos\/snacks\/snacks-snacks\/natwins-almendra-y-chocolate-45gr\/#primaryimage\"},\"image\":{\"@id\":\"https:\/\/nomesvending.com\/web\/tienda\/productos\/snacks\/snacks-snacks\/natwins-almendra-y-chocolate-45gr\/#primaryimage\"},\"thumbnailUrl\":\"https:\/\/nomesvending.com\/web\/wp-content\/uploads\/2024\/06\/A09968-1.png\",\"datePublished\":\"2024-06-12T06:57:44+00:00\",\"dateModified\":\"2026-03-16T20:10:43+00:00\",\"description\":\"Disfruta de las NATWINS Almendra y chocolate con una mezcla perfecta de ingredientes naturales. Caja de 21 estuches con 5 galletas cada uno.\",\"breadcrumb\":{\"@id\":\"https:\/\/nomesvending.com\/web\/tienda\/productos\/snacks\/snacks-snacks\/natwins-almendra-y-chocolate-45gr\/#breadcrumb\"},\"inLanguage\":\"es\",\"potentialAction\":[{\"@type\":\"ReadAction\",\"target\":[\"https:\/\/nomesvending.com\/web\/tienda\/productos\/snacks\/snacks-snacks\/natwins-almendra-y-chocolate-45gr\/\"]}]},{\"@type\":\"ImageObject\",\"inLanguage\":\"es\",\"@id\":\"https:\/\/nomesvending.com\/web\/tienda\/productos\/snacks\/snacks-snacks\/natwins-almendra-y-chocolate-45gr\/#primaryimage\",\"url\":\"https:\/\/nomesvending.com\/web\/wp-content\/uploads\/2024\/06\/A09968-1.png\",\"contentUrl\":\"https:\/\/nomesvending.com\/web\/wp-content\/uploads\/2024\/06\/A09968-1.png\",\"width\":500,\"height\":500,\"caption\":\"NATWINS Almendra y chocolate\"},{\"@type\":\"BreadcrumbList\",\"@id\":\"https:\/\/nomesvending.com\/web\/tienda\/productos\/snacks\/snacks-snacks\/natwins-almendra-y-chocolate-45gr\/#breadcrumb\",\"itemListElement\":[{\"@type\":\"ListItem\",\"position\":1,\"name\":\"Portada\",\"item\":\"https:\/\/nomesvending.com\/web\/\"},{\"@type\":\"ListItem\",\"position\":2,\"name\":\"Tienda\",\"item\":\"https:\/\/nomesvending.com\/web\/tienda\/\"},{\"@type\":\"ListItem\",\"position\":3,\"name\":\"NATWINS Almendra y chocolate 21udsX45gr\"}]},{\"@type\":\"WebSite\",\"@id\":\"https:\/\/nomesvending.com\/web\/#website\",\"url\":\"https:\/\/nomesvending.com\/web\/\",\"name\":\"Nom\u00e9sVending\",\"description\":\"M\u00e1quinas, filtros, recambios, monederos, consumibles y todo lo que necesitas para el mundo del vending. Calidad y tecnolog\u00eda para tu negocio. \u00a1Descubre nuestras soluciones!\",\"publisher\":{\"@id\":\"https:\/\/nomesvending.com\/web\/#organization\"},\"potentialAction\":[{\"@type\":\"SearchAction\",\"target\":{\"@type\":\"EntryPoint\",\"urlTemplate\":\"https:\/\/nomesvending.com\/web\/?s={search_term_string}\"},\"query-input\":{\"@type\":\"PropertyValueSpecification\",\"valueRequired\":true,\"valueName\":\"search_term_string\"}}],\"inLanguage\":\"es\"},{\"@type\":\"Organization\",\"@id\":\"https:\/\/nomesvending.com\/web\/#organization\",\"name\":\"Nom\u00e9sVending\",\"url\":\"https:\/\/nomesvending.com\/web\/\",\"logo\":{\"@type\":\"ImageObject\",\"inLanguage\":\"es\",\"@id\":\"https:\/\/nomesvending.com\/web\/#\/schema\/logo\/image\/\",\"url\":\"https:\/\/nomesvending.com\/web\/wp-content\/uploads\/2026\/03\/Red-and-White-Modern-Vending-Machine-Services-Instagram-Post.png\",\"contentUrl\":\"https:\/\/nomesvending.com\/web\/wp-content\/uploads\/2026\/03\/Red-and-White-Modern-Vending-Machine-Services-Instagram-Post.png\",\"width\":1080,\"height\":1080,\"caption\":\"Nom\u00e9sVending\"},\"image\":{\"@id\":\"https:\/\/nomesvending.com\/web\/#\/schema\/logo\/image\/\"},\"sameAs\":[\"https:\/\/www.facebook.com\/NomesVending\/\",\"https:\/\/www.instagram.com\/nomesvending\/\"]}]}<\/script>\n<!-- \/ Yoast SEO plugin. -->","yoast_head_json":{"title":"NATWINS Almendra y chocolate 21udsX45gr - Nomesvending","description":"Disfruta de las NATWINS Almendra y chocolate con una mezcla perfecta de ingredientes naturales. Caja de 21 estuches con 5 galletas cada uno.","robots":{"index":"index","follow":"follow","max-snippet":"max-snippet:-1","max-image-preview":"max-image-preview:large","max-video-preview":"max-video-preview:-1"},"canonical":"https:\/\/nomesvending.com\/web\/tienda\/productos\/snacks\/snacks-snacks\/natwins-almendra-y-chocolate-45gr\/","og_locale":"es_ES","og_type":"article","og_title":"NATWINS Almendra y chocolate 21udsX45gr - Nomesvending","og_description":"Disfruta de las NATWINS Almendra y chocolate con una mezcla perfecta de ingredientes naturales. Caja de 21 estuches con 5 galletas cada uno.","og_url":"https:\/\/nomesvending.com\/web\/tienda\/productos\/snacks\/snacks-snacks\/natwins-almendra-y-chocolate-45gr\/","og_site_name":"Nomesvending","article_publisher":"https:\/\/www.facebook.com\/NomesVending\/","article_modified_time":"2026-03-16T20:10:43+00:00","og_image":[{"width":500,"height":500,"url":"https:\/\/nomesvending.com\/web\/wp-content\/uploads\/2024\/06\/A09968-1.png","type":"image\/png"}],"twitter_card":"summary_large_image","twitter_misc":{"Tiempo de lectura":"2 minutos"},"schema":{"@context":"https:\/\/schema.org","@graph":[{"@type":"WebPage","@id":"https:\/\/nomesvending.com\/web\/tienda\/productos\/snacks\/snacks-snacks\/natwins-almendra-y-chocolate-45gr\/","url":"https:\/\/nomesvending.com\/web\/tienda\/productos\/snacks\/snacks-snacks\/natwins-almendra-y-chocolate-45gr\/","name":"NATWINS Almendra y chocolate 21udsX45gr - Nomesvending","isPartOf":{"@id":"https:\/\/nomesvending.com\/web\/#website"},"primaryImageOfPage":{"@id":"https:\/\/nomesvending.com\/web\/tienda\/productos\/snacks\/snacks-snacks\/natwins-almendra-y-chocolate-45gr\/#primaryimage"},"image":{"@id":"https:\/\/nomesvending.com\/web\/tienda\/productos\/snacks\/snacks-snacks\/natwins-almendra-y-chocolate-45gr\/#primaryimage"},"thumbnailUrl":"https:\/\/nomesvending.com\/web\/wp-content\/uploads\/2024\/06\/A09968-1.png","datePublished":"2024-06-12T06:57:44+00:00","dateModified":"2026-03-16T20:10:43+00:00","description":"Disfruta de las NATWINS Almendra y chocolate con una mezcla perfecta de ingredientes naturales. Caja de 21 estuches con 5 galletas cada uno.","breadcrumb":{"@id":"https:\/\/nomesvending.com\/web\/tienda\/productos\/snacks\/snacks-snacks\/natwins-almendra-y-chocolate-45gr\/#breadcrumb"},"inLanguage":"es","potentialAction":[{"@type":"ReadAction","target":["https:\/\/nomesvending.com\/web\/tienda\/productos\/snacks\/snacks-snacks\/natwins-almendra-y-chocolate-45gr\/"]}]},{"@type":"ImageObject","inLanguage":"es","@id":"https:\/\/nomesvending.com\/web\/tienda\/productos\/snacks\/snacks-snacks\/natwins-almendra-y-chocolate-45gr\/#primaryimage","url":"https:\/\/nomesvending.com\/web\/wp-content\/uploads\/2024\/06\/A09968-1.png","contentUrl":"https:\/\/nomesvending.com\/web\/wp-content\/uploads\/2024\/06\/A09968-1.png","width":500,"height":500,"caption":"NATWINS Almendra y chocolate"},{"@type":"BreadcrumbList","@id":"https:\/\/nomesvending.com\/web\/tienda\/productos\/snacks\/snacks-snacks\/natwins-almendra-y-chocolate-45gr\/#breadcrumb","itemListElement":[{"@type":"ListItem","position":1,"name":"Portada","item":"https:\/\/nomesvending.com\/web\/"},{"@type":"ListItem","position":2,"name":"Tienda","item":"https:\/\/nomesvending.com\/web\/tienda\/"},{"@type":"ListItem","position":3,"name":"NATWINS Almendra y chocolate 21udsX45gr"}]},{"@type":"WebSite","@id":"https:\/\/nomesvending.com\/web\/#website","url":"https:\/\/nomesvending.com\/web\/","name":"Nom\u00e9sVending","description":"M\u00e1quinas, filtros, recambios, monederos, consumibles y todo lo que necesitas para el mundo del vending. Calidad y tecnolog\u00eda para tu negocio. \u00a1Descubre nuestras soluciones!","publisher":{"@id":"https:\/\/nomesvending.com\/web\/#organization"},"potentialAction":[{"@type":"SearchAction","target":{"@type":"EntryPoint","urlTemplate":"https:\/\/nomesvending.com\/web\/?s={search_term_string}"},"query-input":{"@type":"PropertyValueSpecification","valueRequired":true,"valueName":"search_term_string"}}],"inLanguage":"es"},{"@type":"Organization","@id":"https:\/\/nomesvending.com\/web\/#organization","name":"Nom\u00e9sVending","url":"https:\/\/nomesvending.com\/web\/","logo":{"@type":"ImageObject","inLanguage":"es","@id":"https:\/\/nomesvending.com\/web\/#\/schema\/logo\/image\/","url":"https:\/\/nomesvending.com\/web\/wp-content\/uploads\/2026\/03\/Red-and-White-Modern-Vending-Machine-Services-Instagram-Post.png","contentUrl":"https:\/\/nomesvending.com\/web\/wp-content\/uploads\/2026\/03\/Red-and-White-Modern-Vending-Machine-Services-Instagram-Post.png","width":1080,"height":1080,"caption":"Nom\u00e9sVending"},"image":{"@id":"https:\/\/nomesvending.com\/web\/#\/schema\/logo\/image\/"},"sameAs":["https:\/\/www.facebook.com\/NomesVending\/","https:\/\/www.instagram.com\/nomesvending\/"]}]}},"_links":{"self":[{"href":"https:\/\/nomesvending.com\/web\/wp-json\/wp\/v2\/product\/17699","targetHints":{"allow":["GET"]}}],"collection":[{"href":"https:\/\/nomesvending.com\/web\/wp-json\/wp\/v2\/product"}],"about":[{"href":"https:\/\/nomesvending.com\/web\/wp-json\/wp\/v2\/types\/product"}],"replies":[{"embeddable":true,"href":"https:\/\/nomesvending.com\/web\/wp-json\/wp\/v2\/comments?post=17699"}],"wp:featuredmedia":[{"embeddable":true,"href":"https:\/\/nomesvending.com\/web\/wp-json\/wp\/v2\/media\/21533"}],"wp:attachment":[{"href":"https:\/\/nomesvending.com\/web\/wp-json\/wp\/v2\/media?parent=17699"}],"wp:term":[{"taxonomy":"product_brand","embeddable":true,"href":"https:\/\/nomesvending.com\/web\/wp-json\/wp\/v2\/product_brand?post=17699"},{"taxonomy":"product_cat","embeddable":true,"href":"https:\/\/nomesvending.com\/web\/wp-json\/wp\/v2\/product_cat?post=17699"},{"taxonomy":"product_tag","embeddable":true,"href":"https:\/\/nomesvending.com\/web\/wp-json\/wp\/v2\/product_tag?post=17699"}],"curies":[{"name":"wp","href":"https:\/\/api.w.org\/{rel}","templated":true}]}}