{"id":18477,"date":"2024-07-03T11:31:43","date_gmt":"2024-07-03T11:31:43","guid":{"rendered":"https:\/\/nomesvending.com\/web\/?post_type=product&#038;p=18477"},"modified":"2025-05-16T09:23:14","modified_gmt":"2025-05-16T09:23:14","slug":"paletina-de-madera-vending","status":"publish","type":"product","link":"https:\/\/nomesvending.com\/web\/tienda\/productos\/vasos\/paletinas\/paletina-de-madera-vending\/","title":{"rendered":"Paletina de madera Vending 105mm"},"content":{"rendered":"<p class=\"\" data-start=\"0\" data-end=\"49\"><strong data-start=\"0\" data-end=\"49\">Caja de 8 Estuches &#8211; Paletina de Madera 105mm<\/strong><\/p>\n<p class=\"\" data-start=\"51\" data-end=\"375\">La Paletina de madera Vending de 105 mm para remover bebidas como caf\u00e9, t\u00e9, chocolate e infusiones. Adem\u00e1s es ideal para m\u00e1quinas vending. Asimismo son pr\u00e1cticas y de un solo uso, de 105mm son una herramienta esencial para el servicio de bebidas en m\u00e1quinas autom\u00e1ticas vending. Dise\u00f1adas para ser utilizadas en la mezcla de diferentes tipos de bebidas, estas paletinas permiten una mezcla eficaz y c\u00f3moda de caf\u00e9s, t\u00e9s, chocolates, infusiones y otras bebidas calientes o fr\u00edas.<\/p>\n<p class=\"\" data-start=\"377\" data-end=\"741\">Fabricadas con madera de alta calidad, las paletinas garantizan durabilidad. Tambi\u00e9n \u00a0resistencia al uso frecuente en entornos de alto tr\u00e1fico, como oficinas, establecimientos comerciales, etc&#8230;<\/p>\n<p class=\"\" data-start=\"377\" data-end=\"741\">Su tama\u00f1o de 105 mm las hace perfectamente adecuadas para su uso en una amplia gama de vasos y tazas, lo que las convierte tambi\u00e9n en una opci\u00f3n vers\u00e1til y pr\u00e1ctica.<\/p>\n<p class=\"\" data-start=\"743\" data-end=\"1139\">Las paletinas son incluso una excelente opci\u00f3n para quienes buscan mantener la higiene y la comodidad en el proceso de preparaci\u00f3n de bebidas, al evitar el uso de utensilios reutilizables o el contacto directo con las manos. Adem\u00e1s, al ser un producto de un solo uso, aseguran una experiencia de consumo m\u00e1s segura y conveniente, especialmente en entornos donde la rapidez y la eficiencia son esenciales.<\/p>\n<p class=\"\" data-start=\"1141\" data-end=\"1459\">Cada caja contiene 8 estuches, y cada estuche est\u00e1 cuidadosamente empaquetado para garantizar la protecci\u00f3n de las paletinas durante su transporte y almacenamiento. Esto facilita la distribuci\u00f3n y la reposici\u00f3n en las m\u00e1quinas vending, igualmente asegurando que siempre tengas paletinas disponibles para el servicio de bebidas.<\/p>\n<p class=\"\" data-start=\"1461\" data-end=\"1481\"><strong data-start=\"1461\" data-end=\"1481\">Caracter\u00edsticas:<\/strong><\/p>\n<ul data-start=\"1483\" data-end=\"1721\">\n<li class=\"\" data-start=\"1483\" data-end=\"1517\">\n<p class=\"\" data-start=\"1485\" data-end=\"1517\">Material: Madera de alta calidad<\/p>\n<\/li>\n<li class=\"\" data-start=\"1518\" data-end=\"1536\">\n<p class=\"\" data-start=\"1520\" data-end=\"1536\">Longitud: 105 mm<\/p>\n<\/li>\n<li class=\"\" data-start=\"1537\" data-end=\"1577\">\n<p class=\"\" data-start=\"1539\" data-end=\"1577\">Uso: Remover bebidas calientes y fr\u00edas<\/p>\n<\/li>\n<li class=\"\" data-start=\"1578\" data-end=\"1627\">\n<p class=\"\" data-start=\"1580\" data-end=\"1627\">Ideal para: Caf\u00e9s, t\u00e9s, chocolates e infusiones<\/p>\n<\/li>\n<li class=\"\" data-start=\"1628\" data-end=\"1663\">\n<p class=\"\" data-start=\"1630\" data-end=\"1663\">Presentaci\u00f3n: Caja con 8 estuches<\/p>\n<\/li>\n<li class=\"\" data-start=\"1664\" data-end=\"1721\">\n<p class=\"\" data-start=\"1666\" data-end=\"1721\">Perfectas para: M\u00e1quinas vending y entornos comerciales<\/p>\n<\/li>\n<\/ul>\n<p class=\"\" data-start=\"1723\" data-end=\"1738\"><strong data-start=\"1723\" data-end=\"1738\">Beneficios:<\/strong><\/p>\n<ul data-start=\"1740\" data-end=\"1855\">\n<li class=\"\" data-start=\"1740\" data-end=\"1769\">\n<p class=\"\" data-start=\"1742\" data-end=\"1769\">Pr\u00e1cticas y f\u00e1ciles de usar<\/p>\n<\/li>\n<li class=\"\" data-start=\"1770\" data-end=\"1798\">\n<p class=\"\" data-start=\"1772\" data-end=\"1798\">Higi\u00e9nicas, de un solo uso<\/p>\n<\/li>\n<li class=\"\" data-start=\"1799\" data-end=\"1824\">\n<p class=\"\" data-start=\"1801\" data-end=\"1824\">Duraderas y resistentes<\/p>\n<\/li>\n<li class=\"\" data-start=\"1825\" data-end=\"1855\">\n<p class=\"\" data-start=\"1827\" data-end=\"1855\">Empaque seguro y conveniente<\/p>\n<\/li>\n<\/ul>\n<p class=\"\" data-start=\"1857\" data-end=\"2027\">En conclusi\u00f3n la paletina de madera 105mm es el complemento perfecto para tu m\u00e1quina vending, ofreciendo una soluci\u00f3n r\u00e1pida y eficiente para mezclar bebidas de manera c\u00f3moda y limpia.<\/p>\n","protected":false},"excerpt":{"rendered":"<p>*VENTA POR ESTUCHE DE 2500 UNIDADES<\/p>\n","protected":false},"featured_media":21467,"comment_status":"open","ping_status":"closed","template":"","meta":[],"product_brand":[226],"product_cat":[106,51,94],"product_tag":[142],"class_list":{"0":"post-18477","1":"product","2":"type-product","3":"status-publish","4":"has-post-thumbnail","6":"product_brand-profesional","7":"product_cat-paletinas","8":"product_cat-productos","9":"product_cat-vasos","10":"product_tag-paletina","12":"first","13":"instock","14":"taxable","15":"shipping-taxable","16":"purchasable","17":"product-type-simple"},"yoast_head":"<!-- This site is optimized with the Yoast SEO plugin v27.0 - https:\/\/yoast.com\/product\/yoast-seo-wordpress\/ -->\n<title>Paletina de madera Vending 105mm - Nomesvending<\/title>\n<meta name=\"description\" content=\"Paletina de madera Vending de 105 mm para remover bebidas como caf\u00e9, t\u00e9, chocolate e infusiones. Ideal para m\u00e1quinas vending. Caja con 8 estuches\" \/>\n<meta name=\"robots\" content=\"index, follow, max-snippet:-1, max-image-preview:large, max-video-preview:-1\" \/>\n<link rel=\"canonical\" href=\"https:\/\/nomesvending.com\/web\/tienda\/productos\/vasos\/paletinas\/paletina-de-madera-vending\/\" \/>\n<meta property=\"og:locale\" content=\"es_ES\" \/>\n<meta property=\"og:type\" content=\"article\" \/>\n<meta property=\"og:title\" content=\"Paletina de madera Vending 105mm - Nomesvending\" \/>\n<meta property=\"og:description\" content=\"Paletina de madera Vending de 105 mm para remover bebidas como caf\u00e9, t\u00e9, chocolate e infusiones. Ideal para m\u00e1quinas vending. Caja con 8 estuches\" \/>\n<meta property=\"og:url\" content=\"https:\/\/nomesvending.com\/web\/tienda\/productos\/vasos\/paletinas\/paletina-de-madera-vending\/\" \/>\n<meta property=\"og:site_name\" content=\"Nomesvending\" \/>\n<meta property=\"article:publisher\" content=\"https:\/\/www.facebook.com\/NomesVending\/\" \/>\n<meta property=\"article:modified_time\" content=\"2025-05-16T09:23:14+00:00\" \/>\n<meta property=\"og:image\" content=\"https:\/\/nomesvending.com\/web\/wp-content\/uploads\/2024\/07\/0090100.png\" \/>\n\t<meta property=\"og:image:width\" content=\"500\" \/>\n\t<meta property=\"og:image:height\" content=\"500\" \/>\n\t<meta property=\"og:image:type\" content=\"image\/png\" \/>\n<meta name=\"twitter:card\" content=\"summary_large_image\" \/>\n<meta name=\"twitter:label1\" content=\"Tiempo de lectura\" \/>\n\t<meta name=\"twitter:data1\" content=\"2 minutos\" \/>\n<script type=\"application\/ld+json\" class=\"yoast-schema-graph\">{\"@context\":\"https:\/\/schema.org\",\"@graph\":[{\"@type\":\"WebPage\",\"@id\":\"https:\/\/nomesvending.com\/web\/tienda\/productos\/vasos\/paletinas\/paletina-de-madera-vending\/\",\"url\":\"https:\/\/nomesvending.com\/web\/tienda\/productos\/vasos\/paletinas\/paletina-de-madera-vending\/\",\"name\":\"Paletina de madera Vending 105mm - Nomesvending\",\"isPartOf\":{\"@id\":\"https:\/\/nomesvending.com\/web\/#website\"},\"primaryImageOfPage\":{\"@id\":\"https:\/\/nomesvending.com\/web\/tienda\/productos\/vasos\/paletinas\/paletina-de-madera-vending\/#primaryimage\"},\"image\":{\"@id\":\"https:\/\/nomesvending.com\/web\/tienda\/productos\/vasos\/paletinas\/paletina-de-madera-vending\/#primaryimage\"},\"thumbnailUrl\":\"https:\/\/nomesvending.com\/web\/wp-content\/uploads\/2024\/07\/0090100.png\",\"datePublished\":\"2024-07-03T11:31:43+00:00\",\"dateModified\":\"2025-05-16T09:23:14+00:00\",\"description\":\"Paletina de madera Vending de 105 mm para remover bebidas como caf\u00e9, t\u00e9, chocolate e infusiones. Ideal para m\u00e1quinas vending. Caja con 8 estuches\",\"breadcrumb\":{\"@id\":\"https:\/\/nomesvending.com\/web\/tienda\/productos\/vasos\/paletinas\/paletina-de-madera-vending\/#breadcrumb\"},\"inLanguage\":\"es\",\"potentialAction\":[{\"@type\":\"ReadAction\",\"target\":[\"https:\/\/nomesvending.com\/web\/tienda\/productos\/vasos\/paletinas\/paletina-de-madera-vending\/\"]}]},{\"@type\":\"ImageObject\",\"inLanguage\":\"es\",\"@id\":\"https:\/\/nomesvending.com\/web\/tienda\/productos\/vasos\/paletinas\/paletina-de-madera-vending\/#primaryimage\",\"url\":\"https:\/\/nomesvending.com\/web\/wp-content\/uploads\/2024\/07\/0090100.png\",\"contentUrl\":\"https:\/\/nomesvending.com\/web\/wp-content\/uploads\/2024\/07\/0090100.png\",\"width\":500,\"height\":500,\"caption\":\"Paletina de madera Vending\"},{\"@type\":\"BreadcrumbList\",\"@id\":\"https:\/\/nomesvending.com\/web\/tienda\/productos\/vasos\/paletinas\/paletina-de-madera-vending\/#breadcrumb\",\"itemListElement\":[{\"@type\":\"ListItem\",\"position\":1,\"name\":\"Portada\",\"item\":\"https:\/\/nomesvending.com\/web\/\"},{\"@type\":\"ListItem\",\"position\":2,\"name\":\"Tienda\",\"item\":\"https:\/\/nomesvending.com\/web\/tienda\/\"},{\"@type\":\"ListItem\",\"position\":3,\"name\":\"Paletina de madera Vending 105mm\"}]},{\"@type\":\"WebSite\",\"@id\":\"https:\/\/nomesvending.com\/web\/#website\",\"url\":\"https:\/\/nomesvending.com\/web\/\",\"name\":\"Nom\u00e9sVending\",\"description\":\"M\u00e1quinas, filtros, recambios, monederos, consumibles y todo lo que necesitas para el mundo del vending. Calidad y tecnolog\u00eda para tu negocio. \u00a1Descubre nuestras soluciones!\",\"publisher\":{\"@id\":\"https:\/\/nomesvending.com\/web\/#organization\"},\"potentialAction\":[{\"@type\":\"SearchAction\",\"target\":{\"@type\":\"EntryPoint\",\"urlTemplate\":\"https:\/\/nomesvending.com\/web\/?s={search_term_string}\"},\"query-input\":{\"@type\":\"PropertyValueSpecification\",\"valueRequired\":true,\"valueName\":\"search_term_string\"}}],\"inLanguage\":\"es\"},{\"@type\":\"Organization\",\"@id\":\"https:\/\/nomesvending.com\/web\/#organization\",\"name\":\"Nom\u00e9sVending\",\"url\":\"https:\/\/nomesvending.com\/web\/\",\"logo\":{\"@type\":\"ImageObject\",\"inLanguage\":\"es\",\"@id\":\"https:\/\/nomesvending.com\/web\/#\/schema\/logo\/image\/\",\"url\":\"https:\/\/nomesvending.com\/web\/wp-content\/uploads\/2026\/03\/Red-and-White-Modern-Vending-Machine-Services-Instagram-Post.png\",\"contentUrl\":\"https:\/\/nomesvending.com\/web\/wp-content\/uploads\/2026\/03\/Red-and-White-Modern-Vending-Machine-Services-Instagram-Post.png\",\"width\":1080,\"height\":1080,\"caption\":\"Nom\u00e9sVending\"},\"image\":{\"@id\":\"https:\/\/nomesvending.com\/web\/#\/schema\/logo\/image\/\"},\"sameAs\":[\"https:\/\/www.facebook.com\/NomesVending\/\",\"https:\/\/www.instagram.com\/nomesvending\/\"]}]}<\/script>\n<!-- \/ Yoast SEO plugin. -->","yoast_head_json":{"title":"Paletina de madera Vending 105mm - Nomesvending","description":"Paletina de madera Vending de 105 mm para remover bebidas como caf\u00e9, t\u00e9, chocolate e infusiones. Ideal para m\u00e1quinas vending. Caja con 8 estuches","robots":{"index":"index","follow":"follow","max-snippet":"max-snippet:-1","max-image-preview":"max-image-preview:large","max-video-preview":"max-video-preview:-1"},"canonical":"https:\/\/nomesvending.com\/web\/tienda\/productos\/vasos\/paletinas\/paletina-de-madera-vending\/","og_locale":"es_ES","og_type":"article","og_title":"Paletina de madera Vending 105mm - Nomesvending","og_description":"Paletina de madera Vending de 105 mm para remover bebidas como caf\u00e9, t\u00e9, chocolate e infusiones. Ideal para m\u00e1quinas vending. Caja con 8 estuches","og_url":"https:\/\/nomesvending.com\/web\/tienda\/productos\/vasos\/paletinas\/paletina-de-madera-vending\/","og_site_name":"Nomesvending","article_publisher":"https:\/\/www.facebook.com\/NomesVending\/","article_modified_time":"2025-05-16T09:23:14+00:00","og_image":[{"width":500,"height":500,"url":"https:\/\/nomesvending.com\/web\/wp-content\/uploads\/2024\/07\/0090100.png","type":"image\/png"}],"twitter_card":"summary_large_image","twitter_misc":{"Tiempo de lectura":"2 minutos"},"schema":{"@context":"https:\/\/schema.org","@graph":[{"@type":"WebPage","@id":"https:\/\/nomesvending.com\/web\/tienda\/productos\/vasos\/paletinas\/paletina-de-madera-vending\/","url":"https:\/\/nomesvending.com\/web\/tienda\/productos\/vasos\/paletinas\/paletina-de-madera-vending\/","name":"Paletina de madera Vending 105mm - Nomesvending","isPartOf":{"@id":"https:\/\/nomesvending.com\/web\/#website"},"primaryImageOfPage":{"@id":"https:\/\/nomesvending.com\/web\/tienda\/productos\/vasos\/paletinas\/paletina-de-madera-vending\/#primaryimage"},"image":{"@id":"https:\/\/nomesvending.com\/web\/tienda\/productos\/vasos\/paletinas\/paletina-de-madera-vending\/#primaryimage"},"thumbnailUrl":"https:\/\/nomesvending.com\/web\/wp-content\/uploads\/2024\/07\/0090100.png","datePublished":"2024-07-03T11:31:43+00:00","dateModified":"2025-05-16T09:23:14+00:00","description":"Paletina de madera Vending de 105 mm para remover bebidas como caf\u00e9, t\u00e9, chocolate e infusiones. Ideal para m\u00e1quinas vending. Caja con 8 estuches","breadcrumb":{"@id":"https:\/\/nomesvending.com\/web\/tienda\/productos\/vasos\/paletinas\/paletina-de-madera-vending\/#breadcrumb"},"inLanguage":"es","potentialAction":[{"@type":"ReadAction","target":["https:\/\/nomesvending.com\/web\/tienda\/productos\/vasos\/paletinas\/paletina-de-madera-vending\/"]}]},{"@type":"ImageObject","inLanguage":"es","@id":"https:\/\/nomesvending.com\/web\/tienda\/productos\/vasos\/paletinas\/paletina-de-madera-vending\/#primaryimage","url":"https:\/\/nomesvending.com\/web\/wp-content\/uploads\/2024\/07\/0090100.png","contentUrl":"https:\/\/nomesvending.com\/web\/wp-content\/uploads\/2024\/07\/0090100.png","width":500,"height":500,"caption":"Paletina de madera Vending"},{"@type":"BreadcrumbList","@id":"https:\/\/nomesvending.com\/web\/tienda\/productos\/vasos\/paletinas\/paletina-de-madera-vending\/#breadcrumb","itemListElement":[{"@type":"ListItem","position":1,"name":"Portada","item":"https:\/\/nomesvending.com\/web\/"},{"@type":"ListItem","position":2,"name":"Tienda","item":"https:\/\/nomesvending.com\/web\/tienda\/"},{"@type":"ListItem","position":3,"name":"Paletina de madera Vending 105mm"}]},{"@type":"WebSite","@id":"https:\/\/nomesvending.com\/web\/#website","url":"https:\/\/nomesvending.com\/web\/","name":"Nom\u00e9sVending","description":"M\u00e1quinas, filtros, recambios, monederos, consumibles y todo lo que necesitas para el mundo del vending. Calidad y tecnolog\u00eda para tu negocio. \u00a1Descubre nuestras soluciones!","publisher":{"@id":"https:\/\/nomesvending.com\/web\/#organization"},"potentialAction":[{"@type":"SearchAction","target":{"@type":"EntryPoint","urlTemplate":"https:\/\/nomesvending.com\/web\/?s={search_term_string}"},"query-input":{"@type":"PropertyValueSpecification","valueRequired":true,"valueName":"search_term_string"}}],"inLanguage":"es"},{"@type":"Organization","@id":"https:\/\/nomesvending.com\/web\/#organization","name":"Nom\u00e9sVending","url":"https:\/\/nomesvending.com\/web\/","logo":{"@type":"ImageObject","inLanguage":"es","@id":"https:\/\/nomesvending.com\/web\/#\/schema\/logo\/image\/","url":"https:\/\/nomesvending.com\/web\/wp-content\/uploads\/2026\/03\/Red-and-White-Modern-Vending-Machine-Services-Instagram-Post.png","contentUrl":"https:\/\/nomesvending.com\/web\/wp-content\/uploads\/2026\/03\/Red-and-White-Modern-Vending-Machine-Services-Instagram-Post.png","width":1080,"height":1080,"caption":"Nom\u00e9sVending"},"image":{"@id":"https:\/\/nomesvending.com\/web\/#\/schema\/logo\/image\/"},"sameAs":["https:\/\/www.facebook.com\/NomesVending\/","https:\/\/www.instagram.com\/nomesvending\/"]}]}},"_links":{"self":[{"href":"https:\/\/nomesvending.com\/web\/wp-json\/wp\/v2\/product\/18477","targetHints":{"allow":["GET"]}}],"collection":[{"href":"https:\/\/nomesvending.com\/web\/wp-json\/wp\/v2\/product"}],"about":[{"href":"https:\/\/nomesvending.com\/web\/wp-json\/wp\/v2\/types\/product"}],"replies":[{"embeddable":true,"href":"https:\/\/nomesvending.com\/web\/wp-json\/wp\/v2\/comments?post=18477"}],"wp:featuredmedia":[{"embeddable":true,"href":"https:\/\/nomesvending.com\/web\/wp-json\/wp\/v2\/media\/21467"}],"wp:attachment":[{"href":"https:\/\/nomesvending.com\/web\/wp-json\/wp\/v2\/media?parent=18477"}],"wp:term":[{"taxonomy":"product_brand","embeddable":true,"href":"https:\/\/nomesvending.com\/web\/wp-json\/wp\/v2\/product_brand?post=18477"},{"taxonomy":"product_cat","embeddable":true,"href":"https:\/\/nomesvending.com\/web\/wp-json\/wp\/v2\/product_cat?post=18477"},{"taxonomy":"product_tag","embeddable":true,"href":"https:\/\/nomesvending.com\/web\/wp-json\/wp\/v2\/product_tag?post=18477"}],"curies":[{"name":"wp","href":"https:\/\/api.w.org\/{rel}","templated":true}]}}