{"id":26890,"date":"2026-01-08T08:14:41","date_gmt":"2026-01-08T08:14:41","guid":{"rendered":"https:\/\/nomesvending.com\/web\/tienda\/sin%20categor\u00eda\/rimini-soul-2-g-compact\/"},"modified":"2026-01-19T08:59:34","modified_gmt":"2026-01-19T08:59:34","slug":"rimini-soul-2-g-compact","status":"publish","type":"product","link":"https:\/\/nomesvending.com\/web\/tienda\/maquinas\/maquinas-de-bar\/futurmat\/rimini-soul\/rimini-soul-2-g-compact\/","title":{"rendered":"M\u00e1quina RIMINI SOUL 2 G COMPACT"},"content":{"rendered":"<p><a style=\"display: inline-block; background-color: #a1a895; color: #ffffff; padding: 10px 20px; border-radius: 5px; text-decoration: none; font-weight: bold; font-family: sans-serif;\" href=\"https:\/\/nomesvending.com\/web\/wp-content\/uploads\/2026\/01\/FUTURMAT-TARIFA-26-ES-ONLINE-V1.pdf-3.pdf\" target=\"_blank\" rel=\"noopener\"> Descarga Cat\u00e1logo<\/a><\/p>\n<p data-start=\"235\" data-end=\"528\">Esta M\u00e1quina RIMINI SOUL 2 G COMPACT<strong data-start=\"240\" data-end=\"283\">\u00a0de caf\u00e9 profesional de 2 grupos<\/strong> combina <strong data-start=\"292\" data-end=\"324\">compactibilidad y eficiencia<\/strong>, con unas <strong data-start=\"335\" data-end=\"372\">dimensiones de 570 x 420 x 530 mm<\/strong> y un <strong data-start=\"378\" data-end=\"395\">peso de 46 kg<\/strong>, ideal para espacios reducidos. La <strong data-start=\"431\" data-end=\"481\">altura de salida de caf\u00e9 a la rejilla de 78 mm<\/strong> es perfecta para tazas y vasos m\u00e1s peque\u00f1os.<\/p>\n<p data-start=\"530\" data-end=\"851\">Equipada con una <strong data-start=\"547\" data-end=\"570\">caldera de 8 litros<\/strong> y <strong data-start=\"573\" data-end=\"595\">potencia de 3200 W<\/strong> con alimentaci\u00f3n de <strong data-start=\"616\" data-end=\"624\">230V<\/strong>, asegura un flujo constante de agua caliente y un desempe\u00f1o r\u00e1pido y confiable. No cuenta con interfaz digital, pero posee un <strong data-start=\"751\" data-end=\"780\">\u00e1rea de trabajo iluminada<\/strong>, que facilita la preparaci\u00f3n del caf\u00e9 en cualquier condici\u00f3n de luz.<\/p>\n<p data-start=\"853\" data-end=\"1071\">Adem\u00e1s, incorpora el sistema <strong data-start=\"882\" data-end=\"893\">Smartia<\/strong>, ofreciendo <strong data-start=\"906\" data-end=\"988\">conectividad inteligente para monitorizaci\u00f3n remota y an\u00e1lisis del rendimiento<\/strong>, optimizando el control y mantenimiento de la m\u00e1quina en entornos profesionales.<\/p>\n","protected":false},"excerpt":{"rendered":"<p data-start=\"235\" data-end=\"528\">Esta M\u00e1quina RIMINI SOUL 2 G COMPACT<strong data-start=\"240\" data-end=\"283\">\u00a0de caf\u00e9 profesional de 2 grupos<\/strong> combina <strong data-start=\"292\" data-end=\"324\">compactibilidad y eficiencia<\/strong>, con unas <strong data-start=\"335\" data-end=\"372\">dimensiones de 570 x 420 x 530 mm<\/strong> y un <strong data-start=\"378\" data-end=\"395\">peso de 46 kg<\/strong>, ideal para espacios reducidos. La <strong data-start=\"431\" data-end=\"481\">altura de salida de caf\u00e9 a la rejilla de 78 mm<\/strong> es perfecta para tazas y vasos m\u00e1s peque\u00f1os.<\/p>\n<p data-start=\"530\" data-end=\"851\">Equipada con una <strong data-start=\"547\" data-end=\"570\">caldera de 8 litros<\/strong> y <strong data-start=\"573\" data-end=\"595\">potencia de 3200 W<\/strong> con alimentaci\u00f3n de <strong data-start=\"616\" data-end=\"624\">230V<\/strong>, asegura un flujo constante de agua caliente y un desempe\u00f1o r\u00e1pido y confiable. No cuenta con interfaz digital, pero posee un <strong data-start=\"751\" data-end=\"780\">\u00e1rea de trabajo iluminada<\/strong>, que facilita la preparaci\u00f3n del caf\u00e9 en cualquier condici\u00f3n de luz.<\/p>\n<p data-start=\"853\" data-end=\"1071\">Adem\u00e1s, incorpora el sistema <strong data-start=\"882\" data-end=\"893\">Smartia<\/strong>, ofreciendo <strong data-start=\"906\" data-end=\"988\">conectividad inteligente para monitorizaci\u00f3n remota y an\u00e1lisis del rendimiento<\/strong>, optimizando el control y mantenimiento de la m\u00e1quina en entornos profesionales.<\/p>\n","protected":false},"featured_media":26935,"comment_status":"open","ping_status":"closed","template":"","meta":[],"product_brand":[],"product_cat":[261,259,264],"product_tag":[],"class_list":{"0":"post-26890","1":"product","2":"type-product","3":"status-publish","4":"has-post-thumbnail","6":"product_cat-futurmat","7":"product_cat-maquinas-de-bar","8":"product_cat-rimini-soul","10":"first","11":"instock","12":"taxable","13":"shipping-taxable","14":"purchasable","15":"product-type-simple"},"yoast_head":"<!-- This site is optimized with the Yoast SEO plugin v27.0 - https:\/\/yoast.com\/product\/yoast-seo-wordpress\/ -->\n<title>M\u00e1quina RIMINI SOUL 2 G COMPACT - Nomesvending<\/title>\n<meta name=\"description\" content=\"M\u00e1quina de caf\u00e9 profesional 2 grupos, caldera de 8\u202fL, 3200\u202fW y Smartia. Compacta y eficiente, ideal para cafeter\u00edas con control remoto.\" \/>\n<meta name=\"robots\" content=\"index, follow, max-snippet:-1, max-image-preview:large, max-video-preview:-1\" \/>\n<link rel=\"canonical\" href=\"https:\/\/nomesvending.com\/web\/tienda\/maquinas\/maquinas-de-bar\/futurmat\/rimini-soul\/rimini-soul-2-g-compact\/\" \/>\n<meta property=\"og:locale\" content=\"es_ES\" \/>\n<meta property=\"og:type\" content=\"article\" \/>\n<meta property=\"og:title\" content=\"M\u00e1quina RIMINI SOUL 2 G COMPACT - Nomesvending\" \/>\n<meta property=\"og:description\" content=\"M\u00e1quina de caf\u00e9 profesional 2 grupos, caldera de 8\u202fL, 3200\u202fW y Smartia. Compacta y eficiente, ideal para cafeter\u00edas con control remoto.\" \/>\n<meta property=\"og:url\" content=\"https:\/\/nomesvending.com\/web\/tienda\/maquinas\/maquinas-de-bar\/futurmat\/rimini-soul\/rimini-soul-2-g-compact\/\" \/>\n<meta property=\"og:site_name\" content=\"Nomesvending\" \/>\n<meta property=\"article:publisher\" content=\"https:\/\/www.facebook.com\/NomesVending\/\" \/>\n<meta property=\"article:modified_time\" content=\"2026-01-19T08:59:34+00:00\" \/>\n<meta property=\"og:image\" content=\"https:\/\/nomesvending.com\/web\/wp-content\/uploads\/2026\/01\/REMINI.png\" \/>\n\t<meta property=\"og:image:width\" content=\"900\" \/>\n\t<meta property=\"og:image:height\" content=\"900\" \/>\n\t<meta property=\"og:image:type\" content=\"image\/png\" \/>\n<meta name=\"twitter:card\" content=\"summary_large_image\" \/>\n<meta name=\"twitter:label1\" content=\"Tiempo de lectura\" \/>\n\t<meta name=\"twitter:data1\" content=\"1 minuto\" \/>\n<script type=\"application\/ld+json\" class=\"yoast-schema-graph\">{\"@context\":\"https:\/\/schema.org\",\"@graph\":[{\"@type\":\"WebPage\",\"@id\":\"https:\/\/nomesvending.com\/web\/tienda\/maquinas\/maquinas-de-bar\/futurmat\/rimini-soul\/rimini-soul-2-g-compact\/\",\"url\":\"https:\/\/nomesvending.com\/web\/tienda\/maquinas\/maquinas-de-bar\/futurmat\/rimini-soul\/rimini-soul-2-g-compact\/\",\"name\":\"M\u00e1quina RIMINI SOUL 2 G COMPACT - Nomesvending\",\"isPartOf\":{\"@id\":\"https:\/\/nomesvending.com\/web\/#website\"},\"primaryImageOfPage\":{\"@id\":\"https:\/\/nomesvending.com\/web\/tienda\/maquinas\/maquinas-de-bar\/futurmat\/rimini-soul\/rimini-soul-2-g-compact\/#primaryimage\"},\"image\":{\"@id\":\"https:\/\/nomesvending.com\/web\/tienda\/maquinas\/maquinas-de-bar\/futurmat\/rimini-soul\/rimini-soul-2-g-compact\/#primaryimage\"},\"thumbnailUrl\":\"https:\/\/nomesvending.com\/web\/wp-content\/uploads\/2026\/01\/REMINI.png\",\"datePublished\":\"2026-01-08T08:14:41+00:00\",\"dateModified\":\"2026-01-19T08:59:34+00:00\",\"description\":\"M\u00e1quina de caf\u00e9 profesional 2 grupos, caldera de 8\u202fL, 3200\u202fW y Smartia. Compacta y eficiente, ideal para cafeter\u00edas con control remoto.\",\"breadcrumb\":{\"@id\":\"https:\/\/nomesvending.com\/web\/tienda\/maquinas\/maquinas-de-bar\/futurmat\/rimini-soul\/rimini-soul-2-g-compact\/#breadcrumb\"},\"inLanguage\":\"es\",\"potentialAction\":[{\"@type\":\"ReadAction\",\"target\":[\"https:\/\/nomesvending.com\/web\/tienda\/maquinas\/maquinas-de-bar\/futurmat\/rimini-soul\/rimini-soul-2-g-compact\/\"]}]},{\"@type\":\"ImageObject\",\"inLanguage\":\"es\",\"@id\":\"https:\/\/nomesvending.com\/web\/tienda\/maquinas\/maquinas-de-bar\/futurmat\/rimini-soul\/rimini-soul-2-g-compact\/#primaryimage\",\"url\":\"https:\/\/nomesvending.com\/web\/wp-content\/uploads\/2026\/01\/REMINI.png\",\"contentUrl\":\"https:\/\/nomesvending.com\/web\/wp-content\/uploads\/2026\/01\/REMINI.png\",\"width\":900,\"height\":900},{\"@type\":\"BreadcrumbList\",\"@id\":\"https:\/\/nomesvending.com\/web\/tienda\/maquinas\/maquinas-de-bar\/futurmat\/rimini-soul\/rimini-soul-2-g-compact\/#breadcrumb\",\"itemListElement\":[{\"@type\":\"ListItem\",\"position\":1,\"name\":\"Portada\",\"item\":\"https:\/\/nomesvending.com\/web\/\"},{\"@type\":\"ListItem\",\"position\":2,\"name\":\"Tienda\",\"item\":\"https:\/\/nomesvending.com\/web\/tienda\/\"},{\"@type\":\"ListItem\",\"position\":3,\"name\":\"M\u00e1quina RIMINI SOUL 2 G COMPACT\"}]},{\"@type\":\"WebSite\",\"@id\":\"https:\/\/nomesvending.com\/web\/#website\",\"url\":\"https:\/\/nomesvending.com\/web\/\",\"name\":\"Nom\u00e9sVending\",\"description\":\"M\u00e1quinas, filtros, recambios, monederos, consumibles y todo lo que necesitas para el mundo del vending. Calidad y tecnolog\u00eda para tu negocio. \u00a1Descubre nuestras soluciones!\",\"publisher\":{\"@id\":\"https:\/\/nomesvending.com\/web\/#organization\"},\"potentialAction\":[{\"@type\":\"SearchAction\",\"target\":{\"@type\":\"EntryPoint\",\"urlTemplate\":\"https:\/\/nomesvending.com\/web\/?s={search_term_string}\"},\"query-input\":{\"@type\":\"PropertyValueSpecification\",\"valueRequired\":true,\"valueName\":\"search_term_string\"}}],\"inLanguage\":\"es\"},{\"@type\":\"Organization\",\"@id\":\"https:\/\/nomesvending.com\/web\/#organization\",\"name\":\"Nom\u00e9sVending\",\"url\":\"https:\/\/nomesvending.com\/web\/\",\"logo\":{\"@type\":\"ImageObject\",\"inLanguage\":\"es\",\"@id\":\"https:\/\/nomesvending.com\/web\/#\/schema\/logo\/image\/\",\"url\":\"https:\/\/nomesvending.com\/web\/wp-content\/uploads\/2026\/03\/Red-and-White-Modern-Vending-Machine-Services-Instagram-Post.png\",\"contentUrl\":\"https:\/\/nomesvending.com\/web\/wp-content\/uploads\/2026\/03\/Red-and-White-Modern-Vending-Machine-Services-Instagram-Post.png\",\"width\":1080,\"height\":1080,\"caption\":\"Nom\u00e9sVending\"},\"image\":{\"@id\":\"https:\/\/nomesvending.com\/web\/#\/schema\/logo\/image\/\"},\"sameAs\":[\"https:\/\/www.facebook.com\/NomesVending\/\",\"https:\/\/www.instagram.com\/nomesvending\/\"]}]}<\/script>\n<!-- \/ Yoast SEO plugin. -->","yoast_head_json":{"title":"M\u00e1quina RIMINI SOUL 2 G COMPACT - Nomesvending","description":"M\u00e1quina de caf\u00e9 profesional 2 grupos, caldera de 8\u202fL, 3200\u202fW y Smartia. Compacta y eficiente, ideal para cafeter\u00edas con control remoto.","robots":{"index":"index","follow":"follow","max-snippet":"max-snippet:-1","max-image-preview":"max-image-preview:large","max-video-preview":"max-video-preview:-1"},"canonical":"https:\/\/nomesvending.com\/web\/tienda\/maquinas\/maquinas-de-bar\/futurmat\/rimini-soul\/rimini-soul-2-g-compact\/","og_locale":"es_ES","og_type":"article","og_title":"M\u00e1quina RIMINI SOUL 2 G COMPACT - Nomesvending","og_description":"M\u00e1quina de caf\u00e9 profesional 2 grupos, caldera de 8\u202fL, 3200\u202fW y Smartia. Compacta y eficiente, ideal para cafeter\u00edas con control remoto.","og_url":"https:\/\/nomesvending.com\/web\/tienda\/maquinas\/maquinas-de-bar\/futurmat\/rimini-soul\/rimini-soul-2-g-compact\/","og_site_name":"Nomesvending","article_publisher":"https:\/\/www.facebook.com\/NomesVending\/","article_modified_time":"2026-01-19T08:59:34+00:00","og_image":[{"width":900,"height":900,"url":"https:\/\/nomesvending.com\/web\/wp-content\/uploads\/2026\/01\/REMINI.png","type":"image\/png"}],"twitter_card":"summary_large_image","twitter_misc":{"Tiempo de lectura":"1 minuto"},"schema":{"@context":"https:\/\/schema.org","@graph":[{"@type":"WebPage","@id":"https:\/\/nomesvending.com\/web\/tienda\/maquinas\/maquinas-de-bar\/futurmat\/rimini-soul\/rimini-soul-2-g-compact\/","url":"https:\/\/nomesvending.com\/web\/tienda\/maquinas\/maquinas-de-bar\/futurmat\/rimini-soul\/rimini-soul-2-g-compact\/","name":"M\u00e1quina RIMINI SOUL 2 G COMPACT - Nomesvending","isPartOf":{"@id":"https:\/\/nomesvending.com\/web\/#website"},"primaryImageOfPage":{"@id":"https:\/\/nomesvending.com\/web\/tienda\/maquinas\/maquinas-de-bar\/futurmat\/rimini-soul\/rimini-soul-2-g-compact\/#primaryimage"},"image":{"@id":"https:\/\/nomesvending.com\/web\/tienda\/maquinas\/maquinas-de-bar\/futurmat\/rimini-soul\/rimini-soul-2-g-compact\/#primaryimage"},"thumbnailUrl":"https:\/\/nomesvending.com\/web\/wp-content\/uploads\/2026\/01\/REMINI.png","datePublished":"2026-01-08T08:14:41+00:00","dateModified":"2026-01-19T08:59:34+00:00","description":"M\u00e1quina de caf\u00e9 profesional 2 grupos, caldera de 8\u202fL, 3200\u202fW y Smartia. Compacta y eficiente, ideal para cafeter\u00edas con control remoto.","breadcrumb":{"@id":"https:\/\/nomesvending.com\/web\/tienda\/maquinas\/maquinas-de-bar\/futurmat\/rimini-soul\/rimini-soul-2-g-compact\/#breadcrumb"},"inLanguage":"es","potentialAction":[{"@type":"ReadAction","target":["https:\/\/nomesvending.com\/web\/tienda\/maquinas\/maquinas-de-bar\/futurmat\/rimini-soul\/rimini-soul-2-g-compact\/"]}]},{"@type":"ImageObject","inLanguage":"es","@id":"https:\/\/nomesvending.com\/web\/tienda\/maquinas\/maquinas-de-bar\/futurmat\/rimini-soul\/rimini-soul-2-g-compact\/#primaryimage","url":"https:\/\/nomesvending.com\/web\/wp-content\/uploads\/2026\/01\/REMINI.png","contentUrl":"https:\/\/nomesvending.com\/web\/wp-content\/uploads\/2026\/01\/REMINI.png","width":900,"height":900},{"@type":"BreadcrumbList","@id":"https:\/\/nomesvending.com\/web\/tienda\/maquinas\/maquinas-de-bar\/futurmat\/rimini-soul\/rimini-soul-2-g-compact\/#breadcrumb","itemListElement":[{"@type":"ListItem","position":1,"name":"Portada","item":"https:\/\/nomesvending.com\/web\/"},{"@type":"ListItem","position":2,"name":"Tienda","item":"https:\/\/nomesvending.com\/web\/tienda\/"},{"@type":"ListItem","position":3,"name":"M\u00e1quina RIMINI SOUL 2 G COMPACT"}]},{"@type":"WebSite","@id":"https:\/\/nomesvending.com\/web\/#website","url":"https:\/\/nomesvending.com\/web\/","name":"Nom\u00e9sVending","description":"M\u00e1quinas, filtros, recambios, monederos, consumibles y todo lo que necesitas para el mundo del vending. Calidad y tecnolog\u00eda para tu negocio. \u00a1Descubre nuestras soluciones!","publisher":{"@id":"https:\/\/nomesvending.com\/web\/#organization"},"potentialAction":[{"@type":"SearchAction","target":{"@type":"EntryPoint","urlTemplate":"https:\/\/nomesvending.com\/web\/?s={search_term_string}"},"query-input":{"@type":"PropertyValueSpecification","valueRequired":true,"valueName":"search_term_string"}}],"inLanguage":"es"},{"@type":"Organization","@id":"https:\/\/nomesvending.com\/web\/#organization","name":"Nom\u00e9sVending","url":"https:\/\/nomesvending.com\/web\/","logo":{"@type":"ImageObject","inLanguage":"es","@id":"https:\/\/nomesvending.com\/web\/#\/schema\/logo\/image\/","url":"https:\/\/nomesvending.com\/web\/wp-content\/uploads\/2026\/03\/Red-and-White-Modern-Vending-Machine-Services-Instagram-Post.png","contentUrl":"https:\/\/nomesvending.com\/web\/wp-content\/uploads\/2026\/03\/Red-and-White-Modern-Vending-Machine-Services-Instagram-Post.png","width":1080,"height":1080,"caption":"Nom\u00e9sVending"},"image":{"@id":"https:\/\/nomesvending.com\/web\/#\/schema\/logo\/image\/"},"sameAs":["https:\/\/www.facebook.com\/NomesVending\/","https:\/\/www.instagram.com\/nomesvending\/"]}]}},"_links":{"self":[{"href":"https:\/\/nomesvending.com\/web\/wp-json\/wp\/v2\/product\/26890","targetHints":{"allow":["GET"]}}],"collection":[{"href":"https:\/\/nomesvending.com\/web\/wp-json\/wp\/v2\/product"}],"about":[{"href":"https:\/\/nomesvending.com\/web\/wp-json\/wp\/v2\/types\/product"}],"replies":[{"embeddable":true,"href":"https:\/\/nomesvending.com\/web\/wp-json\/wp\/v2\/comments?post=26890"}],"wp:featuredmedia":[{"embeddable":true,"href":"https:\/\/nomesvending.com\/web\/wp-json\/wp\/v2\/media\/26935"}],"wp:attachment":[{"href":"https:\/\/nomesvending.com\/web\/wp-json\/wp\/v2\/media?parent=26890"}],"wp:term":[{"taxonomy":"product_brand","embeddable":true,"href":"https:\/\/nomesvending.com\/web\/wp-json\/wp\/v2\/product_brand?post=26890"},{"taxonomy":"product_cat","embeddable":true,"href":"https:\/\/nomesvending.com\/web\/wp-json\/wp\/v2\/product_cat?post=26890"},{"taxonomy":"product_tag","embeddable":true,"href":"https:\/\/nomesvending.com\/web\/wp-json\/wp\/v2\/product_tag?post=26890"}],"curies":[{"name":"wp","href":"https:\/\/api.w.org\/{rel}","templated":true}]}}