{"id":27232,"date":"2026-01-20T08:47:30","date_gmt":"2026-01-20T08:47:30","guid":{"rendered":"https:\/\/nomesvending.com\/web\/?post_type=product&#038;p=27232"},"modified":"2026-01-22T07:44:53","modified_gmt":"2026-01-22T07:44:53","slug":"g-100-es3t-euq","status":"publish","type":"product","link":"https:\/\/nomesvending.com\/web\/tienda\/maquinas\/maquinas-para-hoteles\/g-100-es3t-euq\/","title":{"rendered":"G 100 ES3T\/EUQ"},"content":{"rendered":"<p><a style=\"display: inline-block; background-color: #a1a895; color: #ffffff; padding: 10px 20px; border-radius: 5px; text-decoration: none; font-weight: bold; font-family: sans-serif;\" href=\"https:\/\/nomesvending.com\/web\/wp-content\/uploads\/2026\/01\/G-100-Catalogo.pdf\" target=\"_blank\" rel=\"noopener\"> Descarga Cat\u00e1logo<\/a><\/p>\n<p>La <strong data-start=\"191\" data-end=\"209\">G 100 ES3T\/EUQ<\/strong> es una m\u00e1quina de caf\u00e9 profesional <strong data-start=\"245\" data-end=\"268\">compacta y pr\u00e1ctica<\/strong>, ideal para oficinas, peque\u00f1os locales o entornos de autoservicio con consumo medio. Incorpora <strong data-start=\"364\" data-end=\"396\">tecnolog\u00eda de leche en polvo<\/strong>, que permite preparar bebidas con leche de manera r\u00e1pida y sencilla, sin necesidad de mantenimiento complejo.<br data-start=\"506\" data-end=\"509\" \/>Equipada con <strong data-start=\"522\" data-end=\"542\">bomba vibratoria<\/strong>, <strong data-start=\"544\" data-end=\"577\">un molinillo de caf\u00e9 en grano<\/strong> y <strong data-start=\"580\" data-end=\"618\">dos tolvas para productos solubles<\/strong>, ofrece una amplia variedad de bebidas calientes. El grupo de erogaci\u00f3n <strong data-start=\"691\" data-end=\"709\">Z4000 (7\u201314 g)<\/strong> asegura extracciones consistentes y de calidad.<br data-start=\"757\" data-end=\"760\" data-is-only-node=\"\" \/>Su <strong data-start=\"763\" data-end=\"789\">pantalla t\u00e1ctil de 7\u2019\u2019<\/strong> permite un manejo intuitivo con hasta <strong data-start=\"828\" data-end=\"866\">15 selecciones directas por p\u00e1gina<\/strong>. Con una producci\u00f3n recomendada de <strong data-start=\"902\" data-end=\"929\">hasta 100 tazas diarias<\/strong> y funcionamiento aut\u00f3nomo sin conexi\u00f3n a red de agua, la G 100 ES3T\/EUQ combina eficiencia, simplicidad y fiabilidad en un formato compacto.<\/p>\n","protected":false},"excerpt":{"rendered":"<p>M\u00e1quina de caf\u00e9 profesional compacta con leche en polvo, 1 molinillo y 2 solubles. Pantalla t\u00e1ctil de 7\u2019\u2019 y hasta 100 tazas diarias.<\/p>\n","protected":false},"featured_media":27222,"comment_status":"open","ping_status":"closed","template":"","meta":[],"product_brand":[227,271],"product_cat":[151,277],"product_tag":[],"class_list":{"0":"post-27232","1":"product","2":"type-product","3":"status-publish","4":"has-post-thumbnail","6":"product_brand-evoca","7":"product_brand-gaggia","8":"product_cat-maquinas","9":"product_cat-maquinas-para-hoteles","11":"first","12":"instock","13":"taxable","14":"shipping-taxable","15":"purchasable","16":"product-type-simple"},"yoast_head":"<!-- This site is optimized with the Yoast SEO plugin v27.5 - https:\/\/yoast.com\/product\/yoast-seo-wordpress\/ -->\n<title>G 100 ES3T\/EUQ - Nomesvending<\/title>\n<meta name=\"description\" content=\"G 100 ES3T\/EUQ: m\u00e1quina de caf\u00e9 profesional con leche en polvo, 1 molinillo y 2 solubles. Ideal para oficinas y autoservicio sin conexi\u00f3n a red de agua.\" \/>\n<meta name=\"robots\" content=\"index, follow, max-snippet:-1, max-image-preview:large, max-video-preview:-1\" \/>\n<link rel=\"canonical\" href=\"https:\/\/nomesvending.com\/web\/tienda\/maquinas\/maquinas-para-hoteles\/g-100-es3t-euq\/\" \/>\n<meta property=\"og:locale\" content=\"es_ES\" \/>\n<meta property=\"og:type\" content=\"article\" \/>\n<meta property=\"og:title\" content=\"G 100 ES3T\/EUQ - Nomesvending\" \/>\n<meta property=\"og:description\" content=\"G 100 ES3T\/EUQ: m\u00e1quina de caf\u00e9 profesional con leche en polvo, 1 molinillo y 2 solubles. Ideal para oficinas y autoservicio sin conexi\u00f3n a red de agua.\" \/>\n<meta property=\"og:url\" content=\"https:\/\/nomesvending.com\/web\/tienda\/maquinas\/maquinas-para-hoteles\/g-100-es3t-euq\/\" \/>\n<meta property=\"og:site_name\" content=\"Nomesvending\" \/>\n<meta property=\"article:publisher\" content=\"https:\/\/www.facebook.com\/NomesVending\/\" \/>\n<meta property=\"article:modified_time\" content=\"2026-01-22T07:44:53+00:00\" \/>\n<meta property=\"og:image\" content=\"https:\/\/nomesvending.com\/web\/wp-content\/uploads\/2026\/01\/KREA-100-2.jpg\" \/>\n\t<meta property=\"og:image:width\" content=\"900\" \/>\n\t<meta property=\"og:image:height\" content=\"900\" \/>\n\t<meta property=\"og:image:type\" content=\"image\/jpeg\" \/>\n<meta name=\"twitter:card\" content=\"summary_large_image\" \/>\n<meta name=\"twitter:label1\" content=\"Tiempo de lectura\" \/>\n\t<meta name=\"twitter:data1\" content=\"1 minuto\" \/>\n<script type=\"application\/ld+json\" class=\"yoast-schema-graph\">{\"@context\":\"https:\\\/\\\/schema.org\",\"@graph\":[{\"@type\":\"WebPage\",\"@id\":\"https:\\\/\\\/nomesvending.com\\\/web\\\/tienda\\\/maquinas\\\/maquinas-para-hoteles\\\/g-100-es3t-euq\\\/\",\"url\":\"https:\\\/\\\/nomesvending.com\\\/web\\\/tienda\\\/maquinas\\\/maquinas-para-hoteles\\\/g-100-es3t-euq\\\/\",\"name\":\"G 100 ES3T\\\/EUQ - Nomesvending\",\"isPartOf\":{\"@id\":\"https:\\\/\\\/nomesvending.com\\\/web\\\/#website\"},\"primaryImageOfPage\":{\"@id\":\"https:\\\/\\\/nomesvending.com\\\/web\\\/tienda\\\/maquinas\\\/maquinas-para-hoteles\\\/g-100-es3t-euq\\\/#primaryimage\"},\"image\":{\"@id\":\"https:\\\/\\\/nomesvending.com\\\/web\\\/tienda\\\/maquinas\\\/maquinas-para-hoteles\\\/g-100-es3t-euq\\\/#primaryimage\"},\"thumbnailUrl\":\"https:\\\/\\\/nomesvending.com\\\/web\\\/wp-content\\\/uploads\\\/2026\\\/01\\\/KREA-100-2.jpg\",\"datePublished\":\"2026-01-20T08:47:30+00:00\",\"dateModified\":\"2026-01-22T07:44:53+00:00\",\"description\":\"G 100 ES3T\\\/EUQ: m\u00e1quina de caf\u00e9 profesional con leche en polvo, 1 molinillo y 2 solubles. Ideal para oficinas y autoservicio sin conexi\u00f3n a red de agua.\",\"breadcrumb\":{\"@id\":\"https:\\\/\\\/nomesvending.com\\\/web\\\/tienda\\\/maquinas\\\/maquinas-para-hoteles\\\/g-100-es3t-euq\\\/#breadcrumb\"},\"inLanguage\":\"es\",\"potentialAction\":[{\"@type\":\"ReadAction\",\"target\":[\"https:\\\/\\\/nomesvending.com\\\/web\\\/tienda\\\/maquinas\\\/maquinas-para-hoteles\\\/g-100-es3t-euq\\\/\"]}]},{\"@type\":\"ImageObject\",\"inLanguage\":\"es\",\"@id\":\"https:\\\/\\\/nomesvending.com\\\/web\\\/tienda\\\/maquinas\\\/maquinas-para-hoteles\\\/g-100-es3t-euq\\\/#primaryimage\",\"url\":\"https:\\\/\\\/nomesvending.com\\\/web\\\/wp-content\\\/uploads\\\/2026\\\/01\\\/KREA-100-2.jpg\",\"contentUrl\":\"https:\\\/\\\/nomesvending.com\\\/web\\\/wp-content\\\/uploads\\\/2026\\\/01\\\/KREA-100-2.jpg\",\"width\":900,\"height\":900},{\"@type\":\"BreadcrumbList\",\"@id\":\"https:\\\/\\\/nomesvending.com\\\/web\\\/tienda\\\/maquinas\\\/maquinas-para-hoteles\\\/g-100-es3t-euq\\\/#breadcrumb\",\"itemListElement\":[{\"@type\":\"ListItem\",\"position\":1,\"name\":\"Portada\",\"item\":\"https:\\\/\\\/nomesvending.com\\\/web\\\/\"},{\"@type\":\"ListItem\",\"position\":2,\"name\":\"Tienda\",\"item\":\"https:\\\/\\\/nomesvending.com\\\/web\\\/tienda\\\/\"},{\"@type\":\"ListItem\",\"position\":3,\"name\":\"G 100 ES3T\\\/EUQ\"}]},{\"@type\":\"WebSite\",\"@id\":\"https:\\\/\\\/nomesvending.com\\\/web\\\/#website\",\"url\":\"https:\\\/\\\/nomesvending.com\\\/web\\\/\",\"name\":\"Nom\u00e9sVending\",\"description\":\"M\u00e1quinas, filtros, recambios, monederos, consumibles y todo lo que necesitas para el mundo del vending. Calidad y tecnolog\u00eda para tu negocio. \u00a1Descubre nuestras soluciones!\",\"publisher\":{\"@id\":\"https:\\\/\\\/nomesvending.com\\\/web\\\/#organization\"},\"potentialAction\":[{\"@type\":\"SearchAction\",\"target\":{\"@type\":\"EntryPoint\",\"urlTemplate\":\"https:\\\/\\\/nomesvending.com\\\/web\\\/?s={search_term_string}\"},\"query-input\":{\"@type\":\"PropertyValueSpecification\",\"valueRequired\":true,\"valueName\":\"search_term_string\"}}],\"inLanguage\":\"es\"},{\"@type\":\"Organization\",\"@id\":\"https:\\\/\\\/nomesvending.com\\\/web\\\/#organization\",\"name\":\"Nom\u00e9sVending\",\"url\":\"https:\\\/\\\/nomesvending.com\\\/web\\\/\",\"logo\":{\"@type\":\"ImageObject\",\"inLanguage\":\"es\",\"@id\":\"https:\\\/\\\/nomesvending.com\\\/web\\\/#\\\/schema\\\/logo\\\/image\\\/\",\"url\":\"https:\\\/\\\/nomesvending.com\\\/web\\\/wp-content\\\/uploads\\\/2026\\\/03\\\/Red-and-White-Modern-Vending-Machine-Services-Instagram-Post.png\",\"contentUrl\":\"https:\\\/\\\/nomesvending.com\\\/web\\\/wp-content\\\/uploads\\\/2026\\\/03\\\/Red-and-White-Modern-Vending-Machine-Services-Instagram-Post.png\",\"width\":1080,\"height\":1080,\"caption\":\"Nom\u00e9sVending\"},\"image\":{\"@id\":\"https:\\\/\\\/nomesvending.com\\\/web\\\/#\\\/schema\\\/logo\\\/image\\\/\"},\"sameAs\":[\"https:\\\/\\\/www.facebook.com\\\/NomesVending\\\/\",\"https:\\\/\\\/www.instagram.com\\\/nomesvending\\\/\"]}]}<\/script>\n<!-- \/ Yoast SEO plugin. -->","yoast_head_json":{"title":"G 100 ES3T\/EUQ - Nomesvending","description":"G 100 ES3T\/EUQ: m\u00e1quina de caf\u00e9 profesional con leche en polvo, 1 molinillo y 2 solubles. Ideal para oficinas y autoservicio sin conexi\u00f3n a red de agua.","robots":{"index":"index","follow":"follow","max-snippet":"max-snippet:-1","max-image-preview":"max-image-preview:large","max-video-preview":"max-video-preview:-1"},"canonical":"https:\/\/nomesvending.com\/web\/tienda\/maquinas\/maquinas-para-hoteles\/g-100-es3t-euq\/","og_locale":"es_ES","og_type":"article","og_title":"G 100 ES3T\/EUQ - Nomesvending","og_description":"G 100 ES3T\/EUQ: m\u00e1quina de caf\u00e9 profesional con leche en polvo, 1 molinillo y 2 solubles. Ideal para oficinas y autoservicio sin conexi\u00f3n a red de agua.","og_url":"https:\/\/nomesvending.com\/web\/tienda\/maquinas\/maquinas-para-hoteles\/g-100-es3t-euq\/","og_site_name":"Nomesvending","article_publisher":"https:\/\/www.facebook.com\/NomesVending\/","article_modified_time":"2026-01-22T07:44:53+00:00","og_image":[{"width":900,"height":900,"url":"https:\/\/nomesvending.com\/web\/wp-content\/uploads\/2026\/01\/KREA-100-2.jpg","type":"image\/jpeg"}],"twitter_card":"summary_large_image","twitter_misc":{"Tiempo de lectura":"1 minuto"},"schema":{"@context":"https:\/\/schema.org","@graph":[{"@type":"WebPage","@id":"https:\/\/nomesvending.com\/web\/tienda\/maquinas\/maquinas-para-hoteles\/g-100-es3t-euq\/","url":"https:\/\/nomesvending.com\/web\/tienda\/maquinas\/maquinas-para-hoteles\/g-100-es3t-euq\/","name":"G 100 ES3T\/EUQ - Nomesvending","isPartOf":{"@id":"https:\/\/nomesvending.com\/web\/#website"},"primaryImageOfPage":{"@id":"https:\/\/nomesvending.com\/web\/tienda\/maquinas\/maquinas-para-hoteles\/g-100-es3t-euq\/#primaryimage"},"image":{"@id":"https:\/\/nomesvending.com\/web\/tienda\/maquinas\/maquinas-para-hoteles\/g-100-es3t-euq\/#primaryimage"},"thumbnailUrl":"https:\/\/nomesvending.com\/web\/wp-content\/uploads\/2026\/01\/KREA-100-2.jpg","datePublished":"2026-01-20T08:47:30+00:00","dateModified":"2026-01-22T07:44:53+00:00","description":"G 100 ES3T\/EUQ: m\u00e1quina de caf\u00e9 profesional con leche en polvo, 1 molinillo y 2 solubles. Ideal para oficinas y autoservicio sin conexi\u00f3n a red de agua.","breadcrumb":{"@id":"https:\/\/nomesvending.com\/web\/tienda\/maquinas\/maquinas-para-hoteles\/g-100-es3t-euq\/#breadcrumb"},"inLanguage":"es","potentialAction":[{"@type":"ReadAction","target":["https:\/\/nomesvending.com\/web\/tienda\/maquinas\/maquinas-para-hoteles\/g-100-es3t-euq\/"]}]},{"@type":"ImageObject","inLanguage":"es","@id":"https:\/\/nomesvending.com\/web\/tienda\/maquinas\/maquinas-para-hoteles\/g-100-es3t-euq\/#primaryimage","url":"https:\/\/nomesvending.com\/web\/wp-content\/uploads\/2026\/01\/KREA-100-2.jpg","contentUrl":"https:\/\/nomesvending.com\/web\/wp-content\/uploads\/2026\/01\/KREA-100-2.jpg","width":900,"height":900},{"@type":"BreadcrumbList","@id":"https:\/\/nomesvending.com\/web\/tienda\/maquinas\/maquinas-para-hoteles\/g-100-es3t-euq\/#breadcrumb","itemListElement":[{"@type":"ListItem","position":1,"name":"Portada","item":"https:\/\/nomesvending.com\/web\/"},{"@type":"ListItem","position":2,"name":"Tienda","item":"https:\/\/nomesvending.com\/web\/tienda\/"},{"@type":"ListItem","position":3,"name":"G 100 ES3T\/EUQ"}]},{"@type":"WebSite","@id":"https:\/\/nomesvending.com\/web\/#website","url":"https:\/\/nomesvending.com\/web\/","name":"Nom\u00e9sVending","description":"M\u00e1quinas, filtros, recambios, monederos, consumibles y todo lo que necesitas para el mundo del vending. Calidad y tecnolog\u00eda para tu negocio. \u00a1Descubre nuestras soluciones!","publisher":{"@id":"https:\/\/nomesvending.com\/web\/#organization"},"potentialAction":[{"@type":"SearchAction","target":{"@type":"EntryPoint","urlTemplate":"https:\/\/nomesvending.com\/web\/?s={search_term_string}"},"query-input":{"@type":"PropertyValueSpecification","valueRequired":true,"valueName":"search_term_string"}}],"inLanguage":"es"},{"@type":"Organization","@id":"https:\/\/nomesvending.com\/web\/#organization","name":"Nom\u00e9sVending","url":"https:\/\/nomesvending.com\/web\/","logo":{"@type":"ImageObject","inLanguage":"es","@id":"https:\/\/nomesvending.com\/web\/#\/schema\/logo\/image\/","url":"https:\/\/nomesvending.com\/web\/wp-content\/uploads\/2026\/03\/Red-and-White-Modern-Vending-Machine-Services-Instagram-Post.png","contentUrl":"https:\/\/nomesvending.com\/web\/wp-content\/uploads\/2026\/03\/Red-and-White-Modern-Vending-Machine-Services-Instagram-Post.png","width":1080,"height":1080,"caption":"Nom\u00e9sVending"},"image":{"@id":"https:\/\/nomesvending.com\/web\/#\/schema\/logo\/image\/"},"sameAs":["https:\/\/www.facebook.com\/NomesVending\/","https:\/\/www.instagram.com\/nomesvending\/"]}]}},"_links":{"self":[{"href":"https:\/\/nomesvending.com\/web\/wp-json\/wp\/v2\/product\/27232","targetHints":{"allow":["GET"]}}],"collection":[{"href":"https:\/\/nomesvending.com\/web\/wp-json\/wp\/v2\/product"}],"about":[{"href":"https:\/\/nomesvending.com\/web\/wp-json\/wp\/v2\/types\/product"}],"replies":[{"embeddable":true,"href":"https:\/\/nomesvending.com\/web\/wp-json\/wp\/v2\/comments?post=27232"}],"wp:featuredmedia":[{"embeddable":true,"href":"https:\/\/nomesvending.com\/web\/wp-json\/wp\/v2\/media\/27222"}],"wp:attachment":[{"href":"https:\/\/nomesvending.com\/web\/wp-json\/wp\/v2\/media?parent=27232"}],"wp:term":[{"taxonomy":"product_brand","embeddable":true,"href":"https:\/\/nomesvending.com\/web\/wp-json\/wp\/v2\/product_brand?post=27232"},{"taxonomy":"product_cat","embeddable":true,"href":"https:\/\/nomesvending.com\/web\/wp-json\/wp\/v2\/product_cat?post=27232"},{"taxonomy":"product_tag","embeddable":true,"href":"https:\/\/nomesvending.com\/web\/wp-json\/wp\/v2\/product_tag?post=27232"}],"curies":[{"name":"wp","href":"https:\/\/api.w.org\/{rel}","templated":true}]}}